-- Table structure for table `package_service_mappings`
--

CREATE TABLE `package_service_mappings` (
  `id` bigint unsigned NOT NULL AUTO_INCREMENT,
  `service_id` bigint unsigned NOT NULL,
  `service_package_id` bigint unsigned NOT NULL,
  `created_at` timestamp NULL DEFAULT NULL,
  `updated_at` timestamp NULL DEFAULT NULL,
  PRIMARY KEY (`id`),
  KEY `package_service_mappings_service_id_foreign` (`service_id`),
  KEY `package_service_mappings_service_package_id_foreign` (`service_package_id`),
  CONSTRAINT `package_service_mappings_service_id_foreign` FOREIGN KEY (`service_id`) REFERENCES `services` (`id`) ON DELETE CASCADE,
  CONSTRAINT `package_service_mappings_service_package_id_foreign` FOREIGN KEY (`service_package_id`) REFERENCES `service_packages` (`id`) ON DELETE CASCADE
) ENGINE=InnoDB AUTO_INCREMENT=33 DEFAULT CHARSET=utf8mb4 COLLATE=utf8mb4_unicode_ci;

--
-- Dumping data for table `package_service_mappings`
--

INSERT INTO `package_service_mappings` VALUES (11,61,1,'2023-10-06 06:31:48','2023-10-06 06:31:48'),(12,94,1,'2023-10-06 06:31:48','2023-10-06 06:31:48'),(13,81,3,'2023-10-06 06:53:26','2023-10-06 06:53:26'),(14,100,3,'2023-10-06 06:53:26','2023-10-06 06:53:26'),(15,76,4,'2023-10-06 07:05:09','2023-10-06 07:05:09'),(16,80,4,'2023-10-06 07:05:09','2023-10-06 07:05:09'),(19,79,5,'2023-10-06 07:20:28','2023-10-06 07:20:28'),(20,90,5,'2023-10-06 07:20:28','2023-10-06 07:20:28'),(21,15,6,'2023-10-06 07:25:51','2023-10-06 07:25:51'),(22,17,6,'2023-10-06 07:25:51','2023-10-06 07:25:51'),(23,54,6,'2023-10-06 07:25:51','2023-10-06 07:25:51'),(24,89,6,'2023-10-06 07:25:51','2023-10-06 07:25:51'),(25,56,7,'2023-10-06 07:35:25','2023-10-06 07:35:25'),(26,58,7,'2023-10-06 07:35:25','2023-10-06 07:35:25'),(27,71,7,'2023-10-06 07:35:25','2023-10-06 07:35:25'),(28,87,7,'2023-10-06 07:35:25','2023-10-06 07:35:25'),(29,101,7,'2023-10-06 07:35:25','2023-10-06 07:35:25'),(30,25,8,'2023-10-06 08:22:05','2023-10-06 08:22:05'),(31,26,8,'2023-10-06 08:22:05','2023-10-06 08:22:05'),(32,27,8,'2023-10-06 08:22:05','2023-10-06 08:22:05');

--
-- Table structure for table `password_resets`
--

CREATE TABLE `password_resets` (
  `email` varchar(255) COLLATE utf8mb4_unicode_ci NOT NULL,
  `token` varchar(255) COLLATE utf8mb4_unicode_ci NOT NULL,
  `created_at` timestamp NULL DEFAULT NULL,
  KEY `password_resets_email_index` (`email`)
) ENGINE=InnoDB DEFAULT CHARSET=utf8mb4 COLLATE=utf8mb4_unicode_ci;

--
-- Dumping data for table `password_resets`
--


--
-- Table structure for table `payment_gateways`
--

CREATE TABLE `payment_gateways` (
  `id` bigint unsigned NOT NULL AUTO_INCREMENT,
  `title` varchar(100) COLLATE utf8mb4_unicode_ci DEFAULT NULL,
  `type` varchar(100) COLLATE utf8mb4_unicode_ci DEFAULT NULL,
  `status` tinyint DEFAULT '1' COMMENT '1- Active , 0- InActive',
  `is_test` tinyint DEFAULT '1' COMMENT '1- Yes , 0- No',
  `value` text COLLATE utf8mb4_unicode_ci,
  `live_value` text COLLATE utf8mb4_unicode_ci,
  `created_at` timestamp NULL DEFAULT NULL,
  `updated_at` timestamp NULL DEFAULT NULL,
  PRIMARY KEY (`id`)
) ENGINE=InnoDB AUTO_INCREMENT=5 DEFAULT CHARSET=utf8mb4 COLLATE=utf8mb4_unicode_ci;

--
-- Dumping data for table `payment_gateways`
--

INSERT INTO `payment_gateways` VALUES (1,'Cash on Delivery','cash',1,0,NULL,NULL,'2023-09-05 08:25:47','2023-09-05 08:25:47'),(2,'Stripe Payment','stripe',1,1,'{\"stripe_url\":\"https:\\/\\/dashboard.stripe.com\\/test\\/payments\",\"stripe_key\":\"sk_test_51PUfFqEnGyrMqdyF5a18Jh1WNGztvJ3ZEwNMIvbqnmbSKFMTTwbcviUS0z1YdLxeqJeCu3IzdhqTaQQ719Iwjq2u00bDa1CVTx\",\"stripe_publickey\":\"pk_test_51PUfFqEnGyrMqdyFPAQQCyo9Pz783GZ4MvRsX1zr1LEpabZmHQhUfpuL2AlxqsA6XesGFugCgtcRNKPFP5Cz5bEi00RaiSy7Lk\"}',NULL,'2023-09-05 08:26:22','2024-11-21 09:27:33'),(3,'Razor Pay','razorPay',1,1,NULL,NULL,'2023-09-05 09:49:30','2023-09-05 09:49:30'),(4,'FlutterWave','flutterwave',1,1,NULL,NULL,'2023-09-05 09:50:14','2023-09-05 09:50:14');

--
-- Table structure for table `payment_histories`
--

CREATE TABLE `payment_histories` (
  `id` bigint unsigned NOT NULL AUTO_INCREMENT,
  `payment_id` bigint unsigned NOT NULL,
  `booking_id` bigint unsigned NOT NULL,
  `action` varchar(255) COLLATE utf8mb4_unicode_ci DEFAULT NULL,
  `text` varchar(255) COLLATE utf8mb4_unicode_ci DEFAULT NULL,
  `type` varchar(255) COLLATE utf8mb4_unicode_ci DEFAULT NULL,
  `status` varchar(255) COLLATE utf8mb4_unicode_ci DEFAULT NULL,
  `sender_id` bigint unsigned DEFAULT NULL,
  `receiver_id` bigint unsigned DEFAULT NULL,
  `datetime` datetime DEFAULT NULL,
  `total_amount` double DEFAULT '0',
  `txn_id` varchar(100) COLLATE utf8mb4_unicode_ci DEFAULT NULL,
  `other_transaction_detail` text COLLATE utf8mb4_unicode_ci,
  `parent_id` bigint unsigned DEFAULT NULL,
  `is_approved` tinyint(1) NOT NULL DEFAULT '0',
  `created_at` timestamp NULL DEFAULT NULL,
  `updated_at` timestamp NULL DEFAULT NULL,
  PRIMARY KEY (`id`),
  KEY `payment_histories_payment_id_foreign` (`payment_id`),
  KEY `payment_histories_booking_id_foreign` (`booking_id`),
  CONSTRAINT `payment_histories_booking_id_foreign` FOREIGN KEY (`booking_id`) REFERENCES `bookings` (`id`) ON DELETE CASCADE,
  CONSTRAINT `payment_histories_payment_id_foreign` FOREIGN KEY (`payment_id`) REFERENCES `payments` (`id`) ON DELETE CASCADE
) ENGINE=InnoDB AUTO_INCREMENT=145 DEFAULT CHARSET=utf8mb4 COLLATE=utf8mb4_unicode_ci;

--
-- Dumping data for table `payment_histories`
--

INSERT INTO `payment_histories` VALUES (1,3,2,'handyman_approved_cash','Sunny Francis successfully transfer $101.10 to Gilbert Adams','cash','approved_by_admin',41,23,'2023-09-05 10:27:36',101.1,'#2',NULL,1,0,'2023-09-05 10:27:36','2023-09-05 02:35:25'),(2,3,2,'handyman_send_provider','Gilbert Adams successfully transfer $101.10 to Daniel Wiliams','cash','approved_by_admin',23,16,'2023-09-05 02:33:40',101.1,NULL,NULL,1,0,'2023-09-05 02:33:40','2023-09-05 02:35:25'),(3,3,2,'provider_approved_cash','$101.10 successfully approved by Daniel Wiliams','cash','approved_by_provider',23,16,'2023-09-05 02:35:04',101.1,NULL,NULL,1,0,'2023-09-05 02:35:04','2023-09-05 02:35:04'),(4,3,2,'provider_send_admin','Daniel Wiliams successfully transfer $101.10 to Admin Admin','cash','approved_by_admin',16,1,'2023-09-05 02:35:19',101.1,NULL,NULL,1,0,'2023-09-05 02:35:19','2023-09-12 00:10:05'),(5,3,2,'admin_approved_cash','$101.10 successfully approved by Admin Admin',NULL,'approved_by_admin',23,1,'2023-09-05 02:35:25',101.1,'#2',NULL,1,0,'2023-09-05 02:35:25','2023-09-05 02:35:25'),(6,5,10,'handyman_approved_cash','Brenda Moody successfully transfer $29.73 to Chrysta Ellis','cash','send_to_provider',43,36,'2023-09-05 10:53:02',29.73,'#10',NULL,6,0,'2023-09-05 10:53:02','2023-09-05 02:53:15'),(7,5,10,'handyman_send_provider','Chrysta Ellis successfully transfer $29.73 to Felix Harris','cash','pending_by_provider',36,4,'2023-09-05 02:53:15',29.73,NULL,NULL,6,0,'2023-09-05 02:53:15','2023-09-05 02:53:15'),(8,10,40,'handyman_approved_cash','Pedro Norris successfully transfer $19.75 to John Doe','cash','send_to_provider',3,51,'2023-09-12 07:38:12',19.75,'#40',NULL,8,0,'2023-09-12 07:38:12','2023-09-11 23:38:59'),(9,10,40,'handyman_send_provider','John Doe successfully transfer $19.75 to Felix Harris','cash','pending_by_provider',51,4,'2023-09-11 23:38:59',19.75,NULL,NULL,8,0,'2023-09-11 23:38:59','2023-09-11 23:38:59'),(10,11,41,'handyman_approved_cash','Pedro Norris successfully transfer $31.34 to John Doe','cash','approved_by_admin',3,51,'2023-09-12 08:04:57',31.34,'#41',NULL,10,0,'2023-09-12 08:04:57','2023-09-20 16:22:22'),(11,11,41,'handyman_send_provider','John Doe successfully transfer $31.34 to Felix Harris','cash','approved_by_admin',51,4,'2023-09-12 00:05:33',31.34,NULL,NULL,10,0,'2023-09-12 00:05:33','2023-09-20 16:22:22'),(12,11,41,'provider_approved_cash','$31.34 successfully approved by Felix Harris','cash','approved_by_provider',51,4,'2023-09-12 00:06:15',31.34,NULL,NULL,10,0,'2023-09-12 00:06:15','2023-09-12 00:06:15'),(13,11,41,'provider_send_admin','Felix Harris successfully transfer $31.34 to Admin Admin','cash','approved_by_admin',4,1,'2023-09-12 00:09:59',31.34,NULL,NULL,10,0,'2023-09-12 00:09:59','2023-09-20 16:22:35'),(14,3,2,'admin_approved_cash','$101.10 successfully approved by Admin Admin',NULL,'approved_by_admin',16,1,'2023-09-12 00:10:05',101.1,'#2',NULL,1,0,'2023-09-12 00:10:05','2023-09-12 00:10:05'),(17,17,54,'handyman_approved_cash','Pedro Norris successfully transfer $12.27 to John Doe','cash','send_to_provider',3,51,'2023-09-20 06:53:18',12.27,'#54',NULL,17,0,'2023-09-20 06:53:18','2023-09-19 22:53:36'),(18,17,54,'handyman_send_provider','John Doe successfully transfer $12.27 to Felix Harris','cash','pending_by_provider',51,4,'2023-09-19 22:53:36',12.27,NULL,NULL,17,0,'2023-09-19 22:53:36','2023-09-19 22:53:36'),(19,18,55,'handyman_approved_cash','Pedro Norris successfully transfer $30.75 to John Doe','cash','send_to_provider',3,51,'2023-09-20 07:04:33',30.75,'#55',NULL,19,0,'2023-09-20 07:04:33','2023-09-19 23:05:30'),(20,18,55,'handyman_send_provider','John Doe successfully transfer $30.75 to Felix Harris','cash','pending_by_provider',51,4,'2023-09-19 23:05:30',30.75,NULL,NULL,19,0,'2023-09-19 23:05:30','2023-09-19 23:05:30'),(21,19,57,'handyman_approved_cash','Pedro Norris successfully transfer $51.25 to John Doe','cash','approved_by_provider',3,51,'2023-09-20 07:17:25',51.25,'#57',NULL,21,0,'2023-09-20 07:17:26','2023-09-20 02:01:10'),(22,19,57,'handyman_send_provider','John Doe successfully transfer $51.25 to Felix Harris','cash','approved_by_provider',51,4,'2023-09-19 23:18:42',51.25,NULL,NULL,21,0,'2023-09-19 23:18:42','2023-09-20 02:01:10'),(23,19,57,'provider_approved_cash','$51.25 successfully approved by Felix Harris','cash','approved_by_provider',51,4,'2023-09-20 02:01:10',51.25,NULL,NULL,21,0,'2023-09-20 02:01:10','2023-09-20 02:01:10'),(24,11,41,'admin_approved_cash','$31.34 successfully approved by Admin Admin',NULL,'approved_by_admin',51,1,'2023-09-20 16:22:22',31.34,'#41',NULL,10,0,'2023-09-20 16:22:22','2023-09-20 16:22:22'),(25,11,41,'admin_approved_cash','$31.34 successfully approved by Admin Admin',NULL,'approved_by_admin',4,1,'2023-09-20 16:22:35',31.34,'#41',NULL,10,0,'2023-09-20 16:22:35','2023-09-20 16:22:35'),(26,23,65,'handyman_send_provider','Pedro Norris successfully transfer $54.40 to Felix Harris','cash','pending_by_admin',3,4,'2023-09-27 11:39:43',54.4,'#65',NULL,26,0,'2023-09-27 11:39:43','2023-09-27 17:10:20'),(27,23,65,'provider_send_admin','Felix Harris successfully transfer $54.40 to Admin Admin','cash','pending_by_admin',4,1,'2023-09-27 17:10:20',54.4,NULL,NULL,26,0,'2023-09-27 17:10:20','2023-09-27 17:10:20'),(28,24,66,'handyman_approved_cash','Pedro Norris successfully transfer $48.10 to John Doe','cash','send_to_provider',3,51,'2023-09-27 11:47:27',48.1,'#66',NULL,28,0,'2023-09-27 11:47:27','2023-09-27 17:17:58'),(29,24,66,'handyman_send_provider','John Doe successfully transfer $48.10 to Felix Harris','cash','pending_by_provider',51,4,'2023-09-27 17:17:58',48.1,NULL,NULL,28,0,'2023-09-27 17:17:58','2023-09-27 17:17:58'),(30,26,68,'handyman_approved_cash','Pedro Norris successfully transfer $47.22 to Erica Thomas','cash','approved_by_handyman',3,24,'2023-09-27 11:54:12',47.22,'#68',NULL,30,0,'2023-09-27 11:54:12','2023-09-27 11:54:12'),(31,27,69,'handyman_approved_cash','Pedro Norris successfully transfer $73.30 to John Doe','cash','approved_by_handyman',3,51,'2023-09-27 12:03:13',73.3,'#69',NULL,31,0,'2023-09-27 12:03:13','2023-09-27 12:03:13'),(32,29,71,'handyman_approved_cash','Pedro Norris successfully transfer $18.52 to Robert Martin','cash','approved_by_provider',3,20,'2023-09-27 12:12:09',18.52,'#71',NULL,32,0,'2023-09-27 12:12:09','2023-09-27 17:43:13'),(33,29,71,'handyman_send_provider','Robert Martin successfully transfer $18.52 to Jorge Perez','cash','pending_by_admin',20,15,'2023-09-27 17:42:42',18.52,NULL,NULL,32,0,'2023-09-27 17:42:43','2023-09-27 17:43:18'),(34,29,71,'provider_approved_cash','$18.52 successfully approved by Jorge Perez','cash','approved_by_provider',20,15,'2023-09-27 17:43:13',18.52,NULL,NULL,32,0,'2023-09-27 17:43:13','2023-09-27 17:43:13'),(35,29,71,'provider_send_admin','Jorge Perez successfully transfer $18.52 to Admin Admin','cash','pending_by_admin',15,1,'2023-09-27 17:43:18',18.52,NULL,NULL,32,0,'2023-09-27 17:43:18','2023-09-27 17:43:18'),(36,37,79,'handyman_approved_cash','Pedro Norris successfully transfer $23.60 to Liam Long','cash','approved_by_provider',3,21,'2023-09-29 06:25:09',23.6,'#79',NULL,36,0,'2023-09-29 06:25:09','2023-09-29 11:56:06'),(37,37,79,'handyman_send_provider','Liam Long successfully transfer $23.60 to Jorge Perez','cash','pending_by_admin',21,15,'2023-09-29 11:55:29',23.6,NULL,NULL,36,0,'2023-09-29 11:55:29','2023-09-29 11:56:22'),(38,37,79,'provider_approved_cash','$23.60 successfully approved by Jorge Perez','cash','approved_by_provider',21,15,'2023-09-29 11:56:06',23.6,NULL,NULL,36,0,'2023-09-29 11:56:06','2023-09-29 11:56:06'),(39,37,79,'provider_send_admin','Jorge Perez successfully transfer $23.60 to Admin Admin','cash','pending_by_admin',15,1,'2023-09-29 11:56:22',23.6,NULL,NULL,36,0,'2023-09-29 11:56:22','2023-09-29 11:56:22'),(40,52,87,'handyman_approved_cash','Pedro Norris successfully transfer $16.60 to John Doe','cash','send_to_provider',3,51,'2023-09-29 07:40:42',16.6,'#87',NULL,40,0,'2023-09-29 07:40:42','2023-09-29 13:11:14'),(41,52,87,'handyman_send_provider','John Doe successfully transfer $16.60 to Felix Harris','cash','pending_by_provider',51,4,'2023-09-29 13:11:14',16.6,NULL,NULL,40,0,'2023-09-29 13:11:14','2023-09-29 13:11:14'),(42,61,93,'handyman_approved_cash','Pedro Norris successfully transfer $19.75 to John Doe','cash','approved_by_handyman',3,51,'2023-09-29 08:08:59',19.75,'#93',NULL,42,0,'2023-09-29 08:08:59','2023-09-29 08:08:59'),(43,62,94,'handyman_approved_cash','Pedro Norris successfully transfer $46.62 to John Doe','cash','approved_by_admin',3,51,'2023-09-29 08:13:05',46.62,'#94',NULL,43,0,'2023-09-29 08:13:05','2023-09-29 13:48:43'),(44,62,94,'handyman_send_provider','John Doe successfully transfer $46.62 to Felix Harris','cash','approved_by_admin',51,4,'2023-09-29 13:43:30',46.62,NULL,NULL,43,0,'2023-09-29 13:43:30','2023-09-29 13:48:43'),(45,62,94,'provider_approved_cash','$46.62 successfully approved by Felix Harris','cash','approved_by_provider',51,4,'2023-09-29 13:44:00',46.62,NULL,NULL,43,0,'2023-09-29 13:44:00','2023-09-29 13:44:00'),(46,62,94,'provider_send_admin','Felix Harris successfully transfer $46.62 to Admin Admin','cash','approved_by_admin',4,1,'2023-09-29 13:44:07',46.62,NULL,NULL,43,0,'2023-09-29 13:44:07','2023-09-29 13:48:51'),(47,64,95,'handyman_approved_cash','Pedro Norris successfully transfer $30.75 to John Doe','cash','approved_by_admin',3,51,'2023-09-29 08:17:12',30.75,'#95',NULL,47,0,'2023-09-29 08:17:12','2023-09-29 13:48:32'),(48,64,95,'handyman_send_provider','John Doe successfully transfer $30.75 to Felix Harris','cash','approved_by_admin',51,4,'2023-09-29 13:47:32',30.75,NULL,NULL,47,0,'2023-09-29 13:47:32','2023-09-29 13:48:32'),(49,64,95,'provider_approved_cash','$30.75 successfully approved by Felix Harris','cash','approved_by_provider',51,4,'2023-09-29 13:48:17',30.75,NULL,NULL,47,0,'2023-09-29 13:48:17','2023-09-29 13:48:17'),(50,64,95,'provider_send_admin','Felix Harris successfully transfer $30.75 to Admin Admin','cash','approved_by_admin',4,1,'2023-09-29 13:48:21',30.75,NULL,NULL,47,0,'2023-09-29 13:48:21','2023-09-29 13:48:39'),(51,64,95,'admin_approved_cash','$30.75 successfully approved by Admin Admin',NULL,'approved_by_admin',51,1,'2023-09-29 13:48:31',30.75,'#95',NULL,47,0,'2023-09-29 13:48:31','2023-09-29 13:48:31'),(52,64,95,'admin_approved_cash','$30.75 successfully approved by Admin Admin',NULL,'approved_by_admin',4,1,'2023-09-29 13:48:39',30.75,'#95',NULL,47,0,'2023-09-29 13:48:39','2023-09-29 13:48:39'),(53,62,94,'admin_approved_cash','$46.62 successfully approved by Admin Admin',NULL,'approved_by_admin',51,1,'2023-09-29 13:48:43',46.62,'#94',NULL,43,0,'2023-09-29 13:48:43','2023-09-29 13:48:43'),(54,62,94,'admin_approved_cash','$46.62 successfully approved by Admin Admin',NULL,'approved_by_admin',4,1,'2023-09-29 13:48:51',46.62,'#94',NULL,43,0,'2023-09-29 13:48:51','2023-09-29 13:48:51'),(55,66,97,'handyman_approved_cash','Pedro Norris successfully transfer $15.55 to John Doe','cash','approved_by_provider',3,51,'2023-09-29 08:28:18',15.55,'#97',NULL,55,0,'2023-09-29 08:28:18','2023-09-29 14:52:17'),(56,67,98,'handyman_approved_cash','Pedro Norris successfully transfer $37.00 to Hayden Norman','cash','approved_by_handyman',3,19,'2023-09-29 08:34:28',37,'#98',NULL,56,0,'2023-09-29 08:34:28','2023-09-29 08:34:28'),(57,69,100,'handyman_approved_cash','Pedro Norris successfully transfer $18.52 to Robert Martin','cash','approved_by_provider',3,20,'2023-09-29 09:15:24',18.52,'#100',NULL,57,0,'2023-09-29 09:15:24','2023-09-29 14:46:48'),(58,69,100,'handyman_send_provider','Robert Martin successfully transfer $18.52 to Jorge Perez','cash','pending_by_admin',20,15,'2023-09-29 14:46:03',18.52,NULL,NULL,57,0,'2023-09-29 14:46:03','2023-09-29 14:46:56'),(59,69,100,'provider_approved_cash','$18.52 successfully approved by Jorge Perez','cash','approved_by_provider',20,15,'2023-09-29 14:46:48',18.52,NULL,NULL,57,0,'2023-09-29 14:46:48','2023-09-29 14:46:48'),(60,69,100,'provider_send_admin','Jorge Perez successfully transfer $18.52 to Admin Admin','cash','pending_by_admin',15,1,'2023-09-29 14:46:56',18.52,NULL,NULL,57,0,'2023-09-29 14:46:56','2023-09-29 14:46:56'),(61,66,97,'handyman_send_provider','John Doe successfully transfer $15.55 to Felix Harris','cash','pending_by_admin',51,4,'2023-09-29 14:51:44',15.55,NULL,NULL,55,0,'2023-09-29 14:51:44','2023-09-29 14:52:39'),(62,66,97,'provider_approved_cash','$15.55 successfully approved by Felix Harris','cash','approved_by_provider',51,4,'2023-09-29 14:52:17',15.55,NULL,NULL,55,0,'2023-09-29 14:52:17','2023-09-29 14:52:17'),(63,66,97,'provider_send_admin','Felix Harris successfully transfer $15.55 to Admin Admin','cash','pending_by_admin',4,1,'2023-09-29 14:52:39',15.55,NULL,NULL,55,0,'2023-09-29 14:52:39','2023-09-29 14:52:39'),(64,72,103,'handyman_approved_cash','Pedro Norris successfully transfer $35.70 to Liam Long','cash','approved_by_provider',3,21,'2023-09-29 09:31:19',35.7,'#103',NULL,64,0,'2023-09-29 09:31:19','2023-09-29 15:03:02'),(65,72,103,'handyman_send_provider','Liam Long successfully transfer $35.70 to Jorge Perez','cash','pending_by_admin',21,15,'2023-09-29 15:01:51',35.7,NULL,NULL,64,0,'2023-09-29 15:01:51','2023-09-29 15:03:24'),(66,72,103,'provider_approved_cash','$35.70 successfully approved by Jorge Perez','cash','approved_by_provider',21,15,'2023-09-29 15:03:02',35.7,NULL,NULL,64,0,'2023-09-29 15:03:02','2023-09-29 15:03:02'),(67,72,103,'provider_send_admin','Jorge Perez successfully transfer $35.70 to Admin Admin','cash','pending_by_admin',15,1,'2023-09-29 15:03:24',35.7,NULL,NULL,64,0,'2023-09-29 15:03:24','2023-09-29 15:03:24'),(68,74,105,'handyman_approved_cash','Pedro Norris successfully transfer $23.95 to Ebenzer Tipox','cash','send_to_provider',3,32,'2023-09-29 09:41:23',23.95,'#105',NULL,68,0,'2023-09-29 09:41:23','2023-09-29 15:11:36'),(69,74,105,'handyman_send_provider','Ebenzer Tipox successfully transfer $23.95 to Felix Harris','cash','pending_by_provider',32,4,'2023-09-29 15:11:36',23.95,NULL,NULL,68,0,'2023-09-29 15:11:36','2023-09-29 15:11:36'),(70,75,106,'handyman_approved_cash','Pedro Norris successfully transfer $37.60 to Robert Benedict','cash','send_to_provider',3,28,'2023-09-29 13:14:32',37.6,'#106',NULL,70,0,'2023-09-29 13:14:32','2023-09-29 18:44:44'),(71,75,106,'handyman_send_provider','Robert Benedict successfully transfer $37.60 to Felix Harris','cash','pending_by_provider',28,4,'2023-09-29 18:44:44',37.6,NULL,NULL,70,0,'2023-09-29 18:44:44','2023-09-29 18:44:44'),(72,78,109,'handyman_approved_cash','Pedro Norris successfully transfer $42.95 to Brian Shaw','cash','send_to_provider',3,31,'2023-09-29 13:37:40',42.95,'#109',NULL,72,0,'2023-09-29 13:37:40','2023-09-29 19:08:22'),(73,78,109,'handyman_send_provider','Brian Shaw successfully transfer $42.95 to Felix Harris','cash','pending_by_provider',31,4,'2023-09-29 19:08:22',42.95,NULL,NULL,72,0,'2023-09-29 19:08:22','2023-09-29 19:08:22'),(74,81,112,'handyman_approved_cash','Pedro Norris successfully transfer $39.70 to Jacky Sam','cash','send_to_provider',3,35,'2023-09-30 05:36:54',39.7,'#112',NULL,74,0,'2023-09-30 05:36:54','2023-09-30 11:07:09'),(75,81,112,'handyman_send_provider','Jacky Sam successfully transfer $39.70 to Felix Harris','cash','pending_by_provider',35,4,'2023-09-30 11:07:09',39.7,NULL,NULL,74,0,'2023-09-30 11:07:09','2023-09-30 11:07:09'),(76,82,113,'handyman_approved_cash','Pedro Norris successfully transfer $30.93 to Chrysta Ellis','cash','approved_by_provider',3,36,'2023-09-30 05:48:03',30.93,'#113',NULL,76,0,'2023-09-30 05:48:03','2023-09-30 11:19:09'),(77,82,113,'handyman_send_provider','Chrysta Ellis successfully transfer $30.93 to Felix Harris','cash','pending_by_admin',36,4,'2023-09-30 11:18:44',30.93,NULL,NULL,76,0,'2023-09-30 11:18:44','2023-09-30 11:19:14'),(78,82,113,'provider_approved_cash','$30.93 successfully approved by Felix Harris','cash','approved_by_provider',36,4,'2023-09-30 11:19:09',30.93,NULL,NULL,76,0,'2023-09-30 11:19:09','2023-09-30 11:19:09'),(79,82,113,'provider_send_admin','Felix Harris successfully transfer $30.93 to Admin Admin','cash','pending_by_admin',4,1,'2023-09-30 11:19:14',30.93,NULL,NULL,76,0,'2023-09-30 11:19:14','2023-09-30 11:19:14'),(80,87,117,'handyman_approved_cash','Pedro Norris successfully transfer $41.51 to Parsa Evana','cash','approved_by_provider',3,33,'2023-09-30 06:14:55',41.51,'#117',NULL,80,0,'2023-09-30 06:14:55','2023-09-30 11:45:52'),(81,87,117,'handyman_send_provider','Parsa Evana successfully transfer $41.51 to Felix Harris','cash','pending_by_admin',33,4,'2023-09-30 11:45:07',41.51,NULL,NULL,80,0,'2023-09-30 11:45:07','2023-09-30 11:46:00'),(82,87,117,'provider_approved_cash','$41.51 successfully approved by Felix Harris','cash','approved_by_provider',33,4,'2023-09-30 11:45:52',41.51,NULL,NULL,80,0,'2023-09-30 11:45:52','2023-09-30 11:45:52'),(83,87,117,'provider_send_admin','Felix Harris successfully transfer $41.51 to Admin Admin','cash','pending_by_admin',4,1,'2023-09-30 11:46:00',41.51,NULL,NULL,80,0,'2023-09-30 11:46:00','2023-09-30 11:46:00'),(84,88,118,'handyman_approved_cash','Pedro Norris successfully transfer $31.56 to Leo Newton','cash','send_to_provider',3,29,'2023-09-30 06:25:44',31.56,'#118',NULL,84,0,'2023-09-30 06:25:44','2023-09-30 11:55:59'),(85,88,118,'handyman_send_provider','Leo Newton successfully transfer $31.56 to Felix Harris','cash','pending_by_provider',29,4,'2023-09-30 11:55:59',31.56,NULL,NULL,84,0,'2023-09-30 11:55:59','2023-09-30 11:55:59'),(86,90,120,'handyman_approved_cash','Pedro Norris successfully transfer $29.00 to Gilbert Adams','cash','approved_by_provider',3,23,'2023-09-30 06:40:34',29,'#120',NULL,86,0,'2023-09-30 06:40:34','2023-09-30 12:11:29'),(87,90,120,'handyman_send_provider','Gilbert Adams successfully transfer $29.00 to Daniel Wiliams','cash','pending_by_admin',23,16,'2023-09-30 12:10:51',29,NULL,NULL,86,0,'2023-09-30 12:10:51','2023-09-30 12:11:36'),(88,90,120,'provider_approved_cash','$29.00 successfully approved by Daniel Wiliams','cash','approved_by_provider',23,16,'2023-09-30 12:11:29',29,NULL,NULL,86,0,'2023-09-30 12:11:29','2023-09-30 12:11:29'),(89,90,120,'provider_send_admin','Daniel Wiliams successfully transfer $29.00 to Admin Admin','cash','pending_by_admin',16,1,'2023-09-30 12:11:36',29,NULL,NULL,86,0,'2023-09-30 12:11:36','2023-09-30 12:11:36'),(90,91,121,'handyman_approved_cash','Pedro Norris successfully transfer $14.29 to John Doe','cash','send_to_provider',3,51,'2023-09-30 06:56:01',14.29,'#121',NULL,90,0,'2023-09-30 06:56:01','2023-09-30 12:26:24'),(91,91,121,'handyman_send_provider','John Doe successfully transfer $14.29 to Felix Harris','cash','pending_by_provider',51,4,'2023-09-30 12:26:24',14.29,NULL,NULL,90,0,'2023-09-30 12:26:24','2023-09-30 12:26:24'),(92,93,123,'handyman_approved_cash','Pedro Norris successfully transfer $19.54 to Marry Kom','cash','approved_by_provider',3,26,'2023-09-30 07:13:22',19.54,'#123',NULL,92,0,'2023-09-30 07:13:22','2023-09-30 12:44:06'),(93,93,123,'handyman_send_provider','Marry Kom successfully transfer $19.54 to Danny Mark','cash','pending_by_admin',26,8,'2023-09-30 12:43:35',19.54,NULL,NULL,92,0,'2023-09-30 12:43:35','2023-09-30 12:44:12'),(94,93,123,'provider_approved_cash','$19.54 successfully approved by Danny Mark','cash','approved_by_provider',26,8,'2023-09-30 12:44:06',19.54,NULL,NULL,92,0,'2023-09-30 12:44:06','2023-09-30 12:44:06'),(95,93,123,'provider_send_admin','Danny Mark successfully transfer $19.54 to Admin Admin','cash','pending_by_admin',8,1,'2023-09-30 12:44:12',19.54,NULL,NULL,92,0,'2023-09-30 12:44:12','2023-09-30 12:44:12'),(96,101,129,'handyman_approved_cash','Pedro Norris successfully transfer $29.73 to John Doe','cash','approved_by_handyman',3,51,'2023-09-30 10:33:22',29.73,'#129',NULL,96,0,'2023-09-30 10:33:22','2023-09-30 10:33:22'),(97,102,131,'handyman_approved_cash','Pedro Norris successfully transfer $46.19 to Ebenzer Tipox','cash','send_to_provider',3,32,'2023-09-30 10:40:54',46.19,'#131',NULL,97,0,'2023-09-30 10:40:54','2023-09-30 16:11:17'),(98,102,131,'handyman_send_provider','Ebenzer Tipox successfully transfer $46.19 to Felix Harris','cash','pending_by_provider',32,4,'2023-09-30 16:11:17',46.19,NULL,NULL,97,0,'2023-09-30 16:11:17','2023-09-30 16:11:17'),(99,103,134,'handyman_approved_cash','Pedro Norris successfully transfer $39.90 to Stephen Richey','cash','approved_by_provider',3,27,'2023-09-30 13:44:09',39.9,'#134',NULL,99,0,'2023-09-30 13:44:09','2023-09-30 19:14:40'),(100,103,134,'handyman_send_provider','Stephen Richey successfully transfer $39.90 to Jennifer Davis','cash','pending_by_admin',27,7,'2023-09-30 19:14:18',39.9,NULL,NULL,99,0,'2023-09-30 19:14:18','2023-09-30 19:14:46'),(101,103,134,'provider_approved_cash','$39.90 successfully approved by Jennifer Davis','cash','approved_by_provider',27,7,'2023-09-30 19:14:40',39.9,NULL,NULL,99,0,'2023-09-30 19:14:40','2023-09-30 19:14:40'),(102,103,134,'provider_send_admin','Jennifer Davis successfully transfer $39.90 to Admin Admin','cash','pending_by_admin',7,1,'2023-09-30 19:14:46',39.9,NULL,NULL,99,0,'2023-09-30 19:14:46','2023-09-30 19:14:46'),(103,107,137,'handyman_approved_cash','Pedro Norris successfully transfer $40.12 to John Doe','cash','approved_by_admin',3,51,'2023-10-02 05:36:23',40.12,'#137',NULL,103,0,'2023-10-02 05:36:23','2023-10-06 15:41:43'),(104,107,137,'handyman_send_provider','John Doe successfully transfer $40.12 to Felix Harris','cash','approved_by_admin',51,4,'2023-10-02 11:06:38',40.12,NULL,NULL,103,0,'2023-10-02 11:06:38','2023-10-06 15:41:43'),(105,107,137,'provider_approved_cash','$40.12 successfully approved by Felix Harris','cash','approved_by_provider',51,4,'2023-10-02 11:07:04',40.12,NULL,NULL,103,0,'2023-10-02 11:07:04','2023-10-02 11:07:04'),(106,107,137,'provider_send_admin','Felix Harris successfully transfer $40.12 to Admin Admin','cash','pending_by_admin',4,1,'2023-10-02 11:07:11',40.12,NULL,NULL,103,0,'2023-10-02 11:07:11','2023-10-02 11:07:11'),(107,108,138,'handyman_approved_cash','Pedro Norris successfully transfer $29.00 to Gilbert Adams','cash','approved_by_provider',3,23,'2023-10-02 05:49:10',29,'#138',NULL,107,0,'2023-10-02 05:49:10','2023-10-02 11:20:11'),(108,108,138,'handyman_send_provider','Gilbert Adams successfully transfer $29.00 to Daniel Wiliams','cash','pending_by_admin',23,16,'2023-10-02 11:19:28',29,NULL,NULL,107,0,'2023-10-02 11:19:28','2023-10-02 11:20:21'),(109,108,138,'provider_approved_cash','$29.00 successfully approved by Daniel Wiliams','cash','approved_by_provider',23,16,'2023-10-02 11:20:11',29,NULL,NULL,107,0,'2023-10-02 11:20:11','2023-10-02 11:20:11'),(110,108,138,'provider_send_admin','Daniel Wiliams successfully transfer $29.00 to Admin Admin','cash','pending_by_admin',16,1,'2023-10-02 11:20:21',29,NULL,NULL,107,0,'2023-10-02 11:20:21','2023-10-02 11:20:21'),(111,109,139,'handyman_approved_cash','Pedro Norris successfully transfer $33.30 to Parsa Evana','cash','approved_by_handyman',3,33,'2023-10-02 05:57:23',33.3,'#139',NULL,111,0,'2023-10-02 05:57:23','2023-10-02 05:57:23'),(112,110,140,'handyman_approved_cash','Pedro Norris successfully transfer $51.25 to Robert Benedict','cash','approved_by_provider',3,28,'2023-10-02 06:03:44',51.25,'#140',NULL,112,0,'2023-10-02 06:03:44','2023-10-02 11:34:23'),(113,110,140,'handyman_send_provider','Robert Benedict successfully transfer $51.25 to Felix Harris','cash','pending_by_admin',28,4,'2023-10-02 11:33:59',51.25,NULL,NULL,112,0,'2023-10-02 11:33:59','2023-10-02 11:34:28'),(114,110,140,'provider_approved_cash','$51.25 successfully approved by Felix Harris','cash','approved_by_provider',28,4,'2023-10-02 11:34:23',51.25,NULL,NULL,112,0,'2023-10-02 11:34:23','2023-10-02 11:34:23'),(115,110,140,'provider_send_admin','Felix Harris successfully transfer $51.25 to Admin Admin','cash','pending_by_admin',4,1,'2023-10-02 11:34:28',51.25,NULL,NULL,112,0,'2023-10-02 11:34:28','2023-10-02 11:34:28'),(116,111,141,'handyman_approved_cash','Pedro Norris successfully transfer $40.54 to Marry Kom','cash','approved_by_provider',3,26,'2023-10-02 06:09:29',40.54,'#141',NULL,116,0,'2023-10-02 06:09:29','2023-10-02 11:40:10'),(117,111,141,'handyman_send_provider','Marry Kom successfully transfer $40.54 to Danny Mark','cash','pending_by_admin',26,8,'2023-10-02 11:39:45',40.54,NULL,NULL,116,0,'2023-10-02 11:39:45','2023-10-02 11:40:17'),(118,111,141,'provider_approved_cash','$40.54 successfully approved by Danny Mark','cash','approved_by_provider',26,8,'2023-10-02 11:40:10',40.54,NULL,NULL,116,0,'2023-10-02 11:40:10','2023-10-02 11:40:10'),(119,111,141,'provider_send_admin','Danny Mark successfully transfer $40.54 to Admin Admin','cash','pending_by_admin',8,1,'2023-10-02 11:40:17',40.54,NULL,NULL,116,0,'2023-10-02 11:40:17','2023-10-02 11:40:17'),(120,116,146,'handyman_approved_cash','Pedro Norris successfully transfer $23.87 to Koech Bena','cash','approved_by_provider',3,18,'2023-10-02 07:35:30',23.87,'#146',NULL,120,0,'2023-10-02 07:35:30','2023-10-02 13:06:13'),(121,116,146,'handyman_send_provider','Koech Bena successfully transfer $23.87 to Ricahard Gross','cash','pending_by_admin',18,13,'2023-10-02 13:05:46',23.87,NULL,NULL,120,0,'2023-10-02 13:05:46','2023-10-02 13:06:18'),(122,116,146,'provider_approved_cash','$23.87 successfully approved by Ricahard Gross','cash','approved_by_provider',18,13,'2023-10-02 13:06:13',23.87,NULL,NULL,120,0,'2023-10-02 13:06:13','2023-10-02 13:06:13'),(123,116,146,'provider_send_admin','Ricahard Gross successfully transfer $23.87 to Admin Admin','cash','pending_by_admin',13,1,'2023-10-02 13:06:18',23.87,NULL,NULL,120,0,'2023-10-02 13:06:18','2023-10-02 13:06:18'),(124,118,148,'handyman_approved_cash','Pedro Norris successfully transfer $40.67 to Erica Mendiz','cash','approved_by_handyman',3,34,'2023-10-02 09:35:15',40.67,'#148',NULL,124,0,'2023-10-02 09:35:15','2023-10-02 09:35:15'),(125,129,157,'handyman_approved_cash','Pedro Norris successfully transfer $10.88 to Gilbert Adams','cash','approved_by_handyman',3,23,'2023-10-02 11:46:05',10.88,'#157',NULL,125,0,'2023-10-02 11:46:05','2023-10-02 11:46:05'),(126,134,162,'handyman_approved_cash','Pedro Norris successfully transfer $19.83 to Harry Victoria','cash','approved_by_provider',3,25,'2023-10-02 12:23:55',19.83,'#162',NULL,126,0,'2023-10-02 12:23:55','2023-10-02 18:50:51'),(127,134,162,'handyman_send_provider','Harry Victoria successfully transfer $19.83 to Erik Simon','cash','approved_by_provider',25,12,'2023-10-02 17:54:16',19.83,NULL,NULL,126,0,'2023-10-02 17:54:16','2023-10-02 18:50:51'),(128,135,165,'handyman_approved_cash','Pedro Norris successfully transfer $21.85 to Chrysta Ellis','cash','approved_by_handyman',3,36,'2023-10-02 12:39:17',21.85,'#165',NULL,128,0,'2023-10-02 12:39:17','2023-10-02 12:39:17'),(129,138,168,'handyman_approved_cash','Pedro Norris successfully transfer $42.14 to John Doe','cash','send_to_provider',3,51,'2023-10-02 12:58:54',42.14,'#168',NULL,129,0,'2023-10-02 12:58:54','2023-10-02 18:30:27'),(130,138,168,'handyman_send_provider','John Doe successfully transfer $42.14 to Felix Harris','cash','pending_by_provider',51,4,'2023-10-02 18:30:27',42.14,NULL,NULL,129,0,'2023-10-02 18:30:27','2023-10-02 18:30:27'),(131,141,171,'handyman_approved_cash','Pedro Norris successfully transfer $55.71 to Harry Victoria','cash','approved_by_provider',3,25,'2023-10-02 13:17:54',55.71,'#171',NULL,131,0,'2023-10-02 13:17:54','2023-10-02 18:50:45'),(132,141,171,'handyman_send_provider','Harry Victoria successfully transfer $55.71 to Erik Simon','cash','pending_by_admin',25,12,'2023-10-02 18:50:18',55.71,NULL,NULL,131,0,'2023-10-02 18:50:18','2023-10-02 18:50:49'),(133,141,171,'provider_approved_cash','$55.71 successfully approved by Erik Simon','cash','approved_by_provider',25,12,'2023-10-02 18:50:45',55.71,NULL,NULL,131,0,'2023-10-02 18:50:45','2023-10-02 18:50:45'),(134,141,171,'provider_send_admin','Erik Simon successfully transfer $55.71 to Admin Admin','cash','pending_by_admin',12,1,'2023-10-02 18:50:49',55.71,NULL,NULL,131,0,'2023-10-02 18:50:49','2023-10-02 18:50:49'),(135,134,162,'provider_approved_cash','$19.83 successfully approved by Erik Simon','cash','approved_by_provider',25,12,'2023-10-02 18:50:51',19.83,NULL,NULL,126,0,'2023-10-02 18:50:51','2023-10-02 18:50:51'),(136,144,173,'handyman_approved_cash','Pedro Norris successfully transfer $63.17 to John Doe','cash','approved_by_handyman',3,51,'2023-10-02 13:32:28',63.17,'#173',NULL,136,0,'2023-10-02 13:32:28','2023-10-02 13:32:28'),(137,147,180,'handyman_approved_cash','Diana Norris successfully transfer $42.85 to John Doe','cash','approved_by_provider',49,51,'2023-10-03 12:35:29',42.85,'#180',NULL,137,0,'2023-10-03 12:35:29','2023-10-03 18:06:13'),(138,147,180,'handyman_send_provider','John Doe successfully transfer $42.85 to Felix Harris','cash','pending_by_admin',51,4,'2023-10-03 18:05:44',42.85,NULL,NULL,137,0,'2023-10-03 18:05:44','2023-10-03 18:06:20'),(139,147,180,'provider_approved_cash','$42.85 successfully approved by Felix Harris','cash','approved_by_provider',51,4,'2023-10-03 18:06:13',42.85,NULL,NULL,137,0,'2023-10-03 18:06:13','2023-10-03 18:06:13'),(140,147,180,'provider_send_admin','Felix Harris successfully transfer $42.85 to Admin Admin','cash','pending_by_admin',4,1,'2023-10-03 18:06:20',42.85,NULL,NULL,137,0,'2023-10-03 18:06:20','2023-10-03 18:06:20'),(141,154,186,'handyman_approved_cash','Sunny Francis successfully transfer $16.60 to John Doe','cash','send_to_provider',41,51,'2023-10-05 06:01:48',16.6,'#186',NULL,141,0,'2023-10-05 06:01:48','2023-10-05 12:04:25'),(142,154,186,'handyman_send_provider','John Doe successfully transfer $16.60 to Felix Harris','cash','pending_by_provider',51,4,'2023-10-05 12:04:25',16.6,NULL,NULL,141,0,'2023-10-05 12:04:25','2023-10-05 12:04:25'),(143,165,199,'handyman_approved_cash','Diana Norris successfully transfer $24.47 to John Doe','cash','approved_by_handyman',49,51,'2023-10-05 07:39:08',24.47,'#199',NULL,143,0,'2023-10-05 07:39:08','2023-10-05 07:39:08'),(144,107,137,'admin_approved_cash','$40.12 successfully approved by Admin Admin',NULL,'approved_by_admin',51,1,'2023-10-06 15:41:43',40.12,'#137',NULL,103,0,'2023-10-06 15:41:43','2023-10-06 15:41:43');

--
-- Table structure for table `payments`
--

CREATE TABLE `payments` (
  `id` bigint unsigned NOT NULL AUTO_INCREMENT,
  `customer_id` bigint unsigned NOT NULL,
  `booking_id` bigint unsigned NOT NULL,
  `datetime` datetime DEFAULT NULL,
  `discount` double DEFAULT '0',
  `total_amount` double DEFAULT '0',
  `payment_type` varchar(100) COLLATE utf8mb4_unicode_ci NOT NULL,
  `txn_id` varchar(100) COLLATE utf8mb4_unicode_ci DEFAULT NULL,
  `payment_status` varchar(20) COLLATE utf8mb4_unicode_ci DEFAULT NULL COMMENT 'pending, paid , failed',
  `other_transaction_detail` text COLLATE utf8mb4_unicode_ci,
  `created_at` timestamp NULL DEFAULT NULL,
  `updated_at` timestamp NULL DEFAULT NULL,
  `deleted_at` timestamp NULL DEFAULT NULL,
  PRIMARY KEY (`id`),
  KEY `payments_customer_id_foreign` (`customer_id`),
  KEY `payments_booking_id_foreign` (`booking_id`),
  CONSTRAINT `payments_booking_id_foreign` FOREIGN KEY (`booking_id`) REFERENCES `bookings` (`id`) ON DELETE CASCADE,
  CONSTRAINT `payments_customer_id_foreign` FOREIGN KEY (`customer_id`) REFERENCES `users` (`id`) ON DELETE CASCADE
) ENGINE=InnoDB AUTO_INCREMENT=179 DEFAULT CHARSET=utf8mb4 COLLATE=utf8mb4_unicode_ci;

--
-- Dumping data for table `payments`
--

INSERT INTO `payments` VALUES (1,42,6,'2023-09-05 15:25:39',2,2.367,'stripe','pi_1NmvyiFTMa5P8ht05u2GQ2Dm','advanced_paid',NULL,'2023-09-05 09:55:38','2023-09-05 09:55:38',NULL),(2,42,6,'2023-09-05 15:40:33',2,31.803,'stripe','pi_1NmwD8FTMa5P8ht0g3FjloV6','paid',NULL,'2023-09-05 10:10:32','2023-09-05 10:10:32',NULL),(3,41,2,'2023-09-05 15:57:26',2,101.1,'cash','#2','paid',NULL,'2023-09-05 10:27:26','2023-09-05 02:35:25',NULL),(4,41,7,'2023-09-05 16:07:44',2,2.367,'stripe','pi_1NmwdQFTMa5P8ht02TgikHRD','advanced_paid',NULL,'2023-09-05 10:37:43','2023-09-05 10:37:43',NULL),(5,43,10,'2023-09-05 16:22:05',2,29.73,'cash','#10','pending_by_admin',NULL,'2023-09-05 10:52:04','2023-09-12 08:09:48','2023-09-12 08:09:48'),(6,3,24,'2023-09-09 13:39:02',0,4.81,'stripe','pi_1NoMDjFTMa5P8ht0mdfnG13A','advanced_paid',NULL,'2023-09-09 08:09:03','2023-09-09 08:09:03',NULL),(7,3,31,'2023-09-09 18:47:42',0,27.1,'wallet','#31','paid',NULL,'2023-09-09 13:17:43','2023-09-09 13:17:43',NULL),(8,3,35,'2023-09-12 12:08:05',1,24.74,'wallet','#35','paid',NULL,'2023-09-12 06:38:05','2023-09-12 06:38:05',NULL),(9,3,39,'2023-09-12 12:59:53',0,0.752,'wallet','#39','advanced_paid',NULL,'2023-09-12 07:29:54','2023-09-12 07:29:54',NULL),(10,3,40,'2023-09-12 13:07:34',0,19.75,'cash','#40','pending_by_admin',NULL,'2023-09-12 07:37:34','2023-09-12 08:09:48','2023-09-12 08:09:48'),(11,3,41,'2023-09-12 13:34:23',5,31.34,'cash','#41','paid',NULL,'2023-09-12 08:04:24','2023-09-20 16:22:22',NULL),(12,3,43,'2023-09-12 15:00:12',0,0.752,'stripe','pi_1NpStzFTMa5P8ht0LYiTv25e','advanced_paid',NULL,'2023-09-12 09:30:13','2023-09-12 09:30:13',NULL),(13,3,49,'2023-09-19 12:17:02',2,23.6,'stripe','pi_1NrxhnFTMa5P8ht0NThSV4zD','paid',NULL,'2023-09-19 06:47:04','2023-09-19 06:47:04',NULL),(14,3,50,'2023-09-19 12:28:13',0,46,'wallet','#50','paid',NULL,'2023-09-19 06:58:14','2023-09-19 06:58:14',NULL),(16,3,53,'2023-09-20 12:17:13',5,2.1068,'stripe','pi_1NsKBOFTMa5P8ht0WvUYKIOC','advanced_paid',NULL,'2023-09-20 06:47:14','2023-09-20 06:47:14',NULL),(17,3,54,'2023-09-20 12:23:04',1,12.27,'cash','#54','pending_by_admin',NULL,'2023-09-20 06:53:05','2023-09-20 06:53:18',NULL),(18,3,55,'2023-09-20 12:32:40',0,30.75,'cash','#55','pending_by_admin',NULL,'2023-09-20 07:02:41','2023-09-20 07:04:33',NULL),(19,3,57,'2023-09-20 12:46:54',10,51.25,'cash','#57','pending_by_admin',NULL,'2023-09-20 07:16:55','2023-09-20 07:17:25',NULL),(20,3,58,'2023-09-20 15:52:32',2,52.57,'cash','#58','pending',NULL,'2023-09-20 10:22:32','2023-09-20 10:22:32',NULL),(21,3,60,'2023-09-27 11:49:10',2,46.34,'wallet','#60','paid',NULL,'2023-09-27 06:19:12','2023-09-27 06:19:12',NULL),(22,3,61,'2023-09-27 12:32:04',0,4.678,'stripe','pi_1NurkaFTMa5P8ht0jodPRyZ4','advanced_paid',NULL,'2023-09-27 07:02:07','2023-09-27 07:02:07',NULL),(23,3,65,'2023-09-27 16:10:48',0,54.4,'cash','#65','pending_by_admin',NULL,'2023-09-27 10:40:51','2023-09-27 11:39:43',NULL),(24,3,66,'2023-09-27 17:17:14',0,48.1,'cash','#66','pending_by_admin',NULL,'2023-09-27 11:47:16','2023-09-27 11:47:27',NULL),(25,3,67,'2023-09-27 17:20:59',0,26.25,'stripe','pi_1NuwGNFTMa5P8ht0aacDTglS','paid',NULL,'2023-09-27 11:51:02','2023-09-27 11:51:02',NULL),(26,3,68,'2023-09-27 17:23:47',0,47.22,'cash','#68','pending_by_admin',NULL,'2023-09-27 11:53:50','2023-09-27 11:54:12',NULL),(27,3,69,'2023-09-27 17:32:49',0,73.3,'cash','#69','pending_by_admin',NULL,'2023-09-27 12:02:51','2023-09-27 12:03:13',NULL),(28,3,70,'2023-09-27 17:36:38',0,30.25,'stripe','pi_1NuwVRFTMa5P8ht0PXgQxNRw','paid',NULL,'2023-09-27 12:06:40','2023-09-27 12:06:40',NULL),(29,3,71,'2023-09-27 17:41:24',2,18.52,'cash','#71','pending_by_admin',NULL,'2023-09-27 12:11:26','2023-09-27 12:12:09',NULL),(30,3,72,'2023-09-27 18:00:04',5,65.4,'wallet','#72','paid',NULL,'2023-09-27 12:30:06','2023-09-27 12:30:06',NULL),(31,3,73,'2023-09-27 18:03:37',2,46.34,'stripe','pi_1NuwvbFTMa5P8ht0ayZ3aqHY','paid',NULL,'2023-09-27 12:33:39','2023-09-27 12:33:39',NULL),(32,3,74,'2023-09-27 18:11:46',4,40.29,'cash','#74','pending',NULL,'2023-09-27 12:41:48','2023-09-27 12:41:48',NULL),(33,3,75,'2023-09-29 11:15:57',0,39.7,'wallet','#75','paid',NULL,'2023-09-29 05:45:58','2023-09-29 05:45:58',NULL),(34,3,77,'2023-09-29 11:20:40',2,20.16,'wallet','#77','paid',NULL,'2023-09-29 05:50:42','2023-09-29 05:50:42',NULL),(35,3,78,'2023-09-29 11:51:20',5,31.93,'cash','#78','pending',NULL,'2023-09-29 06:21:21','2023-09-29 06:21:21',NULL),(36,3,78,'2023-09-29 11:51:20',5,31.93,'cash','#78','pending',NULL,'2023-09-29 06:21:22','2023-09-29 06:21:22',NULL),(37,3,79,'2023-09-29 11:54:53',2,23.6,'cash','#79','pending_by_admin',NULL,'2023-09-29 06:24:55','2023-09-29 06:25:09',NULL),(38,3,80,'2023-09-29 11:59:44',4,36.13,'stripe','pi_1NvaCaFTMa5P8ht0jXsMCHMs','paid',NULL,'2023-09-29 06:29:45','2023-09-29 06:29:45',NULL),(45,3,84,'2023-09-29 12:30:16',0,0.752,'stripe','pi_1Nvag2FTMa5P8ht0utNtVMBm','advanced_paid',NULL,'2023-09-29 07:00:18','2023-09-29 07:00:18',NULL),(46,3,84,'2023-09-29 12:32:30',0,36.848,'wallet','#84','paid',NULL,'2023-09-29 07:02:31','2023-09-29 07:02:31',NULL),(47,3,85,'2023-09-29 12:59:48',0,31.3,'wallet','#85','paid',NULL,'2023-09-29 07:29:49','2023-09-29 07:29:49',NULL),(49,3,86,'2023-09-29 13:06:31',0,47.05,'wallet','#86','paid',NULL,'2023-09-29 07:36:32','2023-09-29 07:36:32',NULL),(52,3,87,'2023-09-29 13:10:26',0,16.6,'cash','#87','pending_by_admin',NULL,'2023-09-29 07:40:27','2023-09-29 07:40:42',NULL),(54,3,88,'2023-09-29 13:14:07',0,41.8,'stripe','pi_1NvbMXFTMa5P8ht040Dpkdb8','paid',NULL,'2023-09-29 07:44:08','2023-09-29 07:44:08',NULL),(56,3,89,'2023-09-29 07:46:49',0,32,'wallet',NULL,'paid',NULL,'2023-09-29 07:46:49','2023-09-29 13:19:02',NULL),(57,3,89,'2023-09-29 07:47:22',0,43,'wallet',NULL,'paid',NULL,'2023-09-29 07:47:22','2023-09-29 07:47:22',NULL),(58,3,90,'2023-09-29 13:21:55',NULL,21.85,'stripe','pi_1NvbU6FTMa5P8ht0jSmSI92D','paid',NULL,'2023-09-29 07:51:57','2023-09-29 07:51:57',NULL),(59,3,91,'2023-09-29 13:28:22',4,42.3,'stripe','pi_1NvbaLFTMa5P8ht06V2rzwxf','paid',NULL,'2023-09-29 07:58:23','2023-09-29 07:58:23',NULL),(60,3,92,'2023-09-29 13:30:47',0,19.28,'wallet','#92','paid',NULL,'2023-09-29 08:00:49','2023-09-29 08:00:49',NULL),(61,3,93,'2023-09-29 13:38:45',0,19.75,'cash','#93','pending_by_admin',NULL,'2023-09-29 08:08:46','2023-09-29 08:08:59',NULL),(62,3,94,'2023-09-29 13:42:23',1,46.62,'cash','#94','paid',NULL,'2023-09-29 08:12:24','2023-09-29 13:48:43',NULL),(63,3,1,'2023-09-29 08:14:14',0,29.99,'wallet',NULL,'paid',NULL,'2023-09-29 08:14:14','2023-09-29 08:14:14',NULL),(64,3,95,'2023-09-29 13:46:50',7,30.75,'cash','#95','paid',NULL,'2023-09-29 08:16:52','2023-09-29 13:48:32',NULL),(65,3,96,'2023-09-29 13:55:07',2,30.21,'stripe','pi_1Nvc0HFTMa5P8ht09TgZtcaH','paid',NULL,'2023-09-29 08:25:08','2023-09-29 08:25:08',NULL),(66,3,97,'2023-09-29 13:57:53',0,15.55,'cash','#97','pending_by_admin',NULL,'2023-09-29 08:27:54','2023-09-29 08:28:18',NULL),(67,3,98,'2023-09-29 14:04:08',0,37,'cash','#98','pending_by_admin',NULL,'2023-09-29 08:34:10','2023-09-29 08:34:28',NULL),(68,3,99,'2023-09-29 14:39:49',0,13,'wallet','#99','paid',NULL,'2023-09-29 09:09:50','2023-09-29 09:09:50',NULL),(69,3,100,'2023-09-29 14:45:10',2,18.52,'cash','#100','pending_by_admin',NULL,'2023-09-29 09:15:11','2023-09-29 09:15:24',NULL),(70,3,101,'2023-09-29 14:51:21',0,31.3,'cash','#101','pending',NULL,'2023-09-29 09:21:22','2023-09-29 09:21:22',NULL),(71,3,102,'2023-09-29 14:55:53',0,19.43,'wallet','#102','paid',NULL,'2023-09-29 09:25:55','2023-09-29 09:25:55',NULL),(72,3,103,'2023-09-29 15:01:01',0,35.7,'cash','#103','pending_by_admin',NULL,'2023-09-29 09:31:02','2023-09-29 09:31:19',NULL),(73,3,104,'2023-09-29 15:06:42',0,26.05,'wallet','#104','paid',NULL,'2023-09-29 09:36:43','2023-09-29 09:36:43',NULL),(74,3,105,'2023-09-29 15:11:02',0,23.95,'cash','#105','pending_by_admin',NULL,'2023-09-29 09:41:03','2023-09-29 09:41:23',NULL),(75,3,106,'2023-09-29 18:44:16',0,37.6,'cash','#106','pending_by_admin',NULL,'2023-09-29 13:14:17','2023-09-29 13:14:32',NULL),(76,3,108,'2023-09-29 18:51:23',0,4.678,'stripe','pi_1NvgczFTMa5P8ht0mivRX10z','advanced_paid',NULL,'2023-09-29 13:21:24','2023-09-29 13:21:24',NULL),(77,3,108,'2023-09-29 18:57:40',0,42.102,'wallet','#108','paid',NULL,'2023-09-29 13:27:41','2023-09-29 13:27:41',NULL),(78,3,109,'2023-09-29 19:07:12',2,42.95,'cash','#109','pending_by_admin',NULL,'2023-09-29 13:37:14','2023-09-29 13:37:40',NULL),(79,3,110,'2023-09-29 19:13:12',0,45.76,'wallet','#110','paid',NULL,'2023-09-29 13:43:13','2023-09-29 13:43:13',NULL),(80,3,111,'2023-09-30 11:02:27',3,37.91,'wallet','#111','paid',NULL,'2023-09-30 05:32:28','2023-09-30 05:32:28',NULL),(81,3,112,'2023-09-30 11:06:45',0,39.7,'cash','#112','pending_by_admin',NULL,'2023-09-30 05:36:46','2023-09-30 05:36:54',NULL),(82,3,113,'2023-09-30 11:17:47',3,30.93,'cash','#113','pending_by_admin',NULL,'2023-09-30 05:47:49','2023-09-30 05:48:03',NULL),(83,3,114,'2023-09-30 11:20:53',4,2.6415,'stripe','pi_1Nvw4UFTMa5P8ht0zmhFZFya','advanced_paid',NULL,'2023-09-30 05:50:55','2023-09-30 05:50:55',NULL),(84,3,114,'2023-09-30 11:23:05',4,76.4385,'wallet','#114','paid',NULL,'2023-09-30 05:53:07','2023-09-30 05:53:07',NULL),(85,3,115,'2023-09-30 11:31:50',0,17.65,'stripe','pi_1NvwFAFTMa5P8ht0lIkfEvBo','paid',NULL,'2023-09-30 06:01:51','2023-09-30 06:01:51',NULL),(86,3,116,'2023-09-30 11:38:05',3,48.42,'wallet','#116','paid',NULL,'2023-09-30 06:08:07','2023-09-30 06:08:07',NULL),(87,3,117,'2023-09-30 11:44:37',4,41.51,'cash','#117','pending_by_admin',NULL,'2023-09-30 06:14:38','2023-09-30 06:14:55',NULL),(88,3,118,'2023-09-30 11:55:30',5,31.56,'cash','#118','pending_by_admin',NULL,'2023-09-30 06:25:32','2023-09-30 06:25:44',NULL),(89,3,119,'2023-09-30 12:07:14',0,23.95,'wallet','#119','paid',NULL,'2023-09-30 06:37:15','2023-09-30 06:37:15',NULL),(90,3,120,'2023-09-30 12:10:19',0,29,'cash','#120','pending_by_admin',NULL,'2023-09-30 06:40:21','2023-09-30 06:40:34',NULL),(91,3,121,'2023-09-30 12:25:49',NULL,14.29,'cash','#121','pending_by_admin',NULL,'2023-09-30 06:55:52','2023-09-30 06:56:01',NULL),(92,3,122,'2023-09-30 12:33:19',2,19.12,'wallet','#122','paid',NULL,'2023-09-30 07:03:21','2023-09-30 07:03:21',NULL),(93,3,123,'2023-09-30 12:42:46',1,19.54,'cash','#123','pending_by_admin',NULL,'2023-09-30 07:12:47','2023-09-30 07:13:22',NULL),(94,3,124,'2023-09-30 12:45:40',10,4.232,'stripe','pi_1NvxOdFTMa5P8ht0t6bhQL6o','advanced_paid',NULL,'2023-09-30 07:15:42','2023-09-30 07:15:42',NULL),(95,3,124,'2023-09-30 12:51:15',10,60.148,'stripe','pi_1NvxTzFTMa5P8ht0Hyh21Nyp','paid',NULL,'2023-09-30 07:21:17','2023-09-30 07:21:17',NULL),(97,3,126,'2023-09-30 12:59:32',3,3.965,'stripe','pi_1Nvxc1FTMa5P8ht0L6zswKYq','advanced_paid',NULL,'2023-09-30 07:29:33','2023-09-30 07:29:33',NULL),(98,3,126,'2023-09-30 13:02:28',3,35.685,'wallet','#126','paid',NULL,'2023-09-30 07:32:29','2023-09-30 07:32:29',NULL),(99,3,127,'2023-09-30 13:15:29',0,41.8,'wallet','#127','paid',NULL,'2023-09-30 07:45:30','2023-09-30 07:45:30',NULL),(100,3,128,'2023-09-30 15:52:08',1,12.27,'wallet','#128','paid',NULL,'2023-09-30 10:22:09','2023-09-30 10:22:09',NULL),(101,3,129,'2023-09-30 16:03:07',2,29.73,'cash','#129','pending_by_admin',NULL,'2023-09-30 10:33:08','2023-09-30 10:33:22',NULL),(102,3,131,'2023-09-30 16:10:42',NULL,46.19,'cash','#131','pending_by_admin',NULL,'2023-09-30 10:40:44','2023-09-30 10:40:54',NULL),(103,3,134,'2023-09-30 19:13:13',NULL,39.9,'cash','#134','pending_by_admin',NULL,'2023-09-30 13:43:15','2023-09-30 13:44:09',NULL),(104,3,133,'2023-09-30 19:20:07',NULL,33.4,'wallet','#133','paid',NULL,'2023-09-30 13:50:08','2023-09-30 13:50:08',NULL),(105,3,135,'2023-09-30 19:24:23',0,16.6,'wallet','#135','paid',NULL,'2023-09-30 13:54:25','2023-09-30 13:54:25',NULL),(106,3,136,'2023-10-02 11:00:01',0,35.5,'wallet','#136','paid',NULL,'2023-10-02 05:30:03','2023-10-02 05:30:03',NULL),(107,3,137,'2023-10-02 11:05:49',4,40.12,'cash','#137','paid',NULL,'2023-10-02 05:35:51','2023-10-06 15:41:43',NULL),(108,3,138,'2023-10-02 11:18:41',0,29,'cash','#138','pending_by_admin',NULL,'2023-10-02 05:48:43','2023-10-02 05:49:10',NULL),(109,3,139,'2023-10-02 11:27:08',5,33.3,'cash','#139','pending_by_admin',NULL,'2023-10-02 05:57:10','2023-10-02 05:57:23',NULL),(110,3,140,'2023-10-02 11:33:27',10,51.25,'cash','#140','pending_by_admin',NULL,'2023-10-02 06:03:29','2023-10-02 06:03:44',NULL),(111,3,141,'2023-10-02 11:39:15',10,40.54,'cash','#141','pending_by_admin',NULL,'2023-10-02 06:09:17','2023-10-02 06:09:29',NULL),(112,3,142,'2023-10-02 11:44:31',0,13.45,'wallet','#142','paid',NULL,'2023-10-02 06:14:32','2023-10-02 06:14:32',NULL),(113,3,143,'2023-10-02 11:51:58',2,43.9,'wallet','#143','paid',NULL,'2023-10-02 06:22:00','2023-10-02 06:22:00',NULL),(114,3,144,'2023-10-02 12:41:03',NULL,40.75,'wallet','#144','paid',NULL,'2023-10-02 07:11:05','2023-10-02 07:11:05',NULL),(115,3,145,'2023-10-02 12:59:18',0,29.46,'wallet','#145','paid',NULL,'2023-10-02 07:29:20','2023-10-02 07:29:20',NULL),(116,3,146,'2023-10-02 13:05:08',4,23.87,'cash','#146','pending_by_admin',NULL,'2023-10-02 07:35:09','2023-10-02 07:35:30',NULL),(117,3,147,'2023-10-02 13:14:23',2,42.07,'stripe','pi_1NwgnTFTMa5P8ht0LmkjkURx','paid',NULL,'2023-10-02 07:44:25','2023-10-02 07:44:25',NULL),(118,3,148,'2023-10-02 15:04:37',0,40.67,'cash','#148','pending_by_admin',NULL,'2023-10-02 09:34:39','2023-10-02 09:35:15',NULL),(119,3,149,'2023-10-02 15:14:02',1,37.26,'wallet','#149','paid',NULL,'2023-10-02 09:44:04','2023-10-02 09:44:04',NULL),(120,3,150,'2023-10-02 15:23:17',0,22.33,'wallet','#150','paid',NULL,'2023-10-02 09:53:18','2023-10-02 09:53:18',NULL),(121,3,151,'2023-10-02 15:30:21',NULL,32.81,'stripe','pi_1Nwiv4FTMa5P8ht0J5VSoZAF','paid',NULL,'2023-10-02 10:00:23','2023-10-02 10:00:23',NULL),(122,3,152,'2023-10-02 15:37:21',NULL,20.8,'wallet','#152','paid',NULL,'2023-10-02 10:07:23','2023-10-02 10:07:23',NULL),(123,3,153,'2023-10-02 15:48:48',NULL,46,'wallet','#153','paid',NULL,'2023-10-02 10:18:50','2023-10-02 10:18:50',NULL),(124,3,154,'2023-10-02 15:55:47',2,2.367,'stripe','pi_1NwjJhFTMa5P8ht0WSSxaGif','advanced_paid',NULL,'2023-10-02 10:25:49','2023-10-02 10:25:49',NULL),(125,3,154,'2023-10-02 15:59:30',2,21.303,'wallet','#154','paid',NULL,'2023-10-02 10:29:32','2023-10-02 10:29:32',NULL),(126,3,155,'2023-10-02 16:03:51',5,2.1068,'wallet','#155','advanced_paid',NULL,'2023-10-02 10:33:53','2023-10-02 10:33:53',NULL),(127,3,155,'2023-10-02 16:16:50',5,50.5632,'wallet','#155','paid',NULL,'2023-10-02 10:46:52','2023-10-02 10:46:52',NULL),(128,3,156,'2023-10-02 17:09:22',2,28.4,'wallet','#156','paid',NULL,'2023-10-02 11:39:23','2023-10-02 11:39:23',NULL),(129,3,157,'2023-10-02 17:15:49',1,10.88,'cash','#157','pending_by_admin',NULL,'2023-10-02 11:45:51','2023-10-02 11:46:05',NULL),(130,3,158,'2023-10-02 17:24:35',4,29.66,'wallet','#158','paid',NULL,'2023-10-02 11:54:37','2023-10-02 11:54:37',NULL),(131,3,159,'2023-10-02 17:33:02',NULL,33.6,'stripe','pi_1NwkplFTMa5P8ht0sL9MxDRE','paid',NULL,'2023-10-02 12:03:03','2023-10-02 12:03:03',NULL),(132,3,160,'2023-10-02 17:41:22',NULL,30.75,'stripe','pi_1NwkxnFTMa5P8ht0d9Nh20KT','paid',NULL,'2023-10-02 12:11:24','2023-10-02 12:11:24',NULL),(133,3,161,'2023-10-02 17:45:43',0,35.5,'wallet','#161','paid',NULL,'2023-10-02 12:15:44','2023-10-02 12:15:44',NULL),(134,3,162,'2023-10-02 17:53:43',4,19.83,'cash','#162','pending_by_admin',NULL,'2023-10-02 12:23:44','2023-10-02 12:23:55',NULL),(135,3,165,'2023-10-02 18:09:07',4,21.85,'cash','#165','pending_by_admin',NULL,'2023-10-02 12:39:08','2023-10-02 12:39:17',NULL),(136,3,166,'2023-10-02 18:14:44',5,37.81,'wallet','#166','paid',NULL,'2023-10-02 12:44:45','2023-10-02 12:44:45',NULL),(137,3,167,'2023-10-02 18:18:43',4,63.33,'wallet','#167','paid',NULL,'2023-10-02 12:48:45','2023-10-02 12:48:45',NULL),(138,3,168,'2023-10-02 18:28:41',4,42.14,'cash','#168','pending_by_admin',NULL,'2023-10-02 12:58:42','2023-10-02 12:58:54',NULL),(139,3,169,'2023-10-02 18:35:35',0,34.65,'wallet','#169','paid',NULL,'2023-10-02 13:05:36','2023-10-02 13:05:36',NULL),(140,3,170,'2023-10-02 18:41:57',0,30.25,'wallet','#170','paid',NULL,'2023-10-02 13:11:59','2023-10-02 13:11:59',NULL),(141,3,171,'2023-10-02 18:47:47',0,55.71,'cash','#171','pending_by_admin',NULL,'2023-10-02 13:17:48','2023-10-02 13:17:54',NULL),(142,3,172,'2023-10-02 18:54:04',NULL,1.3835,'wallet','#172','advanced_paid',NULL,'2023-10-02 13:24:05','2023-10-02 13:24:05',NULL),(143,3,172,'2023-10-02 18:56:56',NULL,26.2865,'wallet','#172','paid',NULL,'2023-10-02 13:26:57','2023-10-02 13:26:57',NULL),(144,3,173,'2023-10-02 19:02:15',5,63.17,'cash','#173','pending_by_admin',NULL,'2023-10-02 13:32:17','2023-10-02 13:32:28',NULL),(145,50,178,'2023-10-03 17:46:31',0,51.25,'wallet','#178','paid',NULL,'2023-10-03 12:16:33','2023-10-03 12:16:33',NULL),(146,50,179,'2023-10-03 17:54:42',0,16.6,'cash','#179','pending',NULL,'2023-10-03 12:24:44','2023-10-03 12:24:44',NULL),(147,49,180,'2023-10-03 18:05:10',0,42.85,'cash','#180','pending_by_admin',NULL,'2023-10-03 12:35:12','2023-10-03 12:35:29',NULL),(148,48,181,'2023-10-03 18:10:31',0,16.6,'wallet','#181','paid',NULL,'2023-10-03 12:40:33','2023-10-03 12:40:33',NULL),(149,48,182,'2023-10-03 18:34:33',0,0.689,'wallet','#182','advanced_paid',NULL,'2023-10-03 13:04:34','2023-10-03 13:04:34',NULL),(150,48,182,'2023-10-03 18:37:24',0,44.261,'stripe','pi_1Nx8JdFTMa5P8ht0koAX6sQp','paid',NULL,'2023-10-03 13:07:26','2023-10-03 13:07:26',NULL),(151,47,183,'2023-10-03 18:41:32',0,48.1,'cash','#183','pending',NULL,'2023-10-03 13:11:34','2023-10-03 13:11:34',NULL),(152,46,184,'2023-10-03 18:43:52',0,0.689,'wallet','#184','advanced_paid',NULL,'2023-10-03 13:13:54','2023-10-03 13:13:54',NULL),(153,46,184,'2023-10-03 18:46:27',0,33.761,'wallet','#184','paid',NULL,'2023-10-03 13:16:28','2023-10-03 13:16:28',NULL),(154,41,186,'2023-10-05 11:31:36',0,16.6,'cash','#186','pending_by_admin',NULL,'2023-10-05 06:01:38','2023-10-05 06:01:48',NULL),(155,40,187,'2023-10-05 11:39:05',0,39.7,'wallet','#187','paid',NULL,'2023-10-05 06:09:07','2023-10-05 06:09:07',NULL),(156,39,188,'2023-10-05 11:44:52',0,48.1,'wallet','#188','paid',NULL,'2023-10-05 06:14:54','2023-10-05 06:14:54',NULL),(157,39,189,'2023-10-05 11:49:14',0,16.6,'stripe','pi_1NxktiFTMa5P8ht0YBmufzHJ','paid',NULL,'2023-10-05 06:19:17','2023-10-05 06:19:17',NULL),(158,38,191,'2023-10-05 12:05:47',0,51.25,'wallet','#191','paid',NULL,'2023-10-05 06:35:50','2023-10-05 06:35:50',NULL),(159,38,190,'2023-10-05 12:06:57',0,16.6,'wallet','#190','paid',NULL,'2023-10-05 06:36:59','2023-10-05 06:36:59',NULL),(160,37,193,'2023-10-05 12:14:55',0,0.689,'wallet','#193','advanced_paid',NULL,'2023-10-05 06:44:57','2023-10-05 06:44:57',NULL),(161,37,193,'2023-10-05 12:20:29',0,33.761,'wallet','#193','paid',NULL,'2023-10-05 06:50:32','2023-10-05 06:50:32',NULL),(162,48,194,'2023-10-05 12:40:19',0,41.8,'stripe','pi_1Nxlh7FTMa5P8ht0fURJbVv8','paid',NULL,'2023-10-05 07:10:21','2023-10-05 07:10:21',NULL),(163,3,195,'2023-10-05 12:49:17',NULL,46.19,'wallet','#195','paid',NULL,'2023-10-05 07:19:19','2023-10-05 07:19:19',NULL),(164,50,197,'2023-10-05 12:59:21',4,41.51,'stripe','pi_1NxlzRFTMa5P8ht0vLCtEhGq','paid',NULL,'2023-10-05 07:29:23','2023-10-05 07:29:23',NULL),(165,49,199,'2023-10-05 13:05:52',2,24.47,'cash','#199','pending_by_admin',NULL,'2023-10-05 07:35:54','2023-10-05 07:39:08',NULL),(166,47,201,'2023-10-05 13:42:07',4,36.13,'wallet','#201','paid',NULL,'2023-10-05 08:12:09','2023-10-05 08:12:09',NULL),(167,43,202,'2023-10-05 13:48:47',4,38.1,'wallet','#202','paid',NULL,'2023-10-05 08:18:49','2023-10-05 08:18:49',NULL),(168,46,203,'2023-10-05 14:50:36',7,30.75,'wallet','#203','paid',NULL,'2023-10-05 09:20:38','2023-10-05 09:20:38',NULL),(169,44,207,'2023-10-05 15:37:11',0,38.99,'wallet','#207','paid',NULL,'2023-10-05 10:07:14','2023-10-05 10:07:14',NULL),(170,45,208,'2023-10-05 15:42:13',0,16.6,'wallet','#208','paid',NULL,'2023-10-05 10:12:15','2023-10-05 10:12:15',NULL),(171,42,209,'2023-10-05 15:46:05',0,37.6,'wallet','#209','paid',NULL,'2023-10-05 10:16:08','2023-10-05 10:16:08',NULL),(172,3,221,'2023-10-06 15:29:13',7,43.9,'stripe','pi_1NyAo8FTMa5P8ht09CGuoAHO','paid',NULL,'2023-10-06 09:59:15','2023-10-06 09:59:15',NULL),(173,3,235,'2024-10-28 09:32:49',1,226.61,'wallet','#235','advanced_paid',NULL,'2024-10-28 04:02:51','2024-10-28 04:02:51',NULL),(174,3,237,'2024-10-28 10:35:55',1,226.61,'wallet','#237','advanced_paid',NULL,'2024-10-28 05:05:57','2024-10-28 05:05:57',NULL),(175,3,236,'2024-10-28 10:37:33',1,226.61,'wallet','#236','advanced_paid',NULL,'2024-10-28 05:07:35','2024-10-28 05:07:35',NULL),(176,3,236,'2024-10-28 10:45:50',1,0,'wallet','#236','paid',NULL,'2024-10-28 05:15:52','2024-10-28 05:15:52',NULL),(177,3,234,'2024-10-28 11:27:39',NULL,697,'cash','#234','pending',NULL,'2024-10-28 05:57:42','2024-10-28 05:57:42',NULL),(178,3,239,'2024-10-28 12:58:29',1,226.61,'wallet','#239','advanced_paid',NULL,'2024-10-28 07:28:31','2024-10-28 07:28:31',NULL);

--
-- Table structure for table `permissions`
--

CREATE TABLE `permissions` (
  `id` bigint unsigned NOT NULL AUTO_INCREMENT,
  `name` varchar(255) COLLATE utf8mb4_unicode_ci NOT NULL,
  `guard_name` varchar(255) COLLATE utf8mb4_unicode_ci NOT NULL,
  `parent_id` bigint unsigned DEFAULT NULL,
  `created_at` timestamp NULL DEFAULT NULL,
  `updated_at` timestamp NULL DEFAULT NULL,
  PRIMARY KEY (`id`)
) ENGINE=InnoDB AUTO_INCREMENT=141 DEFAULT CHARSET=utf8mb4 COLLATE=utf8mb4_unicode_ci;

--
-- Dumping data for table `permissions`
--

INSERT INTO `permissions` VALUES (1,'role','web',NULL,'2021-06-04 06:06:03','2021-06-04 06:06:03'),(2,'role add','web',1,'2021-06-04 06:58:07','2021-06-04 06:58:07'),(3,'role list','web',1,'2021-06-04 06:58:22','2021-06-04 06:58:22'),(4,'permission','web',NULL,'2021-06-04 06:58:47','2021-06-04 06:58:47'),(5,'permission add','web',4,'2021-06-04 06:58:59','2021-06-04 06:58:59'),(6,'permission list','web',4,'2021-06-04 06:59:54','2021-06-04 06:59:54'),(7,'category','web',NULL,'2021-06-08 03:57:14','2021-06-08 03:57:14'),(8,'category list','web',7,'2021-06-08 03:57:27','2021-06-08 03:57:27'),(9,'category add','web',7,'2021-06-08 03:57:39','2021-06-08 03:57:39'),(10,'category edit','web',7,'2021-06-08 04:11:52','2021-06-08 04:11:52'),(11,'category delete','web',7,'2021-06-08 04:12:03','2021-06-08 04:12:03'),(12,'service','web',NULL,'2021-07-13 04:17:18','2021-07-13 04:17:18'),(13,'service list','web',12,'2021-07-13 04:17:34','2021-07-13 04:17:34'),(14,'service add','web',12,'2021-07-13 04:17:48','2021-07-13 04:17:48'),(15,'service edit','web',12,'2021-07-13 04:18:07','2021-07-13 04:18:07'),(16,'service delete','web',12,'2021-07-13 04:18:22','2021-07-13 04:18:22'),(17,'provider','web',NULL,'2021-07-13 04:57:48','2021-07-13 04:57:48'),(18,'provider list','web',17,'2021-07-13 04:57:59','2021-07-13 04:57:59'),(19,'provider add','web',17,'2021-07-13 04:58:14','2021-07-13 04:58:14'),(20,'provider edit','web',17,'2021-07-13 04:58:30','2021-07-13 04:58:30'),(21,'provider delete','web',17,'2021-07-13 04:58:46','2021-07-13 04:58:46'),(22,'handyman','web',NULL,'2021-07-13 04:59:30','2021-07-13 04:59:30'),(23,'handyman list','web',22,'2021-07-13 05:00:40','2021-07-13 05:00:40'),(24,'handyman add','web',22,'2021-07-13 05:00:53','2021-07-13 05:00:53'),(25,'handyman edit','web',22,'2021-07-13 05:01:07','2021-07-13 05:01:07'),(26,'handyman delete','web',22,'2021-07-13 05:01:20','2021-07-13 05:01:20'),(27,'booking','web',NULL,'2021-07-13 05:11:44','2021-07-13 05:11:44'),(28,'booking list','web',27,'2021-07-13 05:11:56','2021-07-13 05:11:56'),(29,'booking edit','web',27,'2021-07-13 05:12:05','2021-07-13 05:12:05'),(30,'booking delete','web',27,'2021-07-13 05:13:27','2021-07-13 05:13:27'),(31,'booking view','web',27,'2021-07-13 06:25:02','2021-07-13 06:25:02'),(32,'payment','web',NULL,'2021-08-05 07:09:53','2021-08-05 07:09:53'),(33,'payment list','web',32,'2021-08-05 07:10:29','2021-08-05 07:10:29'),(34,'user','web',NULL,'2021-08-05 07:12:02','2021-08-05 07:12:02'),(35,'user list','web',34,'2021-08-05 07:12:17','2021-08-05 07:12:17'),(36,'user view','web',34,'2021-08-05 07:13:56','2021-08-05 07:13:56'),(37,'user delete','web',34,'2021-08-05 07:14:08','2021-08-05 07:14:08'),(38,'providertype','web',NULL,'2021-08-11 03:35:29','2021-08-11 03:35:29'),(39,'providertype list','web',38,'2021-08-11 03:35:42','2021-08-11 03:35:42'),(40,'providertype add','web',38,'2021-08-11 03:35:57','2021-08-11 03:35:57'),(41,'providertype edit','web',38,'2021-08-11 03:36:39','2021-08-11 03:36:39'),(42,'providertype delete','web',38,'2021-08-11 03:39:22','2021-08-11 03:39:22'),(43,'coupon','web',NULL,'2021-08-11 08:10:38','2021-08-11 08:10:38'),(44,'coupon list','web',43,'2021-08-11 08:10:47','2021-08-11 08:10:47'),(45,'coupon add','web',43,'2021-08-11 08:11:02','2021-08-11 08:11:02'),(46,'coupon edit','web',43,'2021-08-11 08:11:17','2021-08-11 08:11:17'),(47,'coupon delete','web',43,'2021-08-11 08:11:27','2021-08-11 08:11:27'),(48,'slider','web',NULL,'2021-08-12 06:38:52','2021-08-12 06:38:52'),(49,'slider list','web',48,'2021-08-12 06:39:05','2021-08-12 06:39:05'),(50,'slider add','web',48,'2021-08-12 06:39:17','2021-08-12 06:39:17'),(51,'slider edit','web',48,'2021-08-12 06:39:26','2021-08-12 06:39:26'),(52,'slider delete','web',48,'2021-08-12 06:39:37','2021-08-12 06:39:37'),(53,'pending provider','web',17,'2021-09-28 06:39:26','2021-09-28 06:39:26'),(54,'pending handyman','web',22,'2021-09-28 06:39:37','2021-09-28 06:39:37'),(55,'pages','web',NULL,'2021-09-28 06:39:37','2021-09-28 06:39:37'),(56,'terms condition','web',55,'2021-09-28 06:39:37','2021-09-28 06:39:37'),(57,'privacy policy','web',55,'2021-09-28 06:39:37','2021-09-28 06:39:37'),(58,'provider address','web',NULL,'2021-09-28 06:39:37','2021-09-28 06:39:37'),(59,'provideraddress list','web',58,'2021-09-28 06:39:37','2021-09-28 06:39:37'),(60,'provideraddress add','web',58,'2021-09-28 06:39:37','2021-09-28 06:39:37'),(61,'provideraddress edit','web',58,'2021-09-28 06:39:37','2021-09-28 06:39:37'),(62,'provideraddress delete','web',58,'2021-09-28 06:39:37','2021-09-28 06:39:37'),(63,'document','web',NULL,'2021-10-27 06:00:09','2021-10-27 06:00:09'),(64,'document list','web',63,'2021-10-27 06:00:24','2021-10-27 06:00:24'),(65,'document add','web',63,'2021-10-27 06:00:38','2021-10-27 06:00:38'),(66,'document edit','web',63,'2021-10-27 06:00:56','2021-10-27 06:00:56'),(67,'document delete','web',63,'2021-10-27 06:01:11','2021-10-27 06:01:11'),(68,'provider document','web',NULL,'2021-10-27 10:32:48','2021-10-27 10:32:48'),(69,'providerdocument list','web',68,'2021-10-27 10:33:05','2021-10-27 10:33:05'),(70,'providerdocument add','web',68,'2021-10-27 10:33:20','2021-10-27 10:33:20'),(71,'providerdocument edit','web',68,'2021-10-27 10:33:32','2021-10-27 10:33:32'),(72,'providerdocument delete','web',68,'2021-10-27 10:33:51','2021-10-27 10:33:51'),(73,'provider payout','web',17,'2022-01-21 04:46:07','2022-01-21 04:46:07'),(74,'handyman payout','web',22,'2022-02-14 04:46:07','2022-02-14 04:46:07'),(75,'servicefaq','web',NULL,'2022-02-19 04:46:07','2022-02-19 04:46:07'),(76,'servicefaq add','web',75,'2022-02-19 04:46:07','2022-02-19 04:46:07'),(77,'servicefaq edit','web',75,'2022-02-19 04:46:07','2022-02-19 04:46:07'),(78,'servicefaq delete','web',75,'2022-02-19 04:46:07','2022-02-19 04:46:07'),(79,'servicefaq list','web',75,'2022-02-19 04:46:07','2022-02-19 04:46:07'),(80,'user add','web',34,'2022-02-19 04:46:07','2022-02-19 04:46:07'),(81,'user edit','web',34,'2022-02-19 04:46:07','2022-02-19 04:46:07'),(82,'subcategory','web',NULL,'2022-04-01 04:46:07','2022-04-01 04:46:07'),(83,'subcategory add','web',82,'2022-04-01 04:46:07','2022-04-01 04:46:07'),(84,'subcategory edit','web',82,'2022-04-01 04:46:07','2022-04-01 04:46:07'),(85,'subcategory delete','web',82,'2022-04-01 04:46:07','2022-04-01 04:46:07'),(86,'subcategory list','web',82,'2022-04-01 04:46:07','2022-04-01 04:46:07'),(87,'handymantype','web',NULL,'2021-07-13 04:59:30','2021-07-13 04:59:30'),(88,'handymantype list','web',87,'2021-07-13 05:00:40','2021-07-13 05:00:40'),(89,'handymantype add','web',87,'2021-07-13 05:00:53','2021-07-13 05:00:53'),(90,'handymantype edit','web',87,'2021-07-13 05:01:07','2021-07-13 05:01:07'),(91,'handymantype delete','web',87,'2021-07-13 05:01:20','2021-07-13 05:01:20'),(92,'postjob','web',NULL,'2021-07-13 05:01:20','2021-07-13 05:01:20'),(93,'postjob list','web',92,'2021-07-13 05:01:20','2021-07-13 05:01:20'),(94,'servicepackage','web',NULL,'2022-04-01 04:46:07','2022-04-01 04:46:07'),(95,'servicepackage add','web',94,'2022-04-01 04:46:07','2022-04-01 04:46:07'),(96,'servicepackage edit','web',94,'2022-04-01 04:46:07','2022-04-01 04:46:07'),(97,'servicepackage delete','web',94,'2022-04-01 04:46:07','2022-04-01 04:46:07'),(98,'servicepackage list','web',94,'2022-04-01 04:46:07','2022-04-01 04:46:07'),(99,'Help and support','web',55,'2021-09-28 06:39:37','2021-09-28 06:39:37'),(100,'Refund and Cancellation Policy','web',55,'2021-09-28 06:39:37','2021-09-28 06:39:37'),(101,'blog','web',NULL,'2022-04-01 04:46:07','2022-04-01 04:46:07'),(102,'blog add','web',101,'2022-04-01 04:46:07','2022-04-01 04:46:07'),(103,'blog edit','web',101,'2022-04-01 04:46:07','2022-04-01 04:46:07'),(104,'blog delete','web',101,'2022-04-01 04:46:07','2022-04-01 04:46:07'),(105,'blog list','web',101,'2022-04-01 04:46:07','2022-04-01 04:46:07'),(106,'service add on ','web',NULL,'2022-04-01 04:46:07','2022-04-01 04:46:07'),(107,'service add on add','web',106,'2022-04-01 04:46:07','2022-04-01 04:46:07'),(108,'service add on edit','web',106,'2022-04-01 04:46:07','2022-04-01 04:46:07'),(109,'service add on delete','web',106,'2022-04-01 04:46:07','2022-04-01 04:46:07'),(110,'service add on list','web',106,'2022-04-01 04:46:07','2022-04-01 04:46:07'),(111,'frontend setting ','web',NULL,'2022-04-01 04:46:07','2022-04-01 04:46:07'),(112,'frontendsetting list','web',111,'2022-04-01 04:46:07','2022-04-01 04:46:07'),(113,'bank ','web',NULL,'2022-04-01 04:46:07','2022-04-01 04:46:07'),(114,'bank add','web',113,'2022-04-01 04:46:07','2022-04-01 04:46:07'),(115,'bank edit','web',113,'2022-04-01 04:46:07','2022-04-01 04:46:07'),(116,'bank delete','web',113,'2022-04-01 04:46:07','2022-04-01 04:46:07'),(117,'bank list','web',113,'2022-04-01 04:46:07','2022-04-01 04:46:07'),(118,'tax','web',NULL,'2022-04-01 04:46:07','2022-04-01 04:46:07'),(119,'tax add','web',118,'2022-04-01 04:46:07','2022-04-01 04:46:07'),(120,'tax edit','web',118,'2022-04-01 04:46:07','2022-04-01 04:46:07'),(121,'tax delete','web',118,'2022-04-01 04:46:07','2022-04-01 04:46:07'),(122,'tax list','web',118,'2022-04-01 04:46:07','2022-04-01 04:46:07'),(123,'earning ','web',NULL,'2022-04-01 04:46:07','2022-04-01 04:46:07'),(124,'earning list','web',123,'2022-04-01 04:46:07','2022-04-01 04:46:07'),(125,'wallet','web',NULL,'2022-04-01 04:46:07','2022-04-01 04:46:07'),(126,'wallet add','web',125,'2022-04-01 04:46:07','2022-04-01 04:46:07'),(127,'wallet edit','web',125,'2022-04-01 04:46:07','2022-04-01 04:46:07'),(128,'wallet delete','web',125,'2022-04-01 04:46:07','2022-04-01 04:46:07'),(129,'wallet list','web',125,'2022-04-01 04:46:07','2022-04-01 04:46:07'),(130,'userrating','web',NULL,'2022-04-01 04:46:07','2022-04-01 04:46:07'),(131,'userrating list','web',130,'2022-04-01 04:46:07','2022-04-01 04:46:07'),(132,'handymanrating','web',NULL,'2022-04-01 04:46:07','2022-04-01 04:46:07'),(133,'handymanrating list','web',132,'2022-04-01 04:46:07','2022-04-01 04:46:07'),(134,'plan','web',NULL,'2022-04-01 04:46:07','2022-04-01 04:46:07'),(135,'plan add','web',134,'2022-04-01 04:46:07','2022-04-01 04:46:07'),(136,'plan edit','web',134,'2022-04-01 04:46:07','2022-04-01 04:46:07'),(137,'plan delete','web',134,'2022-04-01 04:46:07','2022-04-01 04:46:07'),(138,'plan list','web',134,'2022-04-01 04:46:07','2022-04-01 04:46:07'),(139,'userservice list','web',34,'2022-04-01 04:46:07','2022-04-01 04:46:07'),(140,'system setting','web',NULL,'2022-04-01 04:46:07','2022-04-01 04:46:07');

--
-- Table structure for table `personal_access_tokens`
--

CREATE TABLE `personal_access_tokens` (
  `id` bigint unsigned NOT NULL AUTO_INCREMENT,
  `tokenable_type` varchar(255) COLLATE utf8mb4_unicode_ci NOT NULL,
  `tokenable_id` bigint unsigned NOT NULL,
  `name` varchar(255) COLLATE utf8mb4_unicode_ci NOT NULL,
  `token` varchar(64) COLLATE utf8mb4_unicode_ci NOT NULL,
  `abilities` text COLLATE utf8mb4_unicode_ci,
  `last_used_at` timestamp NULL DEFAULT NULL,
  `created_at` timestamp NULL DEFAULT NULL,
  `updated_at` timestamp NULL DEFAULT NULL,
  PRIMARY KEY (`id`),
  UNIQUE KEY `personal_access_tokens_token_unique` (`token`),
  KEY `personal_access_tokens_tokenable_type_tokenable_id_index` (`tokenable_type`,`tokenable_id`)
) ENGINE=InnoDB AUTO_INCREMENT=64 DEFAULT CHARSET=utf8mb4 COLLATE=utf8mb4_unicode_ci;

--
-- Dumping data for table `personal_access_tokens`
--

INSERT INTO `personal_access_tokens` VALUES (18,'App\\Models\\User',64,'auth_token','85cd418a2cb8ef8545d270081d45f72467822e8255a83fe8c2e8a5a3a624c2b8','[\"*\"]','2024-11-08 08:54:28','2024-11-04 04:28:09','2024-11-08 08:54:28'),(40,'App\\Models\\User',1,'auth_token','e718cd09877872b768a22fe560622dd873d0b29a2d60c8a6e03f4281898e74c1','[\"*\"]',NULL,'2024-11-08 05:48:30','2024-11-08 05:48:30'),(59,'App\\Models\\User',3,'auth_token','9861f2951ec83637dfd2f13608fefd26b9f7200121f1a13d65dda260609d1ccd','[\"*\"]','2024-11-21 06:17:47','2024-11-21 06:17:30','2024-11-21 06:17:47'),(61,'App\\Models\\User',63,'auth_token','d973ec70228f895525470caa14c3873d9f5ca49816282faeb4e5385ded5e337d','[\"*\"]','2024-11-21 06:29:44','2024-11-21 06:29:38','2024-11-21 06:29:44'),(63,'App\\Models\\User',61,'auth_token','915bdbbca42f9866021a0b65c5ebe948c53c4cbcaccb9a0a3b195ad46eb55533','[\"*\"]','2024-11-23 07:06:47','2024-11-21 08:03:51','2024-11-23 07:06:47');

--
-- Table structure for table `plan_limits`
--

CREATE TABLE `plan_limits` (
  `id` bigint unsigned NOT NULL AUTO_INCREMENT,
  `plan_id` bigint unsigned DEFAULT NULL,
  `plan_limitation` text COLLATE utf8mb4_unicode_ci,
  `created_at` timestamp NULL DEFAULT NULL,
  `updated_at` timestamp NULL DEFAULT NULL,
  PRIMARY KEY (`id`),
  KEY `plan_limits_plan_id_foreign` (`plan_id`),
  CONSTRAINT `plan_limits_plan_id_foreign` FOREIGN KEY (`plan_id`) REFERENCES `plans` (`id`) ON DELETE CASCADE
) ENGINE=InnoDB AUTO_INCREMENT=7 DEFAULT CHARSET=utf8mb4 COLLATE=utf8mb4_unicode_ci;

--
-- Dumping data for table `plan_limits`
--

INSERT INTO `plan_limits` VALUES (4,3,'{\"service\":{\"limit\":null},\"handyman\":{\"limit\":null},\"featured_service\":{\"limit\":null}}','2023-09-11 05:03:48','2023-09-11 05:03:48'),(5,2,'{\"service\":{\"limit\":null},\"handyman\":{\"limit\":null},\"featured_service\":{\"limit\":null}}','2023-09-11 05:04:02','2023-09-11 05:04:02'),(6,1,'{\"service\":{\"limit\":null},\"handyman\":{\"limit\":null},\"featured_service\":{\"limit\":null}}','2023-09-11 05:05:54','2023-09-11 05:05:54');

--
-- Table structure for table `plans`
--

CREATE TABLE `plans` (
  `id` bigint unsigned NOT NULL AUTO_INCREMENT,
  `title` varchar(255) COLLATE utf8mb4_unicode_ci NOT NULL,
  `identifier` varchar(255) COLLATE utf8mb4_unicode_ci NOT NULL,
  `type` varchar(255) COLLATE utf8mb4_unicode_ci NOT NULL,
  `trial_period` bigint DEFAULT NULL,
  `amount` double DEFAULT NULL,
  `status` tinyint DEFAULT '1',
  `created_at` timestamp NULL DEFAULT NULL,
  `updated_at` timestamp NULL DEFAULT NULL,
  `duration` text COLLATE utf8mb4_unicode_ci,
  `description` longtext COLLATE utf8mb4_unicode_ci,
  `plan_type` varchar(255) COLLATE utf8mb4_unicode_ci DEFAULT NULL,
  PRIMARY KEY (`id`)
) ENGINE=InnoDB AUTO_INCREMENT=4 DEFAULT CHARSET=utf8mb4 COLLATE=utf8mb4_unicode_ci;

--
-- Dumping data for table `plans`
--

INSERT INTO `plans` VALUES (1,'Free plan','free','weekly',7,0,1,'2022-03-10 11:26:15','2022-03-10 11:26:15',NULL,NULL,NULL),(2,'Basic plan','basic','monthly',NULL,10,1,'2022-03-10 11:26:15','2022-03-10 11:26:15',NULL,NULL,NULL),(3,'Premium plan','premium','yearly',NULL,100,1,'2022-03-10 11:26:15','2022-03-10 11:26:15',NULL,NULL,NULL);

--
-- Table structure for table `post_a_task`
--

CREATE TABLE `post_a_task` (
  `id` bigint unsigned NOT NULL AUTO_INCREMENT,
  `title` varchar(255) COLLATE utf8mb4_unicode_ci DEFAULT NULL,
  `description` text COLLATE utf8mb4_unicode_ci,
  `price` double DEFAULT '0',
  `on_site_remote` tinyint NOT NULL DEFAULT '0' COMMENT '1-on_site , 0-remote',
  `location` varchar(255) COLLATE utf8mb4_unicode_ci DEFAULT NULL,
  `latitude` varchar(255) COLLATE utf8mb4_unicode_ci DEFAULT NULL,
  `longitude` varchar(255) COLLATE utf8mb4_unicode_ci DEFAULT NULL,
  `day_type` varchar(255) COLLATE utf8mb4_unicode_ci DEFAULT NULL,
  `on_date` date DEFAULT NULL,
  `before_date` date DEFAULT NULL,
  `time_of_day` varchar(255) COLLATE utf8mb4_unicode_ci DEFAULT NULL,
  `status` varchar(255) COLLATE utf8mb4_unicode_ci DEFAULT NULL,
  `job_price` varchar(255) COLLATE utf8mb4_unicode_ci DEFAULT NULL,
  `category_id` bigint unsigned NOT NULL,
  `user_id` bigint unsigned NOT NULL,
  `provider_id` bigint unsigned DEFAULT NULL,
  `deleted_at` timestamp NULL DEFAULT NULL,
  `created_at` timestamp NULL DEFAULT NULL,
  `updated_at` timestamp NULL DEFAULT NULL,
  `country_code` varchar(255) COLLATE utf8mb4_unicode_ci DEFAULT NULL,
  `in_person_type` varchar(255) COLLATE utf8mb4_unicode_ci DEFAULT NULL,
  PRIMARY KEY (`id`),
  KEY `post_a_task_category_id_foreign` (`category_id`),
  KEY `post_a_task_user_id_foreign` (`user_id`),
  KEY `post_a_task_provider_id_foreign` (`provider_id`),
  CONSTRAINT `post_a_task_category_id_foreign` FOREIGN KEY (`category_id`) REFERENCES `categories` (`id`) ON DELETE CASCADE,
  CONSTRAINT `post_a_task_provider_id_foreign` FOREIGN KEY (`provider_id`) REFERENCES `users` (`id`) ON DELETE CASCADE,
  CONSTRAINT `post_a_task_user_id_foreign` FOREIGN KEY (`user_id`) REFERENCES `users` (`id`) ON DELETE CASCADE
) ENGINE=InnoDB AUTO_INCREMENT=29 DEFAULT CHARSET=utf8mb4 COLLATE=utf8mb4_unicode_ci;

--
-- Dumping data for table `post_a_task`
--

INSERT INTO `post_a_task` VALUES (1,'Home Cleaning','My home cleaning 🧼',500,1,'Australia','-25.274398','133.775136','anytime',NULL,NULL,'[]','assigned','400',9,3,4,'2024-11-18 10:21:01','2024-10-24 12:12:11','2024-11-18 10:21:01','AU',NULL),(2,'Hello','Hbh',400,1,'Algeria','28.033886','1.659626','Before date','2024-10-25','2024-10-26','[\"midday\"]','assigned','600',9,3,4,'2024-11-18 10:21:07','2024-10-25 11:34:36','2024-11-18 10:21:07','DZ',NULL),(3,'Job1','Hello',80,1,'2/2 Lancaster Dr, Marsfield New South Wales 2122, Australia','-33.7793825','151.1039297','anytime',NULL,NULL,'[]','requested',NULL,25,63,NULL,'2024-11-18 10:20:58','2024-11-04 04:21:05','2024-11-18 10:20:58','AU',NULL),(4,'Job1','Jdjdj',80,1,'2, 2 Lancaster Dr, Marsfield, New South Wales, 2122, Australia','-33.7793225','151.1039137','anytime',NULL,NULL,'[]','requested',NULL,24,64,NULL,'2024-11-18 10:21:11','2024-11-04 04:28:34','2024-11-18 10:21:11','AU',NULL),(5,'testing 5-11',NULL,150,1,'110-140 King St, Sydney NSW 2000, Australia','-33.8688197','151.2092955','',NULL,NULL,NULL,'requested',NULL,9,1,NULL,'2024-11-18 10:20:55','2024-11-05 12:25:53','2024-11-18 10:20:55',NULL,'in_store,call_out'),(6,'test in store',NULL,1,1,'110-140 King St, Sydney NSW 2000, Australia','-33.8688197','151.2092955','anytime',NULL,NULL,NULL,'requested',NULL,9,3,NULL,'2024-11-18 10:20:53','2024-11-06 06:24:06','2024-11-18 10:20:53',NULL,'in_store'),(7,'test call out',NULL,2,1,'William St opp Australian Museum, Sydney NSW 2000, Australia','-33.8737443','151.2133307','',NULL,NULL,NULL,'requested',NULL,9,3,NULL,'2024-11-18 10:20:55','2024-11-06 06:24:44','2024-11-18 10:20:55',NULL,'call_out'),(8,'test In Store & Call Out',NULL,3,1,'74 Darling Point Rd, Darling Point NSW 2027, Australia','-33.8684727','151.2389785','',NULL,NULL,NULL,'requested',NULL,21,3,NULL,'2024-11-18 10:20:51','2024-11-06 06:25:21','2024-11-18 10:20:51',NULL,'in_store,call_out'),(9,'Ac Repairing','description',100,1,NULL,NULL,NULL,NULL,NULL,NULL,NULL,'accept',NULL,11,4,NULL,'2024-11-18 10:20:52','2024-11-06 10:46:35','2024-11-18 10:20:52',NULL,'in_store,call_out'),(10,'hemil api test','description',100,1,NULL,NULL,NULL,NULL,NULL,NULL,NULL,'accept',NULL,11,4,NULL,'2024-11-18 10:20:46','2024-11-06 11:32:34','2024-11-18 10:20:46',NULL,'in_store,call_out'),(11,'hemil api test','description',100,1,NULL,'-33.8688','151.2093',NULL,NULL,NULL,NULL,'accept',NULL,11,4,NULL,'2024-11-18 10:20:50','2024-11-06 11:33:18','2024-11-18 10:20:50',NULL,'in_store,call_out'),(12,'hemil web test','test',150,1,'110-140 King St, Sydney NSW 2000, Australia','-33.8688197','151.2092955','anytime',NULL,NULL,NULL,'requested',NULL,9,3,NULL,'2024-11-18 10:20:57','2024-11-06 11:39:33','2024-11-18 10:20:57',NULL,'in_store'),(13,'hello',NULL,10,0,'110-140 King St, Sydney NSW 2000, Australia','-33.8688197','151.2092955','anytime',NULL,NULL,'[\"morning\",\"midday\"]','requested',NULL,9,3,NULL,'2024-11-18 10:20:41','2024-11-06 12:01:13','2024-11-18 10:20:41',NULL,'in_store,call_out'),(14,'jump','yooooooo',1,1,'110-140 King St, Sydney NSW 2000, Australia','-33.8688197','151.2092955','',NULL,NULL,NULL,'requested',NULL,11,3,NULL,'2024-11-18 10:20:07','2024-11-07 11:26:24','2024-11-18 10:20:07',NULL,'in_store'),(15,'my post job','testing',1000,1,'38 Canberra Ave, Casula NSW 2170, Australia','-33.9497204','150.9099226','',NULL,NULL,NULL,'requested',NULL,21,3,NULL,'2024-11-18 10:20:01','2024-11-07 11:39:08','2024-11-18 10:20:01',NULL,'in_store,call_out'),(16,'person-2 job','tesr',1000,1,'110-140 King St, Sydney NSW 2000, Australia','-33.8688271','151.2092987','',NULL,NULL,NULL,'requested',NULL,9,3,NULL,'2024-11-18 10:20:03','2024-11-08 05:41:36','2024-11-18 10:20:03',NULL,'in_store,call_out'),(17,'person-1 job',NULL,150,1,'1202-1292 101 St, North Battleford, SK S9A 0Z7, Canada','52.7764752','-108.2974555','',NULL,NULL,NULL,'requested',NULL,9,3,NULL,'2024-11-18 10:20:43','2024-11-08 05:42:39','2024-11-18 10:20:43',NULL,'in_store'),(18,'remote',NULL,1500,0,'1202-1292 101 St, North Battleford, SK S9A 0Z7, Canada','52.7764752','-108.2974555',NULL,NULL,NULL,NULL,'requested',NULL,9,3,NULL,'2024-11-18 10:19:57','2024-11-08 05:43:47','2024-11-18 10:19:57',NULL,NULL),(19,'person-2','test',1400,1,'Ayodhya Dham Rd, Ayodhya, Uttar Pradesh 224123, India','26.7921605','82.1997954','',NULL,NULL,NULL,'requested',NULL,9,3,NULL,'2024-11-18 10:19:59','2024-11-08 05:46:55','2024-11-18 10:19:59',NULL,'in_store'),(20,'Ffdd','Dddddd',5555,1,'4, 4 Lancaster Dr, Marsfield, New South Wales, 2122, Australia','-33.779337','151.1038114','anytime',NULL,NULL,'[\"morning\"]','requested',NULL,17,3,NULL,'2024-11-18 10:20:44','2024-11-15 21:48:35','2024-11-18 10:20:44','AU',NULL),(21,'I Require Cleaning Today','House cleaning on site , large 4 bedroom house with windows',500,1,'2, 2 Lancaster Dr, Marsfield, New South Wales, 2122, Australia','-33.7793034','151.1039087','anytime',NULL,NULL,'[\"morning\"]','requested',NULL,22,65,NULL,'2024-11-19 04:41:48','2024-11-18 10:42:00','2024-11-19 04:41:48','AU','call_out'),(22,'Help With Moving','I need to move house.  So you can all help',350,1,'490, 490 Tumbi Rd, Wamberal, New South Wales, 2260, Australia','-33.4026238','151.4534667','anytime',NULL,NULL,'[\"midday\",\"afternoon\"]','requested',NULL,18,65,NULL,'2024-11-19 04:41:49','2024-11-18 10:46:26','2024-11-19 04:41:49','AU','call_out'),(23,'Test1','Test one job',200,1,'Townsville Airport (TSV), Stinson Avenue, Garbutt QLD, Australia','-19.2470485','146.7667935','anytime',NULL,NULL,'[]','requested',NULL,19,65,NULL,NULL,'2024-11-19 04:44:00','2024-11-19 04:44:00','AU','call_out'),(24,'Test2','Test2',100,1,'Townsville Airport (TSV), Stinson Avenue, Garbutt QLD, Australia','-19.2470485','146.7667935','anytime',NULL,NULL,'[]','requested',NULL,19,65,NULL,NULL,'2024-11-19 04:45:38','2024-11-19 04:45:38','AU','in_store'),(25,'Test3','Test3 remote job',20,0,NULL,NULL,NULL,NULL,NULL,NULL,NULL,'requested',NULL,19,65,NULL,NULL,'2024-11-19 04:46:35','2024-11-19 04:46:35',NULL,NULL),(26,'Test4','Test 4',20,1,'Townsville Airport (TSV), Stinson Avenue, Garbutt QLD, Australia','-19.2470485','146.7667935','anytime',NULL,NULL,'[]','requested',NULL,19,65,NULL,NULL,'2024-11-19 04:47:40','2024-11-19 04:47:40','AU','in_store,call_out'),(27,'Help Moving F','Help mo inf sjsnsns',50,1,'34, 34 Perkins St, South Townsville, Queensland, 4810, Australia','-19.2635638','146.8247743','anytime',NULL,NULL,'[\"midday\",\"afternoon\",\"evening\"]','requested',NULL,23,65,NULL,NULL,'2024-11-19 08:03:20','2024-11-19 08:03:20','AU','in_store,call_out'),(28,'Djfjf','Ddfhf',46586,1,'Australia','-25.274398','133.775136','anytime',NULL,NULL,'[]','requested',NULL,26,3,NULL,NULL,'2024-11-20 16:03:25','2024-11-20 16:03:25','AU',NULL);

--
-- Table structure for table `post_job_bids`
--

CREATE TABLE `post_job_bids` (
  `id` bigint unsigned NOT NULL AUTO_INCREMENT,
  `post_request_id` bigint unsigned DEFAULT NULL,
  `provider_id` bigint unsigned DEFAULT NULL,
  `customer_id` bigint unsigned DEFAULT NULL,
  `price` double DEFAULT '0',
  `duration` varchar(255) COLLATE utf8mb4_unicode_ci DEFAULT NULL,
  `status` tinyint DEFAULT '1',
  `created_at` timestamp NULL DEFAULT NULL,
  `updated_at` timestamp NULL DEFAULT NULL,
  PRIMARY KEY (`id`),
  KEY `post_job_bids_post_request_id_foreign` (`post_request_id`),
  KEY `post_job_bids_provider_id_foreign` (`provider_id`),
  KEY `post_job_bids_customer_id_foreign` (`customer_id`),
  CONSTRAINT `post_job_bids_customer_id_foreign` FOREIGN KEY (`customer_id`) REFERENCES `users` (`id`) ON DELETE CASCADE,
  CONSTRAINT `post_job_bids_post_request_id_foreign` FOREIGN KEY (`post_request_id`) REFERENCES `post_a_task` (`id`) ON DELETE CASCADE,
  CONSTRAINT `post_job_bids_provider_id_foreign` FOREIGN KEY (`provider_id`) REFERENCES `users` (`id`) ON DELETE CASCADE
) ENGINE=InnoDB AUTO_INCREMENT=4 DEFAULT CHARSET=utf8mb4 COLLATE=utf8mb4_unicode_ci;

--
-- Dumping data for table `post_job_bids`
--


--
-- Table structure for table `post_job_provider_address_mappings`
--

CREATE TABLE `post_job_provider_address_mappings` (
  `id` bigint unsigned NOT NULL AUTO_INCREMENT,
  `post_job_id` bigint unsigned DEFAULT NULL,
  `service_id` bigint unsigned DEFAULT NULL,
  `provider_address_id` bigint unsigned DEFAULT NULL,
  `created_at` timestamp NULL DEFAULT NULL,
  `updated_at` timestamp NULL DEFAULT NULL,
  PRIMARY KEY (`id`),
  KEY `post_job_provider_address_mappings_post_job_id_foreign` (`post_job_id`),
  KEY `post_job_provider_address_mappings_service_id_foreign` (`service_id`),
  KEY `post_job_provider_address_mappings_provider_address_id_foreign` (`provider_address_id`),
  CONSTRAINT `post_job_provider_address_mappings_post_job_id_foreign` FOREIGN KEY (`post_job_id`) REFERENCES `post_job_requests` (`id`) ON DELETE CASCADE,
  CONSTRAINT `post_job_provider_address_mappings_provider_address_id_foreign` FOREIGN KEY (`provider_address_id`) REFERENCES `provider_address_mappings` (`id`) ON DELETE CASCADE,
  CONSTRAINT `post_job_provider_address_mappings_service_id_foreign` FOREIGN KEY (`service_id`) REFERENCES `services` (`id`) ON DELETE CASCADE
) ENGINE=InnoDB DEFAULT CHARSET=utf8mb4 COLLATE=utf8mb4_unicode_ci;

--
-- Dumping data for table `post_job_provider_address_mappings`
--


--
-- Table structure for table `post_job_requests`
--

CREATE TABLE `post_job_requests` (
  `id` bigint unsigned NOT NULL AUTO_INCREMENT,
  `title` varchar(255) COLLATE utf8mb4_unicode_ci DEFAULT NULL,
  `description` varchar(255) COLLATE utf8mb4_unicode_ci DEFAULT NULL,
  `provider_id` bigint unsigned DEFAULT NULL,
  `customer_id` bigint unsigned DEFAULT NULL,
  `price` double DEFAULT NULL,
  `job_price` double DEFAULT NULL,
  `status` varchar(255) COLLATE utf8mb4_unicode_ci DEFAULT NULL,
  `reason` varchar(255) COLLATE utf8mb4_unicode_ci DEFAULT NULL,
  `date` datetime DEFAULT NULL,
  `created_at` timestamp NULL DEFAULT NULL,
  `updated_at` timestamp NULL DEFAULT NULL,
  PRIMARY KEY (`id`),
  KEY `post_job_requests_customer_id_foreign` (`customer_id`),
  CONSTRAINT `post_job_requests_customer_id_foreign` FOREIGN KEY (`customer_id`) REFERENCES `users` (`id`) ON DELETE CASCADE
) ENGINE=InnoDB DEFAULT CHARSET=utf8mb4 COLLATE=utf8mb4_unicode_ci;

--
-- Dumping data for table `post_job_requests`
--


--
-- Table structure for table `post_job_service_mappings`
--

CREATE TABLE `post_job_service_mappings` (
  `id` bigint unsigned NOT NULL AUTO_INCREMENT,
  `post_request_id` bigint unsigned NOT NULL,
  `service_id` bigint unsigned NOT NULL,
  `deleted_at` timestamp NULL DEFAULT NULL,
  `created_at` timestamp NULL DEFAULT NULL,
  `updated_at` timestamp NULL DEFAULT NULL,
  PRIMARY KEY (`id`),
  KEY `post_job_service_mappings_service_id_foreign` (`service_id`),
  KEY `post_job_service_mappings_post_request_id_foreign` (`post_request_id`),
  CONSTRAINT `post_job_service_mappings_post_request_id_foreign` FOREIGN KEY (`post_request_id`) REFERENCES `post_job_requests` (`id`) ON DELETE CASCADE,
  CONSTRAINT `post_job_service_mappings_service_id_foreign` FOREIGN KEY (`service_id`) REFERENCES `services` (`id`) ON DELETE CASCADE
) ENGINE=InnoDB DEFAULT CHARSET=utf8mb4 COLLATE=utf8mb4_unicode_ci;

--
-- Dumping data for table `post_job_service_mappings`
--


--
-- Table structure for table `post_request_statuses`
--

CREATE TABLE `post_request_statuses` (
  `id` bigint unsigned NOT NULL AUTO_INCREMENT,
  `value` varchar(255) COLLATE utf8mb4_unicode_ci DEFAULT NULL,
  `label` varchar(255) COLLATE utf8mb4_unicode_ci DEFAULT NULL,
  `status` tinyint DEFAULT '1' COMMENT '0-inactive , 1 - active',
  `sequence` int DEFAULT '0',
  `created_at` timestamp NULL DEFAULT NULL,
  `updated_at` timestamp NULL DEFAULT NULL,
  PRIMARY KEY (`id`)
) ENGINE=InnoDB AUTO_INCREMENT=6 DEFAULT CHARSET=utf8mb4 COLLATE=utf8mb4_unicode_ci;

--
-- Dumping data for table `post_request_statuses`
--

INSERT INTO `post_request_statuses` VALUES (1,'requested','Requested',1,1,'2021-05-30 16:47:08','2021-05-30 16:47:21'),(2,'accepted','Accepted',1,2,'2021-05-30 16:50:40','2021-05-30 16:50:44'),(3,'cancelled','Cancelled',1,3,'2021-05-30 16:55:03','2021-05-30 16:55:05'),(4,'declined','Declined',1,4,'2021-05-30 16:55:09','2021-05-30 16:55:10'),(5,'assigned','Assigned',1,5,'2021-05-30 16:55:09','2021-05-30 16:55:10');

--
-- Table structure for table `provider_address_mappings`
--

CREATE TABLE `provider_address_mappings` (
  `id` bigint unsigned NOT NULL AUTO_INCREMENT,
  `provider_id` bigint unsigned DEFAULT NULL,
  `address` text COLLATE utf8mb4_unicode_ci,
  `latitude` text COLLATE utf8mb4_unicode_ci,
  `longitude` text COLLATE utf8mb4_unicode_ci,
  `status` tinyint DEFAULT '1',
  `created_at` timestamp NULL DEFAULT NULL,
  `updated_at` timestamp NULL DEFAULT NULL,
  `deleted_at` timestamp NULL DEFAULT NULL,
  PRIMARY KEY (`id`),
  KEY `provider_address_mappings_provider_id_foreign` (`provider_id`),
  CONSTRAINT `provider_address_mappings_provider_id_foreign` FOREIGN KEY (`provider_id`) REFERENCES `users` (`id`) ON DELETE CASCADE
) ENGINE=InnoDB AUTO_INCREMENT=42 DEFAULT CHARSET=utf8mb4 COLLATE=utf8mb4_unicode_ci;

--
-- Dumping data for table `provider_address_mappings`
--

INSERT INTO `provider_address_mappings` VALUES (1,4,'North Battleford, SK, Canada','52.757500','-108.286110',1,'2023-09-04 06:15:18','2023-09-04 06:15:18',NULL),(2,4,'Melville, SK, Canada','50.930557','-102.807777',1,'2023-09-04 06:15:46','2023-09-04 06:15:46',NULL),(3,4,'Ashland, KY, USA','38.460304','-82.649666',1,'2023-09-04 06:16:14','2023-09-04 06:16:14',NULL),(4,4,'Mont-Saint-Hilaire, QC, Canada','45.562222','-73.191666',1,'2023-09-04 06:16:49','2023-09-04 06:16:49',NULL),(5,4,'Melbourne, Australia','-37.8142','144.9631',1,'2023-09-04 06:17:11','2023-09-04 06:36:55',NULL),(6,4,'Brisbane, Australia','-27.4678','153.0281',1,'2023-09-04 06:17:36','2023-09-04 06:17:36',NULL),(7,4,'Yorkton, SK, Canada','51.213890','102.462776',1,'2023-09-04 06:18:08','2023-09-04 06:18:08',NULL),(8,4,'Morgan City, LA, USA','29.706043','-91.206917',1,'2023-09-04 06:18:37','2023-09-04 06:18:37',NULL),(10,4,'Hazard, KY, USA','37.250626','-83.195503',1,'2023-09-04 06:19:25','2023-09-04 06:19:25',NULL),(11,6,'Covington, KY, USA','39.067719','-84.516426',1,'2023-09-04 06:22:55','2023-09-04 06:22:55',NULL),(12,7,'Belfast, UK','54.607868','-5.926437',1,'2023-09-04 06:24:44','2023-09-04 06:24:54','2023-09-04 06:24:54'),(13,7,'Belfast, UK','54.607868','-5.926437',1,'2023-09-04 06:25:16','2023-09-04 06:25:16',NULL),(14,8,'Cambridge, MD, USA','38.563461','-76.085251',1,'2023-09-04 06:26:23','2023-09-04 06:26:23',NULL),(15,9,'Augusta, ME, USA','44.331493','-69.788994',1,'2023-09-04 06:28:23','2023-09-04 06:28:23',NULL),(16,10,'Aberdeen, MD, USA','39.514877','-76.174110',1,'2023-09-04 06:30:48','2023-09-04 06:30:48',NULL),(17,10,'Auburn, MD, USA','32.609856','-85.480782',1,'2023-09-04 06:31:18','2023-09-04 06:31:18',NULL),(20,12,'Sandy Beach, Canada','-30.1483','153.2011',1,'2023-09-04 06:38:25','2023-09-04 06:38:25',NULL),(21,12,'Ontario, Barrie, Canada','44.389355','-79.690331',1,'2023-09-04 06:40:56','2023-09-04 06:40:56',NULL),(22,13,'Warman, SK, Canada','52.321945','-106.584167',1,'2023-09-04 06:42:23','2023-09-04 06:42:23',NULL),(23,14,'Melbourne, Australia','-37.8142','144.9631',1,'2023-09-04 06:43:16','2023-09-04 06:43:16',NULL),(24,14,'Sydney, Australia','-33.8678','151.2100',1,'2023-09-04 06:44:38','2023-09-04 06:44:38',NULL),(25,15,'New Bedford, MA, USA','41.638409','-70.941208',1,'2023-09-04 06:46:26','2023-09-04 06:46:26',NULL),(26,15,'Greenbelt, MD, USA','38.998318','-76.896332',1,'2023-09-04 06:46:53','2023-09-04 06:46:53',NULL),(27,16,'Newcastle, Australia','-32.9167','151.7500',1,'2023-09-04 06:48:59','2023-09-04 06:48:59',NULL),(28,16,'Frankston, Victoria, Australia','-38.1580','145.1350',1,'2023-09-04 06:50:11','2023-09-04 06:50:11',NULL),(29,17,'Edinburgh, Scotland, UK','55.953251','-3.188267',1,'2023-09-04 06:51:33','2023-09-04 06:51:33',NULL),(30,17,'Elgin, Scotland, UK','57.653484','-3.335724',1,'2023-09-04 06:52:44','2023-09-04 06:52:44',NULL),(31,4,'Southampton, UK','50.909698','-1.404351',1,'2023-09-06 11:08:15','2023-09-06 11:08:15',NULL),(32,4,'4, 4 Lancaster Dr, Marsfield, New South Wales, 2122, Australia','-33.7794205','151.1038451',1,'2024-10-29 07:00:48','2024-10-29 07:00:48',NULL),(33,61,'4, 4 Lancaster Dr, Marsfield, New South Wales, 2122, Australia','-33.7794205','151.1038451',1,'2024-11-02 01:28:24','2024-11-02 01:28:24',NULL),(34,61,'Marsfield NSW, Australia','-33.7800906','151.1029137',1,'2024-11-02 01:29:32','2024-11-02 01:29:32',NULL),(35,4,'Sydney NSW, Australia','-33.8688197','151.2092955',1,'2024-11-07 07:53:38','2024-11-07 07:53:38',NULL),(36,4,'555, Surat, Gujarat, 395004, India','21.2299596','72.8209298',1,'2024-11-12 07:53:12','2024-11-12 07:53:12',NULL),(37,61,'4, 4 Lancaster Dr, Marsfield, New South Wales, 2122, Australia','-33.7794205','151.1038451',1,'2024-11-15 21:39:42','2024-11-15 21:39:42',NULL),(38,61,'Hillsong Comma Coffee | Waterloo, 188 Young Street, Waterloo New South Wales 2017, Australia','-33.8978687','151.2088394',1,'2024-11-17 00:53:18','2024-11-17 00:53:18',NULL),(39,61,'Townsville Airport (TSV), Stinson Avenue, Garbutt QLD, Australia','-19.2470485','146.7667935',1,'2024-11-19 03:13:30','2024-11-19 03:13:30',NULL),(40,4,'Vasundhara Society, Surat, Gujarat, 395004, India','21.2232953','72.8317232',1,'2024-11-19 11:39:43','2024-11-19 11:39:43',NULL),(41,4,'153, 153 Old Common Rd, Rowes Bay, Queensland, 4814, Australia','-19.2438547','146.7757775',1,'2024-11-20 09:12:15','2024-11-20 09:12:15',NULL);

--
-- Table structure for table `provider_documents`
--

CREATE TABLE `provider_documents` (
  `id` bigint unsigned NOT NULL AUTO_INCREMENT,
  `provider_id` bigint unsigned NOT NULL,
  `document_id` bigint unsigned NOT NULL,
  `is_verified` tinyint DEFAULT '0',
  `deleted_at` timestamp NULL DEFAULT NULL,
  `created_at` timestamp NULL DEFAULT NULL,
  `updated_at` timestamp NULL DEFAULT NULL,
  PRIMARY KEY (`id`),
  KEY `provider_documents_provider_id_foreign` (`provider_id`),
  KEY `provider_documents_document_id_foreign` (`document_id`),
  CONSTRAINT `provider_documents_document_id_foreign` FOREIGN KEY (`document_id`) REFERENCES `documents` (`id`) ON DELETE CASCADE,
  CONSTRAINT `provider_documents_provider_id_foreign` FOREIGN KEY (`provider_id`) REFERENCES `users` (`id`) ON DELETE CASCADE
) ENGINE=InnoDB AUTO_INCREMENT=31 DEFAULT CHARSET=utf8mb4 COLLATE=utf8mb4_unicode_ci;

--
-- Dumping data for table `provider_documents`
--

INSERT INTO `provider_documents` VALUES (1,6,5,0,NULL,'2023-10-12 09:46:54','2023-10-12 09:48:31'),(3,6,3,1,NULL,'2023-10-12 09:47:44','2023-10-12 09:48:31'),(4,10,3,0,NULL,'2023-10-12 09:50:41','2023-10-12 09:50:41'),(6,10,5,1,NULL,'2023-10-12 09:51:09','2023-10-12 09:51:27'),(7,16,5,0,NULL,'2023-10-12 09:52:46','2023-10-12 09:52:46'),(8,16,3,1,NULL,'2023-10-12 09:52:56','2023-10-12 09:53:07'),(9,8,5,1,NULL,'2023-10-12 09:54:30','2023-10-12 10:26:59'),(10,8,3,0,NULL,'2023-10-12 09:54:36','2023-10-12 09:54:36'),(11,14,3,1,NULL,'2023-10-12 09:56:33','2023-10-12 09:56:53'),(12,14,5,0,NULL,'2023-10-12 09:56:42','2023-10-12 09:56:42'),(13,9,5,0,NULL,'2023-10-12 09:59:17','2023-10-12 09:59:17'),(14,9,3,1,NULL,'2023-10-12 09:59:21','2023-10-12 09:59:35'),(15,13,5,0,NULL,'2023-10-12 10:00:38','2023-10-12 10:00:38'),(16,13,3,1,NULL,'2023-10-12 10:00:43','2023-10-12 10:05:39'),(18,17,5,1,NULL,'2023-10-12 10:04:03','2023-10-12 10:05:37'),(19,17,3,0,NULL,'2023-10-12 10:06:32','2023-10-12 10:06:32'),(20,15,5,1,NULL,'2023-10-12 10:19:12','2023-10-12 10:19:55'),(22,15,3,1,NULL,'2023-10-12 10:19:39','2023-10-12 10:19:55'),(23,7,3,0,NULL,'2023-10-12 10:21:44','2023-10-12 10:21:44'),(24,7,5,0,NULL,'2023-10-12 10:21:49','2023-10-12 10:21:49'),(25,12,5,1,NULL,'2023-10-12 10:24:06','2023-10-12 10:24:33'),(27,12,3,0,NULL,'2023-10-12 10:25:01','2023-10-12 10:25:01'),(28,4,3,0,NULL,'2023-10-12 10:26:20','2023-10-12 10:26:39'),(29,4,5,1,NULL,'2023-10-12 10:26:26','2023-10-12 10:26:35'),(30,61,3,0,NULL,'2024-10-31 23:33:21','2024-10-31 23:33:21');

--
-- Table structure for table `provider_payouts`
--

CREATE TABLE `provider_payouts` (
  `id` bigint unsigned NOT NULL AUTO_INCREMENT,
  `provider_id` bigint unsigned DEFAULT NULL,
  `payment_method` text COLLATE utf8mb4_unicode_ci,
  `description` text COLLATE utf8mb4_unicode_ci,
  `amount` double DEFAULT NULL,
  `paid_date` datetime DEFAULT NULL,
  `created_at` timestamp NULL DEFAULT NULL,
  `updated_at` timestamp NULL DEFAULT NULL,
  `status` text COLLATE utf8mb4_unicode_ci,
  `bank_id` int DEFAULT NULL,
  PRIMARY KEY (`id`),
  KEY `provider_payouts_provider_id_foreign` (`provider_id`),
  CONSTRAINT `provider_payouts_provider_id_foreign` FOREIGN KEY (`provider_id`) REFERENCES `users` (`id`) ON DELETE CASCADE
) ENGINE=InnoDB AUTO_INCREMENT=3 DEFAULT CHARSET=utf8mb4 COLLATE=utf8mb4_unicode_ci;

--
-- Dumping data for table `provider_payouts`
--

INSERT INTO `provider_payouts` VALUES (1,12,'wallet',NULL,65,NULL,'2023-10-06 05:56:05','2023-10-06 05:56:05',NULL,NULL),(2,16,'bank',NULL,91,NULL,'2023-10-06 05:58:17','2023-10-06 05:58:17',NULL,NULL);

--
-- Table structure for table `provider_service_address_mappings`
--

CREATE TABLE `provider_service_address_mappings` (
  `id` bigint unsigned NOT NULL AUTO_INCREMENT,
  `service_id` bigint unsigned DEFAULT NULL,
  `provider_address_id` bigint unsigned DEFAULT NULL,
  `created_at` timestamp NULL DEFAULT NULL,
  `updated_at` timestamp NULL DEFAULT NULL,
  PRIMARY KEY (`id`),
  KEY `provider_service_address_mappings_service_id_foreign` (`service_id`),
  KEY `provider_service_address_mappings_provider_address_id_foreign` (`provider_address_id`),
  CONSTRAINT `provider_service_address_mappings_provider_address_id_foreign` FOREIGN KEY (`provider_address_id`) REFERENCES `provider_address_mappings` (`id`) ON DELETE CASCADE,
  CONSTRAINT `provider_service_address_mappings_service_id_foreign` FOREIGN KEY (`service_id`) REFERENCES `services` (`id`) ON DELETE CASCADE
) ENGINE=InnoDB AUTO_INCREMENT=958 DEFAULT CHARSET=utf8mb4 COLLATE=utf8mb4_unicode_ci;

--
-- Dumping data for table `provider_service_address_mappings`
--

INSERT INTO `provider_service_address_mappings` VALUES (5,12,27,NULL,NULL),(6,12,28,NULL,NULL),(11,13,27,NULL,NULL),(12,13,28,NULL,NULL),(13,14,25,NULL,NULL),(14,14,26,NULL,NULL),(61,19,21,NULL,NULL),(62,19,20,NULL,NULL),(81,20,1,NULL,NULL),(82,20,5,NULL,NULL),(83,20,8,NULL,NULL),(84,20,10,NULL,NULL),(87,22,1,NULL,NULL),(88,22,3,NULL,NULL),(89,22,4,NULL,NULL),(90,22,6,NULL,NULL),(98,25,1,NULL,NULL),(99,25,3,NULL,NULL),(100,25,5,NULL,NULL),(101,25,8,NULL,NULL),(102,26,2,NULL,NULL),(103,26,3,NULL,NULL),(104,26,4,NULL,NULL),(105,26,5,NULL,NULL),(107,15,2,NULL,NULL),(108,15,3,NULL,NULL),(109,15,6,NULL,NULL),(110,15,7,NULL,NULL),(112,15,10,NULL,NULL),(113,15,31,NULL,NULL),(114,17,1,NULL,NULL),(115,17,2,NULL,NULL),(116,17,3,NULL,NULL),(117,17,4,NULL,NULL),(118,17,5,NULL,NULL),(119,17,6,NULL,NULL),(121,17,8,NULL,NULL),(123,17,10,NULL,NULL),(124,17,31,NULL,NULL),(125,18,1,NULL,NULL),(126,18,2,NULL,NULL),(127,18,3,NULL,NULL),(128,18,5,NULL,NULL),(129,18,8,NULL,NULL),(130,18,31,NULL,NULL),(135,27,1,NULL,NULL),(136,27,3,NULL,NULL),(137,27,5,NULL,NULL),(138,27,31,NULL,NULL),(139,28,2,NULL,NULL),(140,28,3,NULL,NULL),(141,28,5,NULL,NULL),(142,28,7,NULL,NULL),(143,28,31,NULL,NULL),(144,29,1,NULL,NULL),(145,29,3,NULL,NULL),(146,29,5,NULL,NULL),(147,29,31,NULL,NULL),(150,30,23,NULL,NULL),(151,30,24,NULL,NULL),(152,16,14,NULL,NULL),(153,31,1,NULL,NULL),(154,31,2,NULL,NULL),(155,31,6,NULL,NULL),(156,31,10,NULL,NULL),(157,32,3,NULL,NULL),(158,32,4,NULL,NULL),(159,32,5,NULL,NULL),(160,32,31,NULL,NULL),(161,33,1,NULL,NULL),(162,33,2,NULL,NULL),(163,33,3,NULL,NULL),(164,33,4,NULL,NULL),(165,33,5,NULL,NULL),(166,33,8,NULL,NULL),(168,33,31,NULL,NULL),(176,35,2,NULL,NULL),(177,35,5,NULL,NULL),(178,35,6,NULL,NULL),(179,35,10,NULL,NULL),(180,35,31,NULL,NULL),(181,34,31,NULL,NULL),(182,34,10,NULL,NULL),(183,34,6,NULL,NULL),(184,34,5,NULL,NULL),(185,34,4,NULL,NULL),(186,34,2,NULL,NULL),(191,37,2,NULL,NULL),(192,37,4,NULL,NULL),(193,37,5,NULL,NULL),(195,37,10,NULL,NULL),(196,37,31,NULL,NULL),(197,38,1,NULL,NULL),(198,38,6,NULL,NULL),(200,38,10,NULL,NULL),(201,38,31,NULL,NULL),(210,39,2,NULL,NULL),(211,39,3,NULL,NULL),(212,39,5,NULL,NULL),(213,39,31,NULL,NULL),(214,40,25,NULL,NULL),(215,40,26,NULL,NULL),(216,41,20,NULL,NULL),(217,41,21,NULL,NULL),(218,42,2,NULL,NULL),(219,42,5,NULL,NULL),(220,42,8,NULL,NULL),(221,42,31,NULL,NULL),(222,43,1,NULL,NULL),(223,43,3,NULL,NULL),(224,43,5,NULL,NULL),(225,43,31,NULL,NULL),(240,45,1,NULL,NULL),(241,45,2,NULL,NULL),(242,45,6,NULL,NULL),(243,45,10,NULL,NULL),(244,45,31,NULL,NULL),(245,46,22,NULL,NULL),(252,49,4,NULL,NULL),(253,49,5,NULL,NULL),(255,49,10,NULL,NULL),(256,49,31,NULL,NULL),(257,50,20,NULL,NULL),(258,50,21,NULL,NULL),(259,51,2,NULL,NULL),(260,51,5,NULL,NULL),(261,51,10,NULL,NULL),(262,51,31,NULL,NULL),(273,54,2,NULL,NULL),(274,54,5,NULL,NULL),(275,54,10,NULL,NULL),(276,54,31,NULL,NULL),(288,55,1,NULL,NULL),(289,55,2,NULL,NULL),(290,55,3,NULL,NULL),(291,55,4,NULL,NULL),(292,55,5,NULL,NULL),(293,55,6,NULL,NULL),(294,55,7,NULL,NULL),(295,55,8,NULL,NULL),(297,55,10,NULL,NULL),(298,55,31,NULL,NULL),(303,56,1,NULL,NULL),(304,56,5,NULL,NULL),(305,56,8,NULL,NULL),(306,56,31,NULL,NULL),(307,57,2,NULL,NULL),(308,57,4,NULL,NULL),(309,57,6,NULL,NULL),(310,57,10,NULL,NULL),(311,57,31,NULL,NULL),(312,58,2,NULL,NULL),(313,58,5,NULL,NULL),(314,58,8,NULL,NULL),(315,58,31,NULL,NULL),(316,59,3,NULL,NULL),(317,59,6,NULL,NULL),(318,59,7,NULL,NULL),(319,59,31,NULL,NULL),(325,60,3,NULL,NULL),(326,60,4,NULL,NULL),(327,60,5,NULL,NULL),(328,60,6,NULL,NULL),(329,60,31,NULL,NULL),(334,61,1,NULL,NULL),(335,61,3,NULL,NULL),(336,61,5,NULL,NULL),(337,61,31,NULL,NULL),(338,62,2,NULL,NULL),(339,62,4,NULL,NULL),(340,62,8,NULL,NULL),(341,62,10,NULL,NULL),(352,63,31,NULL,NULL),(353,63,5,NULL,NULL),(354,63,4,NULL,NULL),(355,63,3,NULL,NULL),(356,63,2,NULL,NULL),(369,66,27,NULL,NULL),(370,66,28,NULL,NULL),(372,67,22,NULL,NULL),(373,68,25,NULL,NULL),(374,68,26,NULL,NULL),(375,69,20,NULL,NULL),(376,69,21,NULL,NULL),(377,70,1,NULL,NULL),(378,70,5,NULL,NULL),(379,70,10,NULL,NULL),(380,70,31,NULL,NULL),(381,71,1,NULL,NULL),(382,71,2,NULL,NULL),(383,71,3,NULL,NULL),(384,71,4,NULL,NULL),(385,71,5,NULL,NULL),(386,71,8,NULL,NULL),(387,71,10,NULL,NULL),(388,71,31,NULL,NULL),(389,72,2,NULL,NULL),(390,72,3,NULL,NULL),(391,72,5,NULL,NULL),(392,72,31,NULL,NULL),(393,73,27,NULL,NULL),(394,73,28,NULL,NULL),(396,74,13,NULL,NULL),(399,76,2,NULL,NULL),(400,76,3,NULL,NULL),(401,76,5,NULL,NULL),(402,76,31,NULL,NULL),(403,77,22,NULL,NULL),(404,78,1,NULL,NULL),(405,78,2,NULL,NULL),(406,78,3,NULL,NULL),(407,78,4,NULL,NULL),(408,78,5,NULL,NULL),(409,78,6,NULL,NULL),(410,78,7,NULL,NULL),(411,78,8,NULL,NULL),(413,78,10,NULL,NULL),(414,78,31,NULL,NULL),(415,79,29,NULL,NULL),(416,79,30,NULL,NULL),(417,80,2,NULL,NULL),(418,80,3,NULL,NULL),(419,80,4,NULL,NULL),(420,80,5,NULL,NULL),(421,80,6,NULL,NULL),(422,80,31,NULL,NULL),(423,81,2,NULL,NULL),(424,81,5,NULL,NULL),(425,81,6,NULL,NULL),(426,81,8,NULL,NULL),(427,81,10,NULL,NULL),(428,81,31,NULL,NULL),(429,82,3,NULL,NULL),(430,82,4,NULL,NULL),(431,82,5,NULL,NULL),(432,82,7,NULL,NULL),(433,82,31,NULL,NULL),(434,84,1,NULL,NULL),(435,84,3,NULL,NULL),(436,84,5,NULL,NULL),(437,84,31,NULL,NULL),(438,85,27,NULL,NULL),(439,85,28,NULL,NULL),(440,86,2,NULL,NULL),(441,86,4,NULL,NULL),(442,86,6,NULL,NULL),(444,86,10,NULL,NULL),(445,86,31,NULL,NULL),(446,87,2,NULL,NULL),(447,87,4,NULL,NULL),(448,87,5,NULL,NULL),(449,87,10,NULL,NULL),(450,87,31,NULL,NULL),(451,88,1,NULL,NULL),(452,88,3,NULL,NULL),(453,88,4,NULL,NULL),(454,88,5,NULL,NULL),(455,88,10,NULL,NULL),(456,88,31,NULL,NULL),(462,90,29,NULL,NULL),(463,90,30,NULL,NULL),(464,91,2,NULL,NULL),(465,91,4,NULL,NULL),(466,91,5,NULL,NULL),(468,91,31,NULL,NULL),(469,92,13,NULL,NULL),(475,93,1,NULL,NULL),(476,93,6,NULL,NULL),(478,93,10,NULL,NULL),(479,93,31,NULL,NULL),(486,94,1,NULL,NULL),(487,94,3,NULL,NULL),(488,94,5,NULL,NULL),(490,94,10,NULL,NULL),(491,94,31,NULL,NULL),(492,95,2,NULL,NULL),(493,95,3,NULL,NULL),(494,95,5,NULL,NULL),(495,95,7,NULL,NULL),(497,95,31,NULL,NULL),(503,96,1,NULL,NULL),(504,96,5,NULL,NULL),(505,96,6,NULL,NULL),(506,96,10,NULL,NULL),(507,96,31,NULL,NULL),(508,97,2,NULL,NULL),(509,97,5,NULL,NULL),(510,97,8,NULL,NULL),(511,97,10,NULL,NULL),(512,97,31,NULL,NULL),(513,98,20,NULL,NULL),(514,98,21,NULL,NULL),(515,99,2,NULL,NULL),(516,99,3,NULL,NULL),(517,99,5,NULL,NULL),(518,99,10,NULL,NULL),(519,99,31,NULL,NULL),(525,101,1,NULL,NULL),(526,101,2,NULL,NULL),(527,101,3,NULL,NULL),(529,101,31,NULL,NULL),(638,103,25,NULL,NULL),(639,103,26,NULL,NULL),(640,102,2,NULL,NULL),(641,102,4,NULL,NULL),(642,102,5,NULL,NULL),(643,102,8,NULL,NULL),(644,102,10,NULL,NULL),(645,102,31,NULL,NULL),(666,105,1,NULL,NULL),(667,105,3,NULL,NULL),(668,105,4,NULL,NULL),(669,105,5,NULL,NULL),(670,105,6,NULL,NULL),(671,105,8,NULL,NULL),(673,105,31,NULL,NULL),(674,106,25,NULL,NULL),(675,106,26,NULL,NULL),(683,107,1,NULL,NULL),(684,107,2,NULL,NULL),(685,107,3,NULL,NULL),(686,107,5,NULL,NULL),(687,107,6,NULL,NULL),(688,107,8,NULL,NULL),(689,107,31,NULL,NULL),(698,109,31,NULL,NULL),(699,109,10,NULL,NULL),(700,109,6,NULL,NULL),(701,109,5,NULL,NULL),(702,109,3,NULL,NULL),(703,110,1,NULL,NULL),(704,110,2,NULL,NULL),(705,110,3,NULL,NULL),(706,110,4,NULL,NULL),(707,110,5,NULL,NULL),(708,110,7,NULL,NULL),(709,110,31,NULL,NULL),(710,108,25,NULL,NULL),(711,108,26,NULL,NULL),(722,104,1,NULL,NULL),(723,104,4,NULL,NULL),(724,104,5,NULL,NULL),(725,104,8,NULL,NULL),(726,104,31,NULL,NULL),(807,89,2,NULL,NULL),(808,89,4,NULL,NULL),(809,89,6,NULL,NULL),(810,89,10,NULL,NULL),(811,89,31,NULL,NULL),(812,48,1,NULL,NULL),(813,48,3,NULL,NULL),(814,48,5,NULL,NULL),(815,48,31,NULL,NULL),(816,52,14,NULL,NULL),(821,24,13,NULL,NULL),(822,53,2,NULL,NULL),(823,53,4,NULL,NULL),(824,53,5,NULL,NULL),(825,53,31,NULL,NULL),(826,23,2,NULL,NULL),(827,23,3,NULL,NULL),(828,23,5,NULL,NULL),(829,23,6,NULL,NULL),(830,23,7,NULL,NULL),(831,23,10,NULL,NULL),(832,11,29,NULL,NULL),(833,11,30,NULL,NULL),(834,47,29,NULL,NULL),(835,47,30,NULL,NULL),(836,100,2,NULL,NULL),(837,100,6,NULL,NULL),(838,100,8,NULL,NULL),(839,100,10,NULL,NULL),(840,100,31,NULL,NULL),(843,75,21,NULL,NULL),(844,75,20,NULL,NULL),(845,36,31,NULL,NULL),(846,36,6,NULL,NULL),(847,36,4,NULL,NULL),(848,64,31,NULL,NULL),(849,64,10,NULL,NULL),(850,64,5,NULL,NULL),(851,64,4,NULL,NULL),(852,64,2,NULL,NULL),(853,44,31,NULL,NULL),(854,44,10,NULL,NULL),(855,44,5,NULL,NULL),(856,44,2,NULL,NULL),(860,124,2,NULL,NULL),(865,127,31,NULL,NULL),(866,125,31,NULL,NULL),(867,125,10,NULL,NULL),(868,125,8,NULL,NULL),(869,125,7,NULL,NULL),(873,65,23,NULL,NULL),(874,65,24,NULL,NULL),(875,128,34,NULL,NULL),(876,129,34,NULL,NULL),(896,135,2,NULL,NULL),(897,135,4,NULL,NULL),(898,135,6,NULL,NULL),(899,135,8,NULL,NULL),(900,135,31,NULL,NULL),(901,135,32,NULL,NULL),(906,136,32,NULL,NULL),(907,137,1,NULL,NULL),(908,138,1,NULL,NULL),(909,139,1,NULL,NULL),(929,141,32,NULL,NULL),(930,141,31,NULL,NULL),(932,132,2,NULL,NULL),(933,140,1,NULL,NULL),(935,21,23,NULL,NULL),(936,21,24,NULL,NULL),(940,143,39,NULL,NULL),(947,147,39,NULL,NULL),(950,145,39,NULL,NULL),(952,144,39,NULL,NULL),(953,146,39,NULL,NULL),(956,142,41,NULL,NULL),(957,142,40,NULL,NULL);

--
-- Table structure for table `provider_slot_mappings`
--

CREATE TABLE `provider_slot_mappings` (
  `id` bigint unsigned NOT NULL AUTO_INCREMENT,
  `provider_id` bigint unsigned DEFAULT NULL,
  `days` varchar(255) COLLATE utf8mb4_unicode_ci DEFAULT NULL,
  `start_at` time DEFAULT NULL,
  `end_at` time DEFAULT NULL,
  `status` tinyint(1) NOT NULL DEFAULT '1',
  `created_at` timestamp NULL DEFAULT NULL,
  `updated_at` timestamp NULL DEFAULT NULL,
  PRIMARY KEY (`id`),
  KEY `provider_slot_mappings_provider_id_foreign` (`provider_id`),
  CONSTRAINT `provider_slot_mappings_provider_id_foreign` FOREIGN KEY (`provider_id`) REFERENCES `users` (`id`) ON DELETE CASCADE
) ENGINE=InnoDB DEFAULT CHARSET=utf8mb4 COLLATE=utf8mb4_unicode_ci;

--
-- Dumping data for table `provider_slot_mappings`
--


--
-- Table structure for table `provider_subscriptions`
--

CREATE TABLE `provider_subscriptions` (
  `id` bigint unsigned NOT NULL AUTO_INCREMENT,
  `plan_id` bigint unsigned DEFAULT NULL,
  `user_id` bigint DEFAULT NULL,
  `title` varchar(255) COLLATE utf8mb4_unicode_ci NOT NULL,
  `identifier` varchar(255) COLLATE utf8mb4_unicode_ci NOT NULL,
  `type` varchar(255) COLLATE utf8mb4_unicode_ci NOT NULL,
  `start_at` datetime DEFAULT NULL,
  `end_at` datetime DEFAULT NULL,
  `amount` double DEFAULT NULL,
  `status` varchar(255) COLLATE utf8mb4_unicode_ci DEFAULT NULL,
  `payment_id` varchar(255) COLLATE utf8mb4_unicode_ci DEFAULT NULL,
  `created_at` timestamp NULL DEFAULT NULL,
  `updated_at` timestamp NULL DEFAULT NULL,
  `plan_limitation` text COLLATE utf8mb4_unicode_ci,
  `duration` text COLLATE utf8mb4_unicode_ci,
  `description` longtext COLLATE utf8mb4_unicode_ci,
  `plan_type` varchar(255) COLLATE utf8mb4_unicode_ci DEFAULT NULL,
  PRIMARY KEY (`id`),
  KEY `provider_subscriptions_plan_id_foreign` (`plan_id`),
  CONSTRAINT `provider_subscriptions_plan_id_foreign` FOREIGN KEY (`plan_id`) REFERENCES `plans` (`id`) ON DELETE CASCADE
) ENGINE=InnoDB AUTO_INCREMENT=2 DEFAULT CHARSET=utf8mb4 COLLATE=utf8mb4_unicode_ci;

--
-- Dumping data for table `provider_subscriptions`
--

INSERT INTO `provider_subscriptions` VALUES (1,1,4,'Free plan','free','weekly','2024-02-02 09:53:47','2024-02-09 09:53:47',0,'active','1','2024-02-02 09:53:47','2024-02-02 09:53:47','{\"featured_service\":{\"is_checked\":null,\"limit\":null},\"handyman\":{\"is_checked\":null,\"limit\":null},\"service\":{\"is_checked\":null,\"limit\":null}}',NULL,NULL,NULL);

--
-- Table structure for table `provider_taxes`
--

CREATE TABLE `provider_taxes` (
  `id` bigint unsigned NOT NULL AUTO_INCREMENT,
  `provider_id` bigint unsigned DEFAULT NULL,
  `tax_id` bigint DEFAULT NULL,
  `created_at` timestamp NULL DEFAULT NULL,
  `updated_at` timestamp NULL DEFAULT NULL,
  PRIMARY KEY (`id`),
  KEY `provider_taxes_provider_id_foreign` (`provider_id`),
  CONSTRAINT `provider_taxes_provider_id_foreign` FOREIGN KEY (`provider_id`) REFERENCES `users` (`id`) ON DELETE CASCADE
) ENGINE=InnoDB AUTO_INCREMENT=102 DEFAULT CHARSET=utf8mb4 COLLATE=utf8mb4_unicode_ci;

--
-- Dumping data for table `provider_taxes`
--

INSERT INTO `provider_taxes` VALUES (65,12,1,NULL,NULL),(66,12,2,NULL,NULL),(71,16,2,NULL,NULL),(76,4,1,NULL,NULL),(77,4,2,NULL,NULL),(81,15,1,NULL,NULL),(82,8,1,NULL,NULL),(83,8,2,NULL,NULL),(84,13,1,NULL,NULL),(85,13,2,NULL,NULL),(86,9,2,NULL,NULL),(87,6,1,NULL,NULL),(88,6,2,NULL,NULL),(93,7,1,NULL,NULL),(96,10,1,NULL,NULL),(99,17,1,NULL,NULL),(100,17,2,NULL,NULL),(101,14,2,NULL,NULL);

--
-- Table structure for table `provider_types`
--

CREATE TABLE `provider_types` (
  `id` bigint unsigned NOT NULL AUTO_INCREMENT,
  `name` varchar(255) COLLATE utf8mb4_unicode_ci NOT NULL,
  `commission` double DEFAULT '0',
  `status` tinyint DEFAULT '1',
  `deleted_at` timestamp NULL DEFAULT NULL,
  `created_at` timestamp NULL DEFAULT NULL,
  `updated_at` timestamp NULL DEFAULT NULL,
  `type` varchar(255) COLLATE utf8mb4_unicode_ci DEFAULT NULL,
  PRIMARY KEY (`id`)
) ENGINE=InnoDB AUTO_INCREMENT=3 DEFAULT CHARSET=utf8mb4 COLLATE=utf8mb4_unicode_ci;

--
-- Dumping data for table `provider_types`
--

INSERT INTO `provider_types` VALUES (1,'Company',5,1,NULL,'2021-06-10 11:43:51','2024-11-16 23:19:59','percent'),(2,'Freelance',5,1,NULL,'2021-06-10 11:58:53','2024-11-16 23:20:27','percent');

--
-- Table structure for table `role_has_permissions`
--

CREATE TABLE `role_has_permissions` (
  `permission_id` bigint unsigned NOT NULL,
  `role_id` bigint unsigned NOT NULL,
  PRIMARY KEY (`permission_id`,`role_id`),
  KEY `role_has_permissions_role_id_foreign` (`role_id`),
  CONSTRAINT `role_has_permissions_permission_id_foreign` FOREIGN KEY (`permission_id`) REFERENCES `permissions` (`id`) ON DELETE CASCADE,
  CONSTRAINT `role_has_permissions_role_id_foreign` FOREIGN KEY (`role_id`) REFERENCES `roles` (`id`) ON DELETE CASCADE
) ENGINE=InnoDB DEFAULT CHARSET=utf8mb4 COLLATE=utf8mb4_unicode_ci;

--
-- Dumping data for table `role_has_permissions`
--

INSERT INTO `role_has_permissions` VALUES (1,1),(2,1),(3,1),(4,1),(5,1),(6,1),(7,1),(8,1),(9,1),(10,1),(11,1),(12,1),(13,1),(14,1),(15,1),(16,1),(17,1),(18,1),(19,1),(20,1),(21,1),(22,1),(23,1),(24,1),(25,1),(26,1),(27,1),(28,1),(29,1),(30,1),(31,1),(32,1),(33,1),(34,1),(35,1),(36,1),(37,1),(38,1),(39,1),(40,1),(41,1),(42,1),(43,1),(44,1),(45,1),(46,1),(47,1),(48,1),(49,1),(50,1),(51,1),(52,1),(53,1),(54,1),(55,1),(56,1),(57,1),(58,1),(59,1),(60,1),(61,1),(62,1),(63,1),(64,1),(65,1),(66,1),(67,1),(68,1),(69,1),(70,1),(71,1),(72,1),(73,1),(74,1),(75,1),(76,1),(77,1),(78,1),(79,1),(80,1),(81,1),(82,1),(83,1),(84,1),(85,1),(86,1),(87,1),(88,1),(89,1),(90,1),(91,1),(92,1),(93,1),(94,1),(95,1),(96,1),(97,1),(98,1),(99,1),(100,1),(102,1),(103,1),(104,1),(105,1),(106,1),(107,1),(108,1),(109,1),(110,1),(111,1),(112,1),(113,1),(114,1),(115,1),(116,1),(117,1),(118,1),(119,1),(120,1),(121,1),(122,1),(123,1),(124,1),(125,1),(126,1),(127,1),(128,1),(129,1),(130,1),(131,1),(132,1),(133,1),(134,1),(135,1),(136,1),(137,1),(138,1),(139,1),(140,1),(1,2),(2,2),(3,2),(4,2),(5,2),(6,2),(7,2),(8,2),(9,2),(10,2),(11,2),(12,2),(13,2),(14,2),(15,2),(16,2),(17,2),(18,2),(20,2),(21,2),(22,2),(23,2),(24,2),(25,2),(26,2),(27,2),(28,2),(29,2),(30,2),(31,2),(32,2),(33,2),(34,2),(35,2),(36,2),(37,2),(38,2),(39,2),(40,2),(41,2),(42,2),(43,2),(44,2),(45,2),(46,2),(47,2),(48,2),(49,2),(50,2),(51,2),(52,2),(53,2),(54,2),(55,2),(56,2),(57,2),(58,2),(59,2),(60,2),(61,2),(62,2),(63,2),(64,2),(65,2),(66,2),(67,2),(68,2),(69,2),(70,2),(71,2),(72,2),(73,2),(74,2),(75,2),(76,2),(77,2),(78,2),(79,2),(80,2),(81,2),(82,2),(83,2),(84,2),(85,2),(86,2),(87,2),(88,2),(89,2),(90,2),(91,2),(92,2),(93,2),(94,2),(95,2),(96,2),(97,2),(98,2),(99,2),(100,2),(102,2),(103,2),(104,2),(105,2),(106,2),(107,2),(108,2),(109,2),(110,2),(111,2),(112,2),(113,2),(114,2),(115,2),(116,2),(117,2),(118,2),(119,2),(120,2),(121,2),(122,2),(123,2),(124,2),(125,2),(126,2),(127,2),(128,2),(129,2),(130,2),(131,2),(132,2),(133,2),(134,2),(135,2),(136,2),(137,2),(138,2),(139,2),(140,2),(28,3),(31,3),(33,3),(92,3),(93,3),(13,4),(14,4),(15,4),(16,4),(18,4),(23,4),(24,4),(25,4),(26,4),(28,4),(30,4),(31,4),(33,4),(54,4),(59,4),(60,4),(61,4),(62,4),(69,4),(70,4),(71,4),(72,4),(74,4),(92,4),(93,4),(94,4),(95,4),(96,4),(97,4),(98,4),(106,4),(107,4),(108,4),(109,4),(110,4),(28,5),(31,5),(33,5);

--
-- Table structure for table `roles`
--

CREATE TABLE `roles` (
  `id` bigint unsigned NOT NULL AUTO_INCREMENT,
  `name` varchar(255) COLLATE utf8mb4_unicode_ci NOT NULL,
  `guard_name` varchar(255) COLLATE utf8mb4_unicode_ci NOT NULL,
  `status` tinyint DEFAULT '1',
  `created_at` timestamp NULL DEFAULT NULL,
  `updated_at` timestamp NULL DEFAULT NULL,
  PRIMARY KEY (`id`)
) ENGINE=InnoDB AUTO_INCREMENT=6 DEFAULT CHARSET=utf8mb4 COLLATE=utf8mb4_unicode_ci;

--
-- Dumping data for table `roles`
--

INSERT INTO `roles` VALUES (1,'admin','web',1,'2021-06-03 12:23:01','2021-06-03 12:23:03'),(2,'demo_admin','web',1,'2021-06-03 12:23:16','2021-06-04 10:24:13'),(3,'user','web',1,'2021-06-04 10:31:46','2021-06-04 10:31:46'),(4,'provider','web',1,'2021-06-04 10:31:46','2021-06-04 10:31:46'),(5,'handyman','web',1,'2021-06-04 10:31:46','2021-06-04 10:31:46');

--
-- Table structure for table `service_addons`
--

CREATE TABLE `service_addons` (
  `id` bigint unsigned NOT NULL AUTO_INCREMENT,
  `name` varchar(255) COLLATE utf8mb4_unicode_ci NOT NULL,
  `service_id` bigint unsigned NOT NULL,
  `price` double NOT NULL DEFAULT '0',
  `qty` int NOT NULL DEFAULT '1',
  `status` tinyint DEFAULT '1',
  `deleted_at` timestamp NULL DEFAULT NULL,
  `created_at` timestamp NULL DEFAULT NULL,
  `updated_at` timestamp NULL DEFAULT NULL,
  `created_by` int unsigned DEFAULT NULL,
  PRIMARY KEY (`id`)
) ENGINE=InnoDB AUTO_INCREMENT=27 DEFAULT CHARSET=utf8mb4 COLLATE=utf8mb4_unicode_ci;

--
-- Dumping data for table `service_addons`
--

INSERT INTO `service_addons` VALUES (1,'Hair Spa',94,12,1,1,NULL,'2024-02-01 05:39:09','2024-02-01 05:39:09',1),(2,'Hair Wash',94,10,1,1,NULL,'2024-02-01 05:40:04','2024-02-01 05:40:04',1),(3,'Fondant Artistry Upgrade',105,10,1,1,NULL,'2024-02-01 05:47:46','2024-02-01 05:47:46',1),(4,'Flavor Burst Enhancement',105,12,1,1,NULL,'2024-02-01 05:51:41','2024-02-01 05:51:41',1),(5,'Energy-Efficient Lighting Solutions',106,8,1,1,NULL,'2024-02-01 05:58:07','2024-02-01 05:58:07',1),(6,'Emergency Backup Power Installation',106,9,1,1,NULL,'2024-02-01 06:03:40','2024-02-01 06:03:40',1),(7,'Window Washing',107,6,1,1,NULL,'2024-02-01 06:08:03','2024-02-01 06:08:03',1),(8,'Green Cleaning',107,6,1,1,NULL,'2024-02-01 06:09:43','2024-02-01 06:09:43',1),(9,'Anti-Corrosion Protection',108,10,1,1,NULL,'2024-02-01 06:27:16','2024-02-01 06:27:16',1),(10,'Water Efficiency Upgrade',108,19,1,1,NULL,'2024-02-01 06:29:51','2024-02-01 06:29:51',1),(11,'Electronic Device Sanitization',109,13,1,1,NULL,'2024-02-01 06:52:34','2024-02-01 06:52:34',1),(12,'Upholstery Sterilization',109,7,1,1,NULL,'2024-02-01 06:57:56','2024-02-01 06:57:56',1),(13,'Duct Cleaning and Sanitization',110,20,1,1,NULL,'2024-02-01 07:03:09','2024-02-01 07:03:09',1),(14,'Energy-Efficient Filter Upgrade',110,15,1,1,NULL,'2024-02-01 07:11:06','2024-02-01 07:11:06',1),(15,'Installation of Airflow Boosters',93,20,1,1,NULL,'2024-02-01 07:16:39','2024-02-01 07:16:39',1),(16,'Ventilation System Inspection',93,15,1,1,NULL,'2024-02-01 07:17:47','2024-02-01 07:17:47',1),(17,'Face Moisturizing & Mask Treatment',96,22,1,1,NULL,'2024-02-01 07:29:29','2024-02-01 07:29:29',1),(18,'Gel Nail Polish',96,10,1,1,NULL,'2024-02-01 07:31:11','2024-02-01 07:31:11',1),(19,'Condenser Coil Cleaning',97,24,1,1,NULL,'2024-02-01 07:38:21','2024-02-01 07:38:21',1),(20,'Thermostat Calibration',97,16,1,1,NULL,'2024-02-01 07:39:57','2024-02-01 07:39:57',1),(21,'Surge Protector Installation',99,14,1,1,NULL,'2024-02-01 07:43:25','2024-02-01 07:43:25',1),(22,'Ground Fault Circuit Interrupter Outlet Installation',99,16,1,1,NULL,'2024-02-01 07:46:29','2024-02-01 07:46:29',1),(23,'Pressed Flowers Frame',100,12,1,1,NULL,'2024-02-01 07:58:22','2024-02-01 07:58:22',1),(24,'Artwork Cleaning and Restoration',100,10,1,1,NULL,'2024-02-01 08:02:38','2024-02-01 08:02:38',1),(25,'Custom Stitching',104,29,1,1,NULL,'2024-02-01 08:12:15','2024-02-01 08:12:15',1),(26,'Anti-Wrinkle Finish',104,30,1,1,NULL,'2024-02-01 08:13:44','2024-02-01 08:13:44',1);

--
-- Table structure for table `service_faqs`
--

CREATE TABLE `service_faqs` (
  `id` bigint unsigned NOT NULL AUTO_INCREMENT,
  `title` varchar(100) COLLATE utf8mb4_unicode_ci DEFAULT NULL,
  `description` text COLLATE utf8mb4_unicode_ci,
  `service_id` bigint unsigned DEFAULT NULL,
  `status` tinyint DEFAULT '1' COMMENT '1- Active , 0- InActive',
  `created_at` timestamp NULL DEFAULT NULL,
  `updated_at` timestamp NULL DEFAULT NULL,
  PRIMARY KEY (`id`),
  KEY `service_faqs_service_id_foreign` (`service_id`),
  CONSTRAINT `service_faqs_service_id_foreign` FOREIGN KEY (`service_id`) REFERENCES `services` (`id`) ON DELETE CASCADE
) ENGINE=InnoDB AUTO_INCREMENT=206 DEFAULT CHARSET=utf8mb4 COLLATE=utf8mb4_unicode_ci;

--
-- Dumping data for table `service_faqs`
--

INSERT INTO `service_faqs` VALUES (1,'How often should I get my chimney swept?','Chimney sweeping frequency depends on usage. For those using their fireplace regularly, an annual sweep is recommended to remove creosote buildup and ensure optimal safety and efficiency. However, occasional users can schedule sweeps every 2-3 years.',22,1,'2024-01-31 11:58:45','2024-01-31 11:58:45'),(2,'Is chimney sweeping a messy process?','Our chimney sweeping process is designed to minimize mess. We use advanced equipment and take precautions to contain soot and debris. However, some minimal dust may occur. Rest assured, our team is committed to leaving your space as clean as possible post-service.',22,1,'2024-01-31 12:00:52','2024-01-31 12:00:52'),(3,'How often should I replace my AC filter?','For optimal performance, replace your AC filter every 1 to 3 months. However, factors like usage and filter type may impact the frequency. Regular checks ensure a healthier and more efficient system.',110,1,'2024-01-31 12:11:38','2024-01-31 12:11:38'),(4,'Can I clean my AC filter instead of replacing it?','Cleaning is possible for some filters, but not all. Disposable filters usually need replacement, while washable ones can be cleaned. Refer to your AC manual or consult a professional to determine the best approach for your specific filter.',110,1,'2024-01-31 12:11:58','2024-01-31 12:11:58'),(5,'How long does a Full Home Sanitization service take?','Typically, a Full Home Sanitization takes 2-4 hours, depending on the size of your home. Our efficient team ensures a thorough and timely process.',109,1,'2024-01-31 12:13:23','2024-01-31 12:13:23'),(6,'How often should I schedule a Full Home Sanitization?','For optimal results, we recommend scheduling Full Home Sanitization every 3-6 months. However, consider more frequent sessions in high-traffic areas or during flu seasons for added protection.',109,1,'2024-01-31 12:13:38','2024-01-31 12:13:53'),(7,'How long does it typically take to install a fixture?','Fixture installation times vary based on complexity, but our skilled handymen strive to complete most installations within a few hours. We prioritize efficiency without compromising quality.',108,1,'2024-01-31 12:15:03','2024-01-31 12:15:03'),(8,'Do I need to provide the fixtures, or will the handyman bring them?','You have the flexibility to choose! Our handymen can either bring fixtures based on your preferences and budget, or they can install fixtures you\'ve purchased. Just let us know your preference when booking the service.',108,1,'2024-01-31 12:15:15','2024-01-31 12:15:15'),(9,'How often should I schedule Office Cleaning services?','The frequency depends on your office size and daily activities. For a standard office, weekly or bi-weekly cleaning is recommended to maintain a clean and healthy workspace.',107,1,'2024-01-31 12:15:57','2024-01-31 12:15:57'),(10,'What cleaning products do you use for Office Cleaning?','We use eco-friendly and industry-standard cleaning products that are effective yet safe for your office environment. If you have specific preferences or concerns, feel free to discuss them with our team during the booking process.',107,1,'2024-01-31 12:16:13','2024-01-31 12:16:13'),(11,'Can I choose the type of wiring to be used in my Electrical Installation?','Absolutely! Our professionals will discuss the best wiring options based on your needs and preferences. We offer a range of materials, and your choice will be tailored to meet safety standards and your specific requirements.',106,1,'2024-01-31 12:17:02','2024-01-31 12:17:02'),(12,'What safety measures are in place during Electrical Wiring Installation?','Safety is our top priority. Our electricians follow strict protocols, use quality materials, and adhere to all safety standards. We conduct thorough inspections to guarantee a secure and reliable wiring installation for your peace of mind.',106,1,'2024-01-31 12:17:17','2024-01-31 12:17:17'),(13,'Can you accommodate special dietary restrictions or allergies in custom cakes?','Absolutely! We understand the importance of dietary preferences and allergies. Simply inform us of any specific requirements, and our skilled bakers will ensure your \"Custom Cake Creation\" meets your needs while maintaining its deliciousness.',105,1,'2024-01-31 12:18:23','2024-01-31 12:18:23'),(14,'How far in advance should I place my order for a custom cake?','To ensure the best results, we recommend placing your order at least 3 days in advance. This allows our talented bakers enough time to create a personalized masterpiece for your special occasion.',105,1,'2024-01-31 12:18:59','2024-01-31 12:18:59'),(15,'Is this service suitable for large or small repairs?','Absolutely! Whether it\'s a small tear or a more extensive seam issue, our skilled handymen are equipped to handle repairs of all sizes.',104,1,'2024-01-31 12:23:20','2024-01-31 12:23:20'),(16,'What types of materials can be treated with this service?','Our service is versatile and suitable for various materials, including fabric, leather, and more. It\'s an effective solution for a wide range of items.',104,1,'2024-01-31 12:23:38','2024-01-31 12:23:38'),(17,'Is Smart TV Integration compatible with all TV brands?','Yes, our service is designed to work with a wide range of Smart TVs, ensuring compatibility with major brands to enhance your entertainment system effortlessly.',103,1,'2024-01-31 12:41:34','2024-01-31 12:41:34'),(18,'Can you integrate multiple devices with my Smart TV?','Absolutely! We can integrate your Smart TV with various devices like gaming consoles, streaming devices, and sound systems for a fully immersive experience.',103,1,'2024-01-31 12:41:53','2024-01-31 12:41:53'),(19,'How often should I schedule Exfoliation and Peels?','It depends on your skin type, but generally, once every 2-4 weeks is recommended for optimal results.',102,1,'2024-01-31 12:42:43','2024-01-31 12:42:43'),(20,'Can I combine Exfoliation and Peels with other skincare treatments?','Yes, but it\'s advisable to consult with our skincare expert to ensure compatibility and avoid over-exfoliation.',102,1,'2024-01-31 12:42:58','2024-01-31 12:42:58'),(21,'Is there any downtime after an Exfoliation and Peels session?','Minimal downtime; expect some redness or peeling, but it varies based on the peel intensity chosen.',102,1,'2024-01-31 12:43:41','2024-01-31 12:43:41'),(22,'How quickly can you respond to a leak repair request?','We prioritize emergencies! Expect swift response times, and we\'ll dispatch a skilled plumber ASAP to fix the leak promptly.',101,1,'2024-01-31 12:44:32','2024-01-31 12:44:32'),(23,'What types of leaks do you handle?','We cover all leaks – from minor pipe leaks to major plumbing issues. Our team is equipped to handle a variety of leak repairs efficiently.',101,1,'2024-01-31 12:44:52','2024-01-31 12:44:52'),(24,'Will you help with post-repair cleanup?','Yes, our service includes cleanup to ensure your space is left as good as new after the leak is repaired.',101,1,'2024-01-31 12:45:22','2024-01-31 12:45:22'),(25,'Can I choose the materials and style for my custom frame?','Yes, Discuss your preferences with our Artistic Frame Designer during the service. They\'ll guide you through material options and design styles for a personalized touch.',100,1,'2024-01-31 12:56:35','2024-01-31 12:56:35'),(26,'What is the typical turnaround time for Artistic Frame Design services?','The turnaround time may vary, but our artists work efficiently to complete most projects within a few days. You\'ll be enjoying your beautifully framed artwork in no time!',100,1,'2024-01-31 12:56:55','2024-01-31 12:56:55'),(27,'Can I attempt DIY Circuit Repairs?','It\'s risky. For safety and precision, it\'s best to rely on a professional for Circuit Repairs.',99,1,'2024-01-31 12:57:39','2024-01-31 12:57:39'),(28,'What causes circuits to malfunction?','Overloaded circuits, faulty wiring, or outdated components can lead to circuit malfunctions.',99,1,'2024-01-31 12:57:58','2024-01-31 12:57:58'),(29,'What equipment is needed for Security Camera Setup?','Typically, cameras, DVR/NVR, cables. We\'ll assess your needs during the service booking process.',98,1,'2024-01-31 13:00:00','2024-01-31 13:00:00'),(30,'Can existing cameras be integrated into a new Security Camera Setup?','Yes, we can integrate existing cameras if compatible. Let us know during the booking for a seamless setup.',98,1,'2024-01-31 13:00:18','2024-01-31 13:00:18'),(31,'What does fixing the AC compressor involve?','Our technicians diagnose the issue, repair or replace faulty components, and ensure your AC compressor functions efficiently, restoring cool air circulation.',97,1,'2024-01-31 13:03:27','2024-01-31 13:03:27'),(32,'How long does it take to fix an AC compressor?','The duration varies based on the issue\'s complexity, but our skilled technicians work swiftly to minimize downtime, typically completing the job in a few hours.',97,1,'2024-01-31 13:03:47','2024-01-31 13:03:47'),(33,'What\'s included in the Manicure & Pedicure service?','It includes nail shaping, cuticle care, polish application, and a relaxing massage for hands and feet.',96,1,'2024-01-31 13:05:14','2024-01-31 13:05:14'),(34,'How often should I schedule a Manicure & Pedicure?','For optimal nail health and a polished look, we recommend scheduling every 2-3 weeks.',96,1,'2024-01-31 13:05:37','2024-01-31 13:05:37'),(35,'Is the sanitization process safe for my car\'s upholstery?','Yes, our process is gentle and designed to be safe for all types of car interiors.',95,1,'2024-01-31 13:06:14','2024-01-31 13:06:14'),(36,'What products do you use for Car Interior Sanitization?','We use industry-approved, eco-friendly sanitization solutions to ensure a clean and healthy interior environment for your car.',95,1,'2024-01-31 13:06:33','2024-01-31 13:06:33'),(37,'What products do you use for haircut and styling services?','We use high-quality, salon-grade products tailored to your hair type, ensuring a professional finish and lasting style.',94,1,'2024-01-31 13:08:59','2024-01-31 13:08:59'),(38,'How long does a typical haircut and styling session take?','On average, it takes about 45 minutes to an hour, but the duration may vary based on the complexity of the style and your specific requirements.',94,1,'2024-01-31 13:09:13','2024-01-31 13:09:13'),(39,'What causes poor AC airflow?','Clogged air filters, blocked vents, or issues with the blower fan can restrict airflow, impacting your AC\'s efficiency.',93,1,'2024-01-31 13:09:58','2024-01-31 13:09:58'),(40,'Can I fix AC airflow problems on my own?','You can clean or replace air filters regularly, clear debris around vents, and ensure furniture isn\'t blocking airflow. For complex issues, it\'s best to consult a professional.',93,1,'2024-01-31 13:10:12','2024-01-31 13:10:12'),(41,'How can I identify if my AC has an airflow problem?','Check for weak or uneven cooling, reduced airflow, or unusually high utility bills – these are signs your AC may have an airflow issue.',93,1,'2024-01-31 13:10:36','2024-01-31 13:10:36'),(42,'Can you clean different types of leather and suede materials?','Yes, our service caters to various leather and suede materials, ensuring a thorough and safe cleaning process for each.',92,1,'2024-01-31 13:11:56','2024-01-31 13:11:56'),(43,'Is it safe to clean delicate leather or suede items?','Absolutely, our skilled professionals use gentle yet effective methods to clean delicate leather and suede without compromising their integrity.',92,1,'2024-01-31 13:12:15','2024-01-31 13:12:15'),(44,'Is custom stenciling suitable for all surfaces, including textured walls?','Yes, our skilled painters can adapt the technique to various surfaces, including textured walls. We assess the surface during the initial consultation to ensure the best possible results for your custom stenciling project.',91,1,'2024-01-31 13:13:25','2024-01-31 13:13:25'),(45,'What is custom stenciling, and how can it enhance my home?','Custom stenciling is a personalized painting technique that adds unique patterns or designs to your walls, furniture, or floors, providing a distinctive and stylish touch to your living space.',91,1,'2024-01-31 13:13:43','2024-01-31 13:13:43'),(46,'How does commercial building security by a security guard work?','Trained security guards patrol and monitor your commercial space to deter potential threats, respond to incidents, and ensure a secure environment.',90,1,'2024-01-31 13:20:56','2024-01-31 13:20:56'),(47,'What qualifications do your security guards possess?','Our security guards are licensed, undergo rigorous training, and have a background in security protocols, ensuring a highly qualified and professional team.',90,1,'2024-01-31 13:21:22','2024-01-31 13:21:22'),(48,'What products do you use for outdoor area sanitization?','We use EPA-approved disinfectants that are effective against a broad spectrum of pathogens, ensuring thorough sanitization without harm to your outdoor surfaces.',89,1,'2024-01-31 13:21:58','2024-01-31 13:21:58'),(49,'Is outdoor area sanitization safe for plants and pets?','Yes, our sanitization process is pet and plant-friendly. We use eco-friendly solutions to ensure a safe and healthy environment for your outdoor space.',89,1,'2024-01-31 13:22:15','2024-01-31 13:22:15'),(50,'What hairstyles are included in the service?','We offer a variety of styles, from elegant updos to glamorous curls—choose the one that complements your special occasion.',88,1,'2024-01-31 13:22:55','2024-01-31 13:22:55'),(51,'What should I do to prepare for my \'Special Occasion Hair Styling\'?','Ensure clean, dry hair for the best results. Feel free to share any style preferences with your stylist during the appointment for a personalized experience.',88,1,'2024-01-31 13:23:17','2024-01-31 13:23:17'),(52,'How often should I schedule sewer line cleaning?','Recommended annually to prevent blockages and maintain optimal sewer system performance.',87,1,'2024-01-31 13:24:12','2024-01-31 13:24:12'),(53,'Are there preventive measures to avoid sewer line issues?','Dispose of grease properly, avoid flushing non-degradable items, and consider root treatments for nearby trees.',87,1,'2024-01-31 13:24:24','2024-01-31 13:24:24'),(54,'Will Pruning harm my plants?','Done correctly, Pruning enhances plant growth and health, promoting better flowering and fruiting.',86,1,'2024-01-31 13:26:03','2024-01-31 13:26:03'),(55,'What\'s the best time of year for Pruning and Trimming?','Typically during the dormant season, but specifics vary by plant type – we\'ll advise based on your garden\'s needs.',86,1,'2024-01-31 13:26:19','2024-01-31 13:26:19'),(56,'What types of electrical problems can be addressed through Fault Diagnosis?','Fault Diagnosis covers a wide range of issues, including power fluctuations, circuit failures, and unexpected outages, providing a comprehensive solution to various electrical concerns.',85,1,'2024-01-31 13:27:14','2024-01-31 13:27:14'),(57,'Is Fault Diagnosis essential even for minor electrical issues?','Yes, Fault Diagnosis is crucial for both minor and major issues. It ensures a precise understanding of the problem, preventing potential hazards and promoting the longevity of your electrical system.',85,1,'2024-01-31 13:27:28','2024-01-31 13:27:28'),(58,'What information is required for the consultation?','We need accurate birth details (date, time, and place) for both individuals to create personalized compatibility insights.',84,1,'2024-01-31 13:28:13','2024-01-31 13:28:13'),(59,'Is the information shared during the consultation confidential?','Yes, your privacy is our priority. All information shared during the Relationship Compatibility Reading is strictly confidential.',84,1,'2024-01-31 13:28:42','2024-01-31 13:28:42'),(60,'What methods do you use for drainage system pest management?','We employ safe and targeted pest control techniques, including eco-friendly repellents and preventative measures tailored to your drainage system.',83,1,'2024-01-31 13:29:57','2024-01-31 13:29:57'),(61,'Are there specific signs of pest infestations in drainage systems?','Look for unusual odors, slow drainage, or insect activity around drains, as these can indicate potential pest issues.',83,1,'2024-01-31 13:30:22','2024-01-31 13:30:22'),(62,'What equipment do your photographers use?','Our photographers utilize professional-grade equipment, ensuring high-quality images that capture the essence of your corporate event.',82,1,'2024-01-31 13:31:05','2024-01-31 13:31:05'),(63,'What does the Corporate Event Photography service include?','Our service covers comprehensive event coverage, capturing key moments, group shots, and candid interactions to tell the unique story of your corporate event.',82,1,'2024-01-31 13:31:48','2024-01-31 13:31:48'),(64,'How do I choose the right frames for my Multi Frame Set Painting?','Consider the room decor and style. We\'ll guide you on frame options that enhance your painting\'s beauty.',81,1,'2024-01-31 13:32:45','2024-01-31 13:32:45'),(65,'Is the Multi Frame Set Painting service available for large art collections?','Certainly! We specialize in handling collections of all sizes, providing a cohesive and stunning display.\"',81,1,'2024-01-31 13:33:03','2024-01-31 13:33:03'),(66,'What precautions are taken during the cleaning process?','We follow industry-best practices, ensuring delicate handling and using gentle cleaning methods to preserve the quality of your formal attire.',80,1,'2024-01-31 13:35:07','2024-01-31 13:35:07'),(67,'Is there a specific care process for different fabrics?','Yes, our skilled professionals tailor the cleaning approach based on the fabric type to ensure optimal results without compromising the material.',80,1,'2024-01-31 13:36:02','2024-01-31 13:36:02'),(68,'What types of frames can be painted?','Our artists can paint on various materials, including wood, metal, and plastic frames. Share your preferences during the booking process.',79,1,'2024-01-31 13:37:07','2024-01-31 13:37:07'),(69,'Are there any special care instructions for the painted frames?','The artist will provide you with care instructions upon completion. Generally, gentle dusting is recommended to maintain the vibrancy and longevity of your custom-painted frame.',79,1,'2024-01-31 13:37:44','2024-01-31 13:37:44'),(70,'What materials are used in Nail Art?','We use high-quality, non-toxic nail polishes, embellishments, and accessories to create stunning Nail Art designs.',78,1,'2024-01-31 13:38:32','2024-01-31 13:38:32'),(71,'Is there any special preparation needed before the Nail Art service?','It\'s best to have clean and trimmed nails. We\'ll take care of the rest!',78,1,'2024-01-31 13:39:29','2024-01-31 13:39:29'),(72,'What types of surfaces are suitable for murals and wall art?','Most surfaces work well, including plaster, drywall, wood, and concrete. Ensure the surface is clean and primed for optimal results.',77,1,'2024-01-31 13:40:19','2024-01-31 13:40:19'),(73,'How do I care for and maintain the mural or wall art over time?','To ensure longevity, avoid harsh cleaning agents. Regular dusting and gentle cleaning with a damp cloth should suffice for maintenance.',77,1,'2024-01-31 13:40:36','2024-01-31 13:40:36'),(74,'Is dry cleaning the only option for silk and designer garments?','Not necessarily. We offer specialized care, including hand washing and low-temperature machine washing, based on garment specifications.',76,1,'2024-01-31 13:42:21','2024-01-31 13:42:21'),(75,'What precautions are taken to prevent color bleeding or fading?','We use industry-leading detergents and follow strict color separation practices to maintain garment integrity.',76,1,'2024-01-31 13:42:39','2024-01-31 13:42:39'),(76,'What preparations are needed before starting the exterior painting project?','We\'ll clean surfaces, scrape loose paint, and apply primer for a smooth, durable finish.',75,1,'2024-02-01 04:47:35','2024-02-01 04:47:35'),(77,'How do you handle inclement weather affecting the painting schedule?','We monitor weather forecasts closely and reschedule if necessary to ensure optimal painting conditions.',75,1,'2024-02-01 04:48:18','2024-02-01 04:48:18'),(78,'What precautions are taken to prevent damage?','We use advanced techniques and quality detergents, along with expert handling, to minimize any risk of damage to delicate garments.',74,1,'2024-02-01 04:49:07','2024-02-01 04:49:07'),(79,'Do you offer stain removal for delicate clothes?','Certainly! Our stain removal expertise extends to delicate garments, ensuring they return to you spotless and fresh.',74,1,'2024-02-01 04:49:35','2024-02-01 04:49:35'),(80,'What is included in the standard Wedding Photography package?','Standard packages cover essential moments, including ceremony, reception, and edited high-resolution images.',73,1,'2024-02-01 04:50:38','2024-02-01 04:50:38'),(81,'Do you offer additional services like drone footage or photobooths?','Yes, we do! Enhance your experience with add-ons like drone shots and interactive photo-booths.',73,1,'2024-02-01 04:51:01','2024-02-01 04:51:01'),(82,'What areas are covered during the sanitization process?','We focus on high-touch surfaces, dining areas, kitchens, and restrooms.',72,1,'2024-02-01 04:51:39','2024-02-01 04:51:39'),(83,'Is the sanitization process safe for food preparation areas?','Yes, our methods are safe and compliant with food industry standards.',72,1,'2024-02-01 04:51:54','2024-02-01 04:51:54'),(84,'Are the sanitization products used eco-friendly?','Yes, we prioritize environmentally friendly products for a sustainable approach.',72,1,'2024-02-01 04:52:10','2024-02-01 04:52:10'),(85,'Are the Alarm Systems compatible with smart home platforms like Alexa or Google Home?','Yes, our installations seamlessly integrate with popular smart home platforms, offering you centralized control.',71,1,'2024-02-01 04:53:30','2024-02-01 04:53:30'),(86,'What happens if there\'s a power outage? Is the Alarm System still functional?','Absolutely, our systems come with battery backup to ensure uninterrupted protection during power outages.',71,1,'2024-02-01 04:53:47','2024-02-01 04:53:47'),(87,'Do you provide pick-up and delivery services for clothing alterations?','Yes, we offer convenient pick-up and delivery options to ensure a seamless experience for our customers.',70,1,'2024-02-01 04:55:09','2024-02-01 04:55:09'),(88,'What materials do you work with for contemporary clothing alterations?','We work with a wide range of fabrics to accommodate different contemporary styles, ensuring precision and quality in every alteration.',70,1,'2024-02-01 04:55:22','2024-02-01 04:55:22'),(89,'Is there a guarantee on your contemporary clothing alterations?','We take pride in our craftsmanship. If there are any issues post-service, we\'ll address them promptly to ensure your satisfaction.',70,1,'2024-02-01 04:55:38','2024-02-01 04:55:38'),(90,'Are smart locks compatible with all types of doors?','Smart locks are versatile and compatible with most standard doors, but our experts assess your specific door during the installation appointment to ensure compatibility.',69,1,'2024-02-01 04:57:39','2024-02-01 04:57:39'),(91,'How do I manage access to my smart lock for family members or guests?','Most smart locks come with user-friendly mobile apps, allowing you to easily grant and revoke access to family and guests, providing a secure and convenient solution.',69,1,'2024-02-01 04:58:05','2024-02-01 04:58:05'),(92,'What measures are in place to handle emergency situations?','Our security team is well-equipped and trained to handle emergencies promptly, ensuring a swift and effective response.',68,1,'2024-02-01 04:59:01','2024-02-01 04:59:01'),(93,'Is the Residential Security Patrol service cost-effective for homeowners?','Indeed, our services are competitively priced, offering an effective and affordable solution for residential security needs.',68,1,'2024-02-01 04:59:52','2024-02-01 04:59:52'),(94,'What sanitization products do you use?','We use hospital-grade disinfectants proven effective against viruses and bacteria, ensuring a thorough and safe office environment.',67,1,'2024-02-01 05:00:43','2024-02-01 05:00:43'),(95,'Can you accommodate after-office hours for sanitization?','Absolutely, our scheduling is flexible. We can perform Office Sanitization after working hours to minimize any disruption to your daily operations.',67,1,'2024-02-01 05:01:10','2024-02-01 05:01:10'),(96,'Do I need to prepare anything before the installation?','Clear the installation area, disconnect utilities, and ensure access for our team.',66,1,'2024-02-01 05:01:58','2024-02-01 05:01:58'),(97,'Are there any permits required for water heater installation?','Regulations vary, but some areas may require permits. We\'ll handle the paperwork if needed.',66,1,'2024-02-01 05:02:21','2024-02-01 05:02:21'),(98,'What preventive measures can I take after rodent trapping?','Seal entry points, keep food stored securely, and schedule regular inspections to minimize future infestations.',65,1,'2024-02-01 05:03:15','2024-02-01 05:03:15'),(99,'Are the trapping materials safe for pets and children?','Yes, we use pet-friendly and child-safe materials to ensure a secure environment during and after the service.',65,1,'2024-02-01 05:03:30','2024-02-01 05:03:30'),(100,'How can I prepare my walls before initiating color touch-ups?','Clean the surface thoroughly, repair any damages, and use a primer for better adhesion.',64,1,'2024-02-01 05:04:28','2024-02-01 05:04:28'),(101,'Is it necessary to hire a professional for color touch-ups, or can I DIY?','DIY is possible, but professionals ensure precision and quality. It depends on your comfort level and the scale of the job.',64,1,'2024-02-01 05:04:46','2024-02-01 05:04:46'),(102,'Can I use DIY methods to get rid of bed bugs?','DIY methods may help, but professional intervention is recommended for thorough and lasting eradication.',63,1,'2024-02-01 05:05:35','2024-02-01 05:05:35'),(103,'Are the pesticides used safe for my family and pets?','Yes, we use safe and approved pesticides. Temporary relocation during treatment is advised.',63,1,'2024-02-01 05:05:55','2024-02-01 05:05:55'),(104,'How does the consultation process work?','Schedule a session, discuss your career and financial concerns, and receive actionable advice to propel your success.',62,1,'2024-02-01 05:07:01','2024-02-01 05:07:01'),(105,'Can I get guidance on entrepreneurship and business ventures?','Certainly! Our experts provide insights into entrepreneurship, business planning, and strategies for financial success.',62,1,'2024-02-01 05:07:18','2024-02-01 05:07:18'),(106,'What should I do before my hair coloring appointment?','Come with clean, dry hair. Avoid using heavy styling products or conditioners before the session.',61,1,'2024-02-01 05:08:07','2024-02-01 05:08:07'),(107,'Will hair coloring damage my hair?','Our experienced artists use quality products and techniques to minimize damage. Regular maintenance and conditioning are recommended.',61,1,'2024-02-01 05:08:40','2024-02-01 05:08:40'),(108,'Can I use chemical drain cleaners before calling for service?','It\'s not recommended as harsh chemicals may damage pipes. Professional assessment is safer and more effective.',60,1,'2024-02-01 09:38:51','2024-02-01 09:38:51'),(109,'What causes clogged drains?','Common culprits include hair, soap scum, grease, and foreign objects. Regular maintenance helps prevent clogs.',60,1,'2024-02-01 09:39:07','2024-02-01 09:39:07'),(110,'What is the difference between made-to-measure and bespoke?','Bespoke involves detailed customizations and multiple fittings, providing a more personalized experience than made-to-measure.',59,1,'2024-02-01 09:40:00','2024-02-01 09:40:00'),(111,'Can you replicate a design I have in mind?','Absolutely! Bring your design ideas, and our skilled tailors will work with you to bring your vision to life.',59,1,'2024-02-01 09:42:10','2024-02-01 09:42:10'),(112,'Can you integrate all types of smart appliances?','Yes, we can integrate a wide range of smart appliances, from lights and thermostats to security systems and more.',58,1,'2024-02-01 09:44:27','2024-02-01 09:44:27'),(113,'Is there a specific smart home platform you work with?','We\'re compatible with major platforms like Google Home and Amazon Alexa, ensuring seamless integration with your existing setup.',58,1,'2024-02-01 09:45:36','2024-02-01 09:45:36'),(114,'Can I bring multiple garments for hemming in one appointment?','Absolutely! Feel free to bring multiple items, and we\'ll efficiently handle all your hemming needs.',57,1,'2024-02-01 09:47:54','2024-02-01 09:47:54'),(115,'What should I wear for a fitting appointment for hemming?','Wear the shoes you plan to pair with the garment to ensure the perfect length during the fitting.',57,1,'2024-02-01 09:48:39','2024-02-01 09:48:39'),(116,'Is a smart home hub necessary for smart lighting installation?','It depends on the system. Some require a hub, while others can be directly connected to your Wi-Fi network.',56,1,'2024-02-01 09:51:05','2024-02-01 09:51:05'),(117,'Do you integrate voice control options?','Absolutely! We configure voice control compatibility with popular platforms like Amazon Alexa and Google Assistant.',56,1,'2024-02-01 09:51:21','2024-02-01 09:51:21'),(118,'Is VIP Escort Protection available for international travel?','Absolutely! Our VIP protection services extend globally to provide security during international travel.',55,1,'2024-02-01 09:52:33','2024-02-01 09:52:33'),(119,'What measures are in place for emergency situations during VIP protection?','Our security personnel are trained to handle emergencies swiftly and efficiently, coordinating with local authorities to ensure a rapid response.',55,1,'2024-02-01 09:52:51','2024-02-01 09:52:51'),(120,'Can I remain in the space during the disinfection process?','To ensure the effectiveness of the service, it\'s advisable to vacate the area during the disinfection process. You can return shortly after completion.',54,1,'2024-02-01 09:54:32','2024-02-01 09:54:32'),(121,'Does the service include preventive measures against future contamination?','High Touch Point Disinfection focuses on immediate sanitation. For long-term prevention, consider regular cleaning and additional protective measures.',54,1,'2024-02-01 09:56:06','2024-02-01 09:56:06'),(122,'Can pipe bursting cause damage to my property?','Yes, untreated pipe bursting can lead to water damage. Swift repairs are crucial to prevent further issues.',53,1,'2024-02-01 09:58:13','2024-02-01 09:58:13'),(123,'Are there preventive measures to avoid pipe bursting?','Regular maintenance and inspections can catch potential issues early, preventing major pipe bursting incidents.',53,1,'2024-02-01 09:58:30','2024-02-01 09:58:30'),(124,'What types of events or locations can you provide security for?','We offer security services for a wide range of events and locations, including corporate functions, residential areas, and public gatherings.',52,1,'2024-02-01 09:59:42','2024-02-01 09:59:42'),(125,'What happens in case of an emergency during an event?','Our security guards are trained to handle emergencies swiftly. We have established communication protocols and work closely with local authorities to ensure a rapid response.',52,1,'2024-02-01 10:00:09','2024-02-01 10:00:09'),(126,'Can the Marriage Puja be conducted at my preferred venue?','Yes, our experienced pandits are flexible and can perform the puja at your chosen location.',51,1,'2024-02-01 10:02:02','2024-02-01 10:02:02'),(127,'What preparations do I need to make before the Marriage Puja?','Ensure a clean and calm space for the puja. Have necessary items like fruits, flowers, and offerings ready as per the pandit\'s guidance.',51,1,'2024-02-01 10:02:16','2024-02-01 10:02:16'),(128,'Do I need to move furniture before the painting crew arrives?','For optimal results, it\'s advisable to move or cover furniture. However, our team can assist with light furniture rearrangement.',50,1,'2024-02-01 10:03:18','2024-02-01 10:03:18'),(129,'Can you paint over wallpaper?','While it\'s possible, we recommend removing wallpaper for a smoother and more professional result. Discuss options with our team during the consultation.',50,1,'2024-02-01 10:03:35','2024-02-01 10:03:35'),(130,'What is included in the lawn trimming service?','Our trimming service covers edges, borders, and obstacles for a polished and well-defined lawn appearance.',49,1,'2024-02-01 10:04:30','2024-02-01 10:04:30'),(131,'Do I need to provide the lawn mower and tools?','No need! Our professional gardeners come fully equipped with all the necessary tools and machinery.',49,1,'2024-02-01 10:04:47','2024-02-01 10:04:47'),(132,'Can I request a specific folding style for my clothes?','Certainly! Let us know your preferred folding style, and our team will ensure your clothes are folded just the way you like.',48,1,'2024-02-01 10:05:54','2024-02-01 10:05:54'),(133,'What detergents and softeners do you use for the wash and fold service?','We use high-quality, hypoallergenic detergents and softeners to provide a clean and fresh finish to your laundry.',48,1,'2024-02-01 10:06:08','2024-02-01 10:06:08'),(134,'How can I prevent pests and diseases in my garden?','Regularly inspect plants, remove debris, and opt for our eco-friendly pest control add-on for a healthier garden.',47,1,'2024-02-01 10:07:02','2024-02-01 10:07:02'),(135,'Do you provide organic fertilization options for my garden?','Yes, we offer organic fertilization choices to promote sustainable and environmentally friendly gardening practices.',47,1,'2024-02-01 10:07:17','2024-02-01 10:07:17'),(136,'Are there gluten-free or vegan dessert options available?','Certainly! We offer gluten-free and vegan dessert alternatives. Let us know your preferences when placing your order.',46,1,'2024-02-01 10:08:00','2024-02-01 10:08:00'),(137,'What allergens are considered when preparing desserts?','We take allergies seriously. Inform us of any allergies, and we\'ll ensure a safe and delicious dessert experience.',46,1,'2024-02-01 10:08:21','2024-02-01 10:08:21'),(138,'Is there a recommended skincare routine to follow after a customized facial?','Yes, our specialists provide personalized post-facial skincare advice to maximize the benefits of your treatment.',45,1,'2024-02-01 10:09:19','2024-02-01 10:09:19'),(139,'Can I request specific ingredients for my custom facial products?','Absolutely! Our skincare experts will tailor products to your needs, considering any preferences or concerns you may have.',45,1,'2024-02-01 10:09:54','2024-02-01 10:09:54'),(140,'Can we bring props for our family photos?','Certainly! Bringing props can add a personal touch to your portraits. Let us know in advance, so we can plan accordingly.',44,1,'2024-02-01 10:10:52','2024-02-01 10:10:52'),(141,'What should we wear for our portrait session?','Choose outfits that complement each other and reflect your personal style. Avoid overly matching to create a natural and cohesive look.',44,1,'2024-02-01 10:11:13','2024-02-01 10:11:13'),(142,'Are the roach control products environmentally friendly?','We prioritize eco-friendly options, and our technicians use products with minimal environmental impact.',43,1,'2024-02-01 10:12:18','2024-02-01 10:12:18'),(143,'What steps can I take to prevent roach infestations after treatment?','Maintain cleanliness, seal entry points, and fix leaks to create an inhospitable environment for roaches.',43,1,'2024-02-01 10:12:33','2024-02-01 10:12:33'),(144,'Can the pandit guide us on the rituals and significance of the Satyanarayan Katha?','Absolutely! Our knowledgeable pandits will guide you through each ritual and explain the significance of the Satyanarayan Katha.',42,1,'2024-02-01 10:13:24','2024-02-01 10:13:24'),(145,'What items are required for the Satyanarayan Katha puja?','Common items include fruits, flowers, prasad, coconut, and a small idol or image of Lord Satyanarayan.',42,1,'2024-02-01 10:15:44','2024-02-01 10:15:44'),(146,'Is there a size limit for fabric repairs?','We handle fabric repairs of all sizes, from small tears to larger patches, ensuring your garments look as good as new.',41,1,'2024-02-01 10:16:41','2024-02-01 10:16:41'),(147,'Can you repair garments with complex patterns or prints?','Yes, our skilled tailors are experienced in working with complex patterns and prints to ensure a flawless fabric repair.',41,1,'2024-02-01 10:16:57','2024-02-01 10:16:57'),(148,'Can you install a home theater in a small space?','Absolutely! We tailor setups to fit various room sizes, optimizing your space for maximum enjoyment.',40,1,'2024-02-01 10:17:58','2024-02-01 10:17:58'),(149,'What\'s the ideal room for a home theater setup?','Choose a room with minimal natural light and good acoustics for an optimal home theater experience.',40,1,'2024-02-01 10:18:20','2024-02-01 10:18:20'),(150,'Is garment restoration suitable for vintage clothing?','Absolutely! Our skilled artisans specialize in preserving and restoring vintage garments with care.',39,1,'2024-02-01 10:21:44','2024-02-01 10:21:44'),(151,'Will my garment look as good as new after restoration?','While complete restoration is our goal, the outcome may vary based on the initial condition of the garment.',39,1,'2024-02-01 10:23:08','2024-02-01 10:23:08'),(152,'What\'s the difference between paint protection and polishing?','Paint protection adds a layer for durability, while polishing enhances the paint\'s appearance by removing imperfections.',38,1,'2024-02-01 10:24:06','2024-02-01 10:24:06'),(153,'Is paint polishing suitable for all types of surfaces?','Our services are designed for various surfaces, including walls, ceilings, and trim. We tailor our approach based on the material.',38,1,'2024-02-01 10:24:20','2024-02-01 10:24:20'),(154,'What are the signs that my AC needs a coolant renewal?','Look out for reduced cooling, longer cooling cycles, and ice buildup on the evaporator coil - indicators that your AC may need a coolant boost.',37,1,'2024-02-01 10:45:14','2024-02-01 10:45:14'),(155,'Can I use any coolant for my AC, or should I stick to a specific type?','We recommend using the coolant specified by your AC manufacturer for optimal performance and efficiency.',37,1,'2024-02-01 10:45:44','2024-02-01 10:45:44'),(156,'What does an AC tune-up include?','Our comprehensive service covers cleaning, lubricating, checking refrigerant levels, and ensuring all components are in top condition.',36,1,'2024-02-01 13:28:24','2024-02-01 13:28:24'),(157,'Is a tune-up necessary for newly installed AC units?','Absolutely! Regular maintenance, even for new units, ensures optimal performance, prevents issues, and extends the lifespan of your system.',36,1,'2024-02-01 13:28:41','2024-02-01 13:28:41'),(158,'Do I need to provide cleaning supplies and equipment?','No need! Our professionals bring all the necessary supplies and equipment for a comprehensive deep cleaning.',35,1,'2024-02-01 13:29:35','2024-02-01 13:29:35'),(159,'Are your cleaning products safe for pets and children?','Yes, our cleaning products are selected for their effectiveness and safety, making them suitable for households with pets and children.',35,1,'2024-02-01 13:29:52','2024-02-01 13:29:52'),(160,'What materials are commonly used for door casing and trim?','Wood, MDF, and PVC are popular choices for durability and aesthetic appeal.',34,1,'2024-02-01 13:30:46','2024-02-01 13:30:46'),(161,'Is it necessary to remove the old trim before installing new casing?','Yes, removing old trim ensures a clean installation and a polished final look.',34,1,'2024-02-01 13:31:19','2024-02-01 13:31:19'),(162,'s a transmission flush necessary?','Regular fluid changes are essential, but a flush may not always be necessary. Consult with our experts to determine the best maintenance for your vehicle.',33,1,'2024-02-01 13:32:20','2024-02-01 13:32:20'),(163,'Can I drive with a slipping transmission?','Driving with a slipping transmission can cause further damage. It\'s advisable to have it inspected and repaired promptly.',33,1,'2024-02-01 13:32:43','2024-02-01 13:32:43'),(164,'Can you remove stubborn stains from my car seats?','Yes, our specialized cleaning techniques can effectively remove most stains, rejuvenating your car seats.',32,1,'2024-02-01 13:33:20','2024-02-01 13:33:20'),(165,'Do I need to remove personal items before the cleaning session?','It\'s advisable to remove personal items for a thorough cleaning, but our team can work around them if needed.',32,1,'2024-02-01 13:33:39','2024-02-01 13:33:39'),(166,'Can I drive my car if the check engine light is on?','It\'s not recommended. Continuing to drive with the check engine light on may worsen the issue. Schedule diagnostics promptly.',31,1,'2024-02-01 13:34:29','2024-02-01 13:34:29'),(167,'Is engine diagnostics the same as a regular car inspection?','No, engine diagnostics specifically focuses on identifying and resolving issues related to the engine\'s performance.',31,1,'2024-02-01 13:34:46','2024-02-01 13:34:46'),(168,'Can outdoor lights be automated or controlled remotely?','Yes, we offer smart solutions for automation and remote control of your outdoor lighting.',30,1,'2024-02-01 14:11:17','2024-02-01 14:11:17'),(169,'Are energy-efficient options available for outdoor lighting?','Absolutely! Choose LED fixtures and smart controls for energy savings and eco-friendly options.',30,1,'2024-02-01 14:11:33','2024-02-01 14:11:33'),(170,'Can you install smart lighting systems during the service?','Certainly! Our electricians are equipped to install and set up smart lighting systems for your convenience.',29,1,'2024-02-01 14:12:28','2024-02-01 14:12:28'),(171,'Can I choose my own light fixtures for installation?','Absolutely! You can choose your preferred fixtures, and our electricians will handle the installation.',29,1,'2024-02-01 14:12:48','2024-02-01 14:12:48'),(172,'What causes wiring issues in a home?','Wiring issues can stem from aging, rodents, or faulty installations. Regular inspections help identify and address potential problems.',28,1,'2024-02-01 14:13:26','2024-02-01 14:13:26'),(173,'How long does a typical wiring repair take?','The duration depends on the extent of the issue. Simple repairs may take a few hours, while more complex ones could span a day.',28,1,'2024-02-01 14:13:44','2024-02-01 14:13:44'),(174,'Can I request gluten-free pasta for my dish?','Certainly! We accommodate dietary preferences, including gluten-free options.',27,1,'2024-02-01 14:14:29','2024-02-01 14:14:29'),(175,'Are your ingredients sourced from Italy for an authentic taste?','While some ingredients are imported, we prioritize freshness and quality for an authentic Italian experience.',27,1,'2024-02-01 14:14:49','2024-02-01 14:14:49'),(176,'What\'s the difference between Cantonese and Szechuan cuisine?','Cantonese is known for freshness, while Szechuan is spicy and bold. Explore both for a diverse culinary experience.',26,1,'2024-02-01 14:15:29','2024-02-01 14:15:29'),(177,'How can I reheat Chinese takeout for the best flavor?','Reheat in a pan or oven for crispy textures. Avoid using the microwave to maintain the dish\'s original flavor and texture.',26,1,'2024-02-01 14:15:57','2024-02-01 14:15:57'),(178,'Can the chef accommodate dietary restrictions and allergies?','Absolutely! We work closely with clients to accommodate dietary restrictions and ensure a safe and enjoyable dining experience.',25,1,'2024-02-01 14:16:54','2024-02-01 14:16:54'),(179,'Can I request a customized menu for my event from the Authentic Mexican Chef?','Absolutely! Our chef specializes in creating personalized menus tailored to your preferences and event theme.',25,1,'2024-02-01 14:17:08','2024-02-01 14:17:08'),(180,'What is included in the family-style dinner package?','The package includes menu planning, ingredient sourcing, preparation, and cleanup, ensuring a hassle-free and delightful dining experience for your family.',24,1,'2024-02-01 14:18:22','2024-02-01 14:18:22'),(181,'Are ingredients sourced responsibly and locally?','Yes, we prioritize quality. Our chefs use fresh, locally sourced ingredients for a delectable and sustainable dining experience.',24,1,'2024-02-01 14:18:37','2024-02-01 14:18:37'),(182,'Are the ingredients sourced fresh?','Absolutely! We prioritize using fresh, high-quality ingredients to create delicious and nutritious meals for you.',23,1,'2024-02-01 14:19:19','2024-02-01 14:19:19'),(183,'Can I request specific cuisines or styles of cooking?','Certainly! Our cooks are versatile and can prepare meals in various cuisines or styles based on your preferences.',23,1,'2024-02-01 14:19:33','2024-02-01 14:19:33'),(184,'Can I leave my curtains hanging during the cleaning process?','Yes, our professional team performs on-site cleaning without the need for curtain removal.',21,1,'2024-02-01 14:20:50','2024-02-01 14:20:50'),(185,'What types of curtains do you clean?','We clean all types, including drapes, sheers, and fabric blinds, ensuring a thorough and gentle process.',21,1,'2024-02-01 14:21:10','2024-02-01 14:21:10'),(186,'How long does the carpet drying process take?','Drying times vary but typically range from 4 to 6 hours. Ventilation and weather conditions can impact drying.',20,1,'2024-02-01 14:22:03','2024-02-01 14:22:03'),(187,'Is there a specific carpet cleaning method you recommend?','We tailor our approach to your carpet\'s needs, utilizing steam cleaning, dry cleaning, or other methods for optimal results.',20,1,'2024-02-01 14:22:17','2024-02-01 14:22:17'),(188,'Can you clean hard-to-reach areas, like high ceilings or crown moldings?','Absolutely! Our team is equipped to handle hard-to-reach areas using safe and effective cleaning methods.',19,1,'2024-02-01 14:23:09','2024-02-01 14:23:09'),(189,'Will Ceiling and Wall Cleaning remove stains or discoloration?','In most cases, our cleaning process can significantly improve the appearance of stains and discoloration. However, complete removal depends on the nature of the stain.',19,1,'2024-02-01 14:23:22','2024-02-01 14:23:22'),(190,'What areas of the house are covered in a full house cleaning?','Our service covers all essential areas, including bedrooms, bathrooms, kitchen, living spaces, and common areas, providing a comprehensive clean.',18,1,'2024-02-01 14:24:08','2024-02-01 14:24:08'),(191,'Do I need to provide cleaning supplies?','No need! Our professional cleaners bring their own supplies, ensuring a thorough and effective cleaning.',18,1,'2024-02-01 14:24:24','2024-02-01 14:24:24'),(192,'Can you install beams and columns for both residential and commercial spaces?','Absolutely! Our skilled team is experienced in installations for both residential and commercial properties.',17,1,'2024-02-01 14:25:12','2024-02-01 14:25:12'),(193,'What is the average lifespan of installed beams and columns?','The lifespan depends on factors like material and environmental conditions. We use durable materials for long-lasting results.',17,1,'2024-02-01 14:25:24','2024-02-01 14:25:24'),(194,'How often should cabinets be refinished for optimal maintenance?','Refinishing is typically done every 5-10 years, depending on wear and tear and personal preference.',16,1,'2024-02-01 14:26:04','2024-02-01 14:26:04'),(195,'Is it possible to fix a cabinet that\'s been damaged or has loose hinges?','Yes, our experts can address cabinet damage, including fixing loose hinges and repairing other issues.',16,1,'2024-02-01 14:26:18','2024-02-01 14:26:18'),(196,'Can I choose a different stain or finish for my chair?','Certainly! Customize your chair\'s look by choosing from our range of stains and finishes.',15,1,'2024-02-01 14:26:59','2024-02-01 14:26:59'),(197,'Will the restoration remove scratches and dents?','Yes, our restoration process includes repairing scratches, dents, and other visible damages for a like-new appearance.',15,1,'2024-02-01 14:27:13','2024-02-01 14:27:13'),(198,'Can I rotate and balance my tires at home?','It\'s a specialized process best done by professionals using the right equipment for accurate results.',14,1,'2024-02-01 14:28:36','2024-02-01 14:28:36'),(199,'What\'s the difference between tire rotation and balancing?','Rotation ensures even wear on all tires, while balancing optimizes weight distribution, preventing vibrations.',14,1,'2024-02-01 14:28:45','2024-02-01 14:28:45'),(200,'Do you check other fluids during an oil change?','Absolutely! Our service includes a thorough check of essential fluids like coolant, brake fluid, and transmission fluid.',13,1,'2024-02-01 14:29:29','2024-02-01 14:29:29'),(201,'What signs indicate my car needs an oil change?','Look out for warning lights, dark or gritty oil, and engine noise – these may indicate it\'s time for a change.',13,1,'2024-02-01 14:29:45','2024-02-01 14:29:45'),(202,'What is included in the installation service?','Our service includes mounting the unit securely, sealing gaps, and testing for proper functionality.',12,1,'2024-02-01 14:30:31','2024-02-01 14:30:31'),(203,'Is there anything I need to prepare before the installation?','Ensure the designated window is accessible and clear. We\'ll take care of the rest.',12,1,'2024-02-01 14:30:47','2024-02-01 14:30:47'),(204,'Can I install a split AC in any room?','Yes, as long as the room size is compatible with the AC capacity. Consult with our experts for personalized recommendations.',11,1,'2024-02-01 14:31:26','2024-02-01 14:31:26'),(205,'Can I relocate a split AC unit after installation?','It\'s possible, but it\'s recommended to consult with our technicians to assess feasibility and ensure proper relocation.',11,1,'2024-02-01 14:31:38','2024-02-01 14:31:38');

--
-- Table structure for table `service_packages`
--

CREATE TABLE `service_packages` (
  `id` bigint unsigned NOT NULL AUTO_INCREMENT,
  `provider_id` bigint unsigned NOT NULL,
  `category_id` bigint unsigned DEFAULT NULL,
  `subcategory_id` bigint unsigned DEFAULT NULL,
  `name` text COLLATE utf8mb4_unicode_ci,
  `description` text COLLATE utf8mb4_unicode_ci,
  `price` double DEFAULT NULL,
  `start_at` datetime DEFAULT NULL,
  `end_at` datetime DEFAULT NULL,
  `status` tinyint DEFAULT '1' COMMENT '1- Active , 0- InActive',
  `is_featured` tinyint DEFAULT '0',
  `package_type` text COLLATE utf8mb4_unicode_ci,
  `created_at` timestamp NULL DEFAULT NULL,
  `updated_at` timestamp NULL DEFAULT NULL,
  PRIMARY KEY (`id`),
  KEY `service_packages_provider_id_foreign` (`provider_id`),
  CONSTRAINT `service_packages_provider_id_foreign` FOREIGN KEY (`provider_id`) REFERENCES `users` (`id`) ON DELETE CASCADE
) ENGINE=InnoDB AUTO_INCREMENT=9 DEFAULT CHARSET=utf8mb4 COLLATE=utf8mb4_unicode_ci;

--
-- Dumping data for table `service_packages`
--

INSERT INTO `service_packages` VALUES (1,4,14,25,'Hair Cutting and Coloring','Elevate your look with our Hair Cutting and Coloring Combo Package. Our skilled stylists craft personalized haircuts and add vibrant color, creating a harmonious transformation that matches your style and personality, all in one convenient package. ??',50,'2023-09-09 00:00:00','2026-09-30 00:00:00',1,0,'single','2023-09-09 12:45:30','2023-10-06 06:31:48'),(3,4,18,36,'Frame Painting','Enhance your interior with our Multi-Frame Set Painting and Artistic Frame Design combo package! Our talented artists will create stunning paintings tailored to your style, while our frame designers will craft custom frames to complement your artwork. Transform your space into a work of art with this perfect pairing. ??‍??️?',55,'2023-10-06 12:00:00','2026-12-31 12:00:00',1,0,'single','2023-10-06 06:53:26','2023-10-06 06:53:26'),(4,4,19,38,'Laundry Service Package','Experience luxury in every thread with our Laundry Service Package ! This package combines meticulous Silk and Designer Garment ??? Care with the pristine Evening Gown and Formal Attire Cleaning. We ensure your most delicate fabrics and special outfits receive the royal treatment, leaving you looking and feeling fabulous for any occasion. ???',38,NULL,NULL,1,0,'single','2023-10-06 07:05:09','2023-10-06 07:05:09'),(5,17,NULL,NULL,'GreenGuard and CommercialShield: Your Space\'s Protectors','GreenGuard and CommercialShield provide comprehensive security solutions for both your green spaces and commercial buildings. With our expert services, your properties are protected inside and out, ensuring safety and peace of mind.',48,NULL,NULL,1,0,'multiple','2023-10-06 07:19:45','2023-10-06 07:20:28'),(6,4,NULL,NULL,'Carpentry and Sanitization','Upgrade your space with Carpentry and Sanitization! Our skilled carpenters bring your vision to life, while our sanitization experts ensure a clean and safe environment. It\'s the perfect combination of craftsmanship and cleanliness for your home or office. ⚒️?',37,NULL,NULL,1,0,'multiple','2023-10-06 07:25:51','2023-10-06 07:25:51'),(7,4,NULL,NULL,'Smart Home Protection Suite','Boost your home\'s safety and efficiency with our Smart Home Protection Suite. This comprehensive package includes Alarm System Installation, Smart Lighting Installation, Smart Appliance Integration, Leak Repair, and Sewer Line Cleaning. Enjoy peace of mind and convenience, all in one package. ???‍??',30,NULL,NULL,1,0,'multiple','2023-10-06 07:35:25','2023-10-06 07:35:25'),(8,4,22,9,'Global Gourmet Fusion','Discover diverse culinary delights with our Authentic Mexican Chef ??? , Chinese Food ??  and Italian Cook ?? combo service. Indulge in a world of flavors, all in one package.  ??',68,NULL,NULL,1,0,'single','2023-10-06 08:22:05','2023-10-06 08:22:05');

--
-- Table structure for table `service_proofs`
--

CREATE TABLE `service_proofs` (
  `id` bigint unsigned NOT NULL AUTO_INCREMENT,
  `title` varchar(255) COLLATE utf8mb4_unicode_ci NOT NULL,
  `description` text COLLATE utf8mb4_unicode_ci,
  `service_id` bigint unsigned DEFAULT NULL,
  `booking_id` bigint unsigned DEFAULT NULL,
  `user_id` bigint unsigned DEFAULT NULL,
  `created_at` timestamp NULL DEFAULT NULL,
  `updated_at` timestamp NULL DEFAULT NULL,
  PRIMARY KEY (`id`),
  KEY `service_proofs_service_id_foreign` (`service_id`),
  KEY `service_proofs_booking_id_foreign` (`booking_id`),
  KEY `service_proofs_user_id_foreign` (`user_id`),
  CONSTRAINT `service_proofs_booking_id_foreign` FOREIGN KEY (`booking_id`) REFERENCES `bookings` (`id`) ON DELETE CASCADE,
  CONSTRAINT `service_proofs_service_id_foreign` FOREIGN KEY (`service_id`) REFERENCES `services` (`id`) ON DELETE CASCADE,
  CONSTRAINT `service_proofs_user_id_foreign` FOREIGN KEY (`user_id`) REFERENCES `users` (`id`) ON DELETE CASCADE
) ENGINE=InnoDB AUTO_INCREMENT=39 DEFAULT CHARSET=utf8mb4 COLLATE=utf8mb4_unicode_ci;

--
-- Dumping data for table `service_proofs`
--

INSERT INTO `service_proofs` VALUES (1,'Leak Repair Success: Before & After ?️','Witness the transformation! ? No more leaks, just peace of mind. #LeakRepairSuccess',101,209,51,'2024-01-31 05:49:10','2024-01-31 05:49:10'),(2,'Filter Replacement ?️ Service Proof','Successfully replaced filters, ensuring clean and efficient performance! #HandymanServices #FilterReplacement',110,208,51,'2024-01-31 05:51:49','2024-01-31 05:51:49'),(3,'Fresh Look Assurance ?','Your dapper haircut and styling transformation! ?‍♂️✂️ #NewLookConfidence',94,207,51,'2024-01-31 06:03:55','2024-01-31 06:03:55'),(4,'Sparkling Elegance Assurance','Your Evening Gown and Formal Attire now shine like new! ✨? #EleganceRestored #ProfessionalCare',80,203,51,'2024-01-31 06:05:47','2024-01-31 06:05:47'),(5,'Sparkling Spaces Deluxe ?✨','Transformed kitchen and bathroom with our top-notch deep cleaning! #CleanSpaces #HappyCustomer',35,202,51,'2024-01-31 06:08:28','2024-01-31 06:08:28'),(6,'Satisfaction Guaranteed: Custom Cake Creations Delivered with Excellence!','? Successfully transformed a vision into reality! #HappyCustomer #CraftedWithCare',105,201,51,'2024-01-31 06:10:22','2024-01-31 06:10:22'),(7,'Revived Elegance: Wooden Chair Restoration ?','Transformed a tired wooden chair into a masterpiece! #WoodRestorationMagic ✨',15,199,51,'2024-01-31 06:13:32','2024-01-31 06:13:32'),(8,'Exquisite Transformation: Multi Frame Set Painting ?️','Revamped your space with a stunning Multi Frame Set Painting! #ArtisticRevival ?',81,197,51,'2024-01-31 06:15:36','2024-01-31 06:15:36'),(9,'Chinese Food Delight ??️','Completed kitchen repair for \'Chinese Food\' with precision and expertise! #HandymanMagic #SatisfiedCustomer',26,195,51,'2024-01-31 06:20:48','2024-01-31 06:20:48'),(10,'AC Compressor Fix ?','Successfully restored cool vibes! ❄️ #ACCompressorFix #HappyCustomer',97,194,51,'2024-01-31 06:23:15','2024-01-31 06:23:15'),(11,'Sparkling Office Magic ✨?','Witness the transformation! ? Just completed top-notch \'Office Cleaning\' service for a spotless workspace. #CleanOffice #HappyCustomer',107,193,51,'2024-01-31 06:25:56','2024-01-31 06:25:56'),(12,'AC Filter Replacement Success!','Breath of fresh air restored! ?️ AC Filter Replacement completed successfully. #HappyCustomer',110,190,51,'2024-01-31 06:28:26','2024-01-31 06:28:26'),(13,'Seam Repair and Reinforcement Success!','Revived and reinforced your garment\'s seams! ?✨ #SeamMagic #ClothRepair',104,191,51,'2024-01-31 06:31:31','2024-01-31 06:31:31'),(14,'✨ AC Filter Replacement Success! ✨','AC filter replaced with precision. #HappyCustomer #HandymanMagic✨',110,189,51,'2024-01-31 06:34:03','2024-01-31 06:34:03'),(15,'Seam Savior Certificate','Your cloth\'s seams are now stronger than ever! ?✨ #SeamSavior #ClothRepair',104,188,51,'2024-01-31 06:36:38','2024-01-31 06:36:38'),(16,'Crafted Elegance Unleashed','Mastering the art of frames, creating timeless beauty in just one service. #CraftsmanshipAtItsBest',100,187,51,'2024-01-31 06:39:37','2024-01-31 06:39:37'),(17,'AC Filter Renewal Success! ?','Enhanced air quality unlocked! AC filter replaced and optimized. #QualityService #CleanAir ?️',110,186,51,'2024-01-31 06:41:48','2024-01-31 06:41:48'),(18,'Success ?: Office Cleaning Completion','Transformed your workspace into a pristine haven! ?✨ #CleanOffice #SatisfiedCustomer',107,184,51,'2024-01-31 06:54:40','2024-01-31 06:54:40'),(19,'Clean Office Transformation ?','Revitalized your workspace with meticulous #OfficeCleaning! ✨ Your spotless office awaits. #HappyCustomer',110,181,51,'2024-01-31 06:57:13','2024-01-31 06:57:13'),(20,'Stitch & Strengthen Seal','Witness the transformation: Seam Repair and Reinforcement cloth fortifying seams! ?✨ #SeamMagic #CraftsmanTouch',104,178,51,'2024-01-31 06:59:28','2024-01-31 06:59:28'),(21,'Office Oasis Achieved! ?✨','Spotless desks, fresh vibes! Your clean office journey is complete. #OfficeMagic #HappyClient',107,182,51,'2024-01-31 07:01:47','2024-01-31 07:01:47'),(22,'Framed Elegance ✨: Unveiling Your Artistic Frame Design Masterpiece!','Elevated your space with a personalized touch! ?️ #FramePerfection #CustomerSatisfaction',100,180,51,'2024-01-31 07:04:43','2024-01-31 07:04:43'),(23,'Immaculate Oasis ?✨','Transformed your space with a #FullHouseCleaning – spotless and shining, just the way you love it! ✨ #HomeRefreshed',18,173,51,'2024-01-31 07:12:40','2024-01-31 07:12:40'),(24,'Glowing Results ?','Transformed dull to dazzling with our Customized Facials! ✨ Your radiant skin awaits! #SkincareMagic #HappyCustomer',45,170,51,'2024-01-31 07:14:57','2024-01-31 07:14:57'),(25,'Garment Restoration Success ?','Revived and renewed your favorite garment! ? Expertly restored to its former glory. #GarmentRestoration #HandymanMagic',39,168,51,'2024-01-31 07:17:09','2024-01-31 07:17:09'),(26,'Brighter Homes Delight ?','Successfully completed Smart Lighting Installation at your home! Illuminate your space with the latest tech. #LightingUpgrade ?✨',56,167,51,'2024-01-31 07:19:20','2024-01-31 07:19:20'),(27,'Germ-Free Assurance Certificate ?️','Completed \'High Touch Point Disinfection\' service! ?✨ #SafeAndSanitized\"',54,166,51,'2024-01-31 07:21:02','2024-01-31 07:21:02'),(28,'Vibrant Transformation! ?‍♂️','Witness the magic of hair coloring by a skilled hairdresser! #HairColoring #TransformationMagic',61,161,51,'2024-01-31 07:23:12','2024-01-31 07:23:12'),(29,'Electrifying Success: Wiring Repair at Home ?️⚡','Lighting up homes one repair at a time! ? #WiringRepair #HappyCustomers',28,160,51,'2024-01-31 07:43:33','2024-01-31 07:43:33'),(30,'AC Tune-up Completion Proof ?️','Another cool success! Chill vibes restored! ❄️ #HappyCustomer',36,155,51,'2024-01-31 11:09:20','2024-01-31 11:09:20'),(31,'Authentic Mexican Chef Delight ??‍?','Delighted to have created a flavorful journey for a happy customer. #MexicanCuisine #ChefLife',25,152,51,'2024-01-31 11:16:16','2024-01-31 11:16:16'),(32,'Bright Transformation ?','Transformed a space with #IndoorLightingMagic ?✨',29,151,51,'2024-01-31 11:19:37','2024-01-31 11:19:37'),(33,'Tailoring Excellence Certificate','Successfully transformed your garment with expert Hemming and Length Adjustment! #SartorialMastery ?',57,143,51,'2024-01-31 11:23:00','2024-01-31 11:23:00'),(34,'Successful Roach Control in Your Kitchen ??','Your kitchen is now roach-free! #PestControlChampion ?️',43,137,51,'2024-01-31 11:26:25','2024-01-31 11:26:25'),(35,'Revived Elegance: Wooden Chair Restoration ?️','Transformed a tired wooden chair into a timeless masterpiece! #FurnitureRevival ?‍?',15,129,51,'2024-01-31 11:28:33','2024-01-31 11:28:33'),(36,'AC Airflow Problem Identified ?️','Swiftly diagnosed and resolved AC airflow issue, ensuring optimal cooling! #CoolingExperts #HandymanAtYourService',93,126,51,'2024-01-31 11:42:18','2024-01-31 11:42:18'),(37,'Ride Assurance ?✨','Revitalized interiors! #InteriorCarCleaning done with precision, ensuring a fresh and pristine driving experience. ?? #HappyCustomer',32,124,51,'2024-01-31 11:47:38','2024-01-31 11:47:38'),(38,'Chimney Bliss Certificate ?✨','Completed #ChimneySweeping – Your fireplace is now pristine and ready for cozy moments! #SatisfiedCustomer',22,122,51,'2024-01-31 11:54:43','2024-01-31 11:54:43');

--
-- Table structure for table `services`
--

CREATE TABLE `services` (
  `id` bigint unsigned NOT NULL AUTO_INCREMENT,
  `name` varchar(255) COLLATE utf8mb4_unicode_ci NOT NULL,
  `category_id` bigint unsigned NOT NULL,
  `provider_id` bigint unsigned NOT NULL,
  `price` double DEFAULT '0',
  `type` varchar(255) COLLATE utf8mb4_unicode_ci DEFAULT '1' COMMENT 'fixed , hourly',
  `duration` varchar(255) COLLATE utf8mb4_unicode_ci DEFAULT NULL,
  `discount` double DEFAULT NULL COMMENT 'in percentage',
  `status` tinyint DEFAULT '1',
  `description` text COLLATE utf8mb4_unicode_ci,
  `is_featured` tinyint DEFAULT '0',
  `added_by` bigint DEFAULT NULL,
  `deleted_at` timestamp NULL DEFAULT NULL,
  `created_at` timestamp NULL DEFAULT NULL,
  `updated_at` timestamp NULL DEFAULT NULL,
  `subcategory_id` bigint DEFAULT NULL,
  `service_type` varchar(255) COLLATE utf8mb4_unicode_ci DEFAULT 'service',
  `is_slot` tinyint DEFAULT '0',
  `is_enable_advance_payment` tinyint DEFAULT '0',
  `advance_payment_amount` double DEFAULT NULL,
  `visit_type` varchar(255) COLLATE utf8mb4_unicode_ci DEFAULT 'on_site',
  `is_duration_hour` tinyint NOT NULL DEFAULT '1' COMMENT '1 = 1 hour, 0 = 30 minutes',
  `in_person_type` varchar(255) COLLATE utf8mb4_unicode_ci DEFAULT NULL,
  PRIMARY KEY (`id`),
  KEY `services_provider_id_foreign` (`provider_id`),
  KEY `services_category_id_foreign` (`category_id`),
  CONSTRAINT `services_category_id_foreign` FOREIGN KEY (`category_id`) REFERENCES `categories` (`id`) ON DELETE CASCADE,
  CONSTRAINT `services_provider_id_foreign` FOREIGN KEY (`provider_id`) REFERENCES `users` (`id`) ON DELETE CASCADE
) ENGINE=InnoDB AUTO_INCREMENT=148 DEFAULT CHARSET=utf8mb4 COLLATE=utf8mb4_unicode_ci;

--
-- Dumping data for table `services`
--

INSERT INTO `services` VALUES (11,'Split AC Setup',9,17,25,'fixed','00:35',1,1,'Our experienced technicians ensure your Split AC is flawlessly installed and configured. Experience efficient cooling with precise placement and professional setup.',0,1,NULL,'2023-09-04 13:27:09','2023-09-04 13:27:09',1,'service',0,0,NULL,'on_site',1,NULL),(12,'Window AC Installation',9,16,30,'hourly','00:30',2,1,'Enjoy hassle-free cooling with our Window AC installation service. Our experts provide a snug fit and optimal sealing, ensuring your unit is installed securely and operates effectively.',0,1,NULL,'2023-09-04 13:31:06','2023-09-04 13:31:06',1,'service',0,0,NULL,'on_site',1,NULL),(13,'Oil Change and Fluid Checks',21,16,12,'fixed','00:30',1,1,'Ensure engine health. Our experts perform regular oil changes and fluid checks to maintain peak performance.',1,1,NULL,'2023-09-04 13:33:12','2023-09-04 13:33:12',3,'service',0,0,NULL,'on_site',1,NULL),(14,'Tire Rotation and Balancing',21,15,23,'fixed','00:30',2,1,'Maximize tire lifespan. We rotate and balance tires to even out wear and ensure a smooth, safe ride.',0,1,NULL,'2023-09-04 13:34:45','2023-09-05 07:25:14',3,'service',0,1,10,'on_site',1,NULL),(15,'Wooden Chair Restoration',26,4,25,'fixed','00:50',2,1,'Restore the beauty and functionality of your wooden chairs with our skilled craftsmanship. We repair, refinish, and revitalize chairs for renewed comfort and charm.',0,1,NULL,'2023-09-05 07:38:36','2023-09-05 08:01:22',5,'service',0,0,5,'on_site',1,NULL),(16,'Cabinet Fix & Refinish',26,8,20,'fixed','00:20',1,1,'Renew the allure of your cabinets. Our professionals fix hinges, handles, and refinish surfaces, breathing new life into your cabinets while restoring their functionality and beauty.  🪚🔨',0,1,NULL,'2023-09-05 13:51:50','2023-09-08 12:18:35',5,'service',0,0,NULL,'on_site',1,NULL),(17,'Beam and Column Installation',26,4,22,'fixed','00:15',NULL,1,'Experience superior structural support. Our experts install beams and columns with precision, enhancing load-bearing capacity and ensuring the stability of your building. 🪛🛠️',0,1,NULL,'2023-09-05 13:57:52','2023-09-05 13:57:52',6,'service',0,0,NULL,'on_site',1,NULL),(18,'Full House Cleaning',24,4,33,'hourly','00:30',5,1,'Our expert cleaners transform your home into a spotless haven. From dusting to mopping, every corner is meticulously cleaned, leaving you with a refreshed living environment. 🧽🧹🪣🧼',0,1,NULL,'2023-09-05 14:05:49','2023-09-05 14:05:49',7,'service',0,0,NULL,'on_site',1,NULL),(19,'Ceiling and Wall Cleaning',24,12,26,'fixed','0:50',4,1,'Renew your spaces with our Ceiling and Wall Cleaning service, restoring freshness and brightness to your interiors. 🧽🧹🧻',0,1,NULL,'2023-09-05 14:07:49','2023-09-06 05:27:26',7,'service',1,0,NULL,'on_site',1,NULL),(20,'Carpet Cleaning',24,4,40,'fixed','00:19',NULL,1,'Renew your carpets\' vibrancy. Our specialized cleaning process removes stains and dirt, leaving your carpets soft, clean, and inviting. 🧽🧹🧼',0,1,NULL,'2023-09-06 10:18:58','2023-09-06 10:18:58',8,'service',0,0,NULL,'on_site',1,NULL),(21,'Curtain Cleaning',24,14,0,'free','00:30',0,1,'Revive your space with our Curtain Cleaning service, restoring freshness and cleanliness to your drapes. 🧽🧼',0,1,NULL,'2023-09-06 10:42:25','2024-11-07 09:42:01',8,'service',0,0,NULL,'remote',1,NULL),(22,'Chimney Sweeping',24,4,15,'hourly','00:30',2,1,'Ensure fireplace safety and optimal performance with our Chimney Sweeping service, expertly removing debris and buildup. 🧼🧹🧻',0,1,NULL,'2023-09-06 10:43:58','2023-09-06 10:43:58',8,'service',0,0,NULL,'on_site',1,NULL),(23,'Daily Meals Preparation Cook',22,4,23,'fixed','00:25',NULL,1,'Enjoy the convenience of homemade meals with our Daily Meals Preparation service. Our skilled home cooks curate a variety of nutritious and flavorful dishes tailored to your preferences. From breakfast to dinner, we ensure you\'re provided with well-balanced and delicious meals, freeing you from the kitchen and letting you savor homemade goodness. 🥪🍕🍜',0,1,NULL,'2023-09-06 10:48:04','2023-10-02 13:22:29',9,'service',0,1,5,'on_site',1,NULL),(24,'Family Style Dinner Chef',22,7,32,'fixed','00:20',NULL,1,'Rediscover the joy of family gatherings with our Family-style Dinners. Our home cooks prepare wholesome and comforting meals that bring loved ones together around the table. Enjoy a shared culinary experience that fosters connection and creates lasting memories. 🧆🥙🥗',0,1,NULL,'2023-09-06 10:49:46','2023-10-02 12:02:29',9,'service',0,0,NULL,'on_site',1,NULL),(25,'Authentic Mexican Chef',22,4,16,'fixed','00:45',NULL,1,'Experience the vibrant flavors of Mexico with our Authentic Mexican Chef service. Our skilled chefs craft traditional dishes that capture the essence of Mexican cuisine, bringing the zest of Mexico to your table. 🫔🌮',0,1,NULL,'2023-09-06 11:03:23','2023-09-06 11:03:23',10,'service',0,0,NULL,'on_site',1,NULL),(26,'Chinese Food',22,4,41,'fixed','00:23',NULL,1,'Elevate your dining experience with our Italian Cook chef service, where expertly crafted Italian dishes transport your taste buds to the heart of Italy. 🫕 🍝🍜',0,1,NULL,'2023-09-06 11:05:50','2023-09-06 11:05:50',10,'service',0,0,NULL,'on_site',1,NULL),(27,'Italian Cook',22,4,10,'fixed','00:55',NULL,1,'Elevate your dining experience with our Italian Cook chef service, where expertly crafted Italian dishes transport your taste buds to the heart of Italy. 🍕🥘🍜',1,1,NULL,'2023-09-06 11:46:24','2023-09-06 11:46:24',10,'service',0,0,NULL,'on_site',1,NULL),(28,'Wiring Repair',25,4,26,'fixed','00:20',NULL,1,'Fix faulty wiring promptly. Our experts diagnose and repair wiring issues, ensuring your electrical systems function flawlessly. 🔧🪛',0,1,NULL,'2023-09-06 13:48:44','2023-09-06 13:48:44',11,'service',0,0,NULL,'on_site',1,NULL),(29,'Indoor Lighting Installation',25,4,28,'fixed','00:35',NULL,1,'Transform your interiors with our expert indoor lighting installation. We install a variety of fixtures, enhancing ambiance and functionality. 🔧🪛🛠️',0,1,NULL,'2023-09-06 13:51:35','2023-09-06 13:51:35',12,'service',0,0,NULL,'on_site',1,NULL),(30,'Outdoor Lighting Setup',25,14,30,'hourly','00:20',NULL,1,'Illuminate your surroundings. Our outdoor lighting installation creates a welcoming environment while enhancing security and aesthetics. 🔧🪛💡',0,1,NULL,'2023-09-08 05:12:20','2023-09-08 05:12:20',12,'service',0,0,NULL,'on_site',1,NULL),(31,'Engine Diagnostics',21,4,12,'fixed','00:20',1,1,'Uncover issues quickly. Our advanced diagnostics pinpoint engine problems, enabling efficient repairs. 🪛 🛠️ 🚒 🚙 🚛',0,1,NULL,'2023-09-08 13:31:22','2023-09-08 13:31:22',4,'service',0,0,NULL,'on_site',1,NULL),(32,'Interior Cleaning and Care',21,4,45,'fixed','00:25',10,1,'Enjoy a pristine cabin. Our professionals clean and care for your vehicle\'s interior, from upholstery to dashboard. 🚛🚙',0,1,NULL,'2023-09-08 13:33:26','2023-09-08 13:33:26',40,'service',0,1,10,'on_site',1,NULL),(33,'Transmission Repair',21,4,42,'hourly','00:30',2,1,'Smooth gear shifts matter. We expertly repair transmissions, ensuring seamless performance. 🪛 🛠️',0,1,NULL,'2023-09-08 13:35:35','2023-09-08 13:35:35',4,'service',0,0,NULL,'on_site',1,NULL),(34,'Door Casing and Trim',26,4,26,'fixed','0:40',0,1,'Complete your doors with our door casing and trim service. Our experts carefully install decorative casing and trim to frame your doors beautifully. 🪛🛠️',0,1,NULL,'2023-09-08 13:38:53','2023-09-08 13:47:56',48,'service',1,0,NULL,'on_site',1,NULL),(35,'Kitchen & BathRoom Deep Cleaning',24,4,38,'fixed','00:35',4,1,'Experience the transformation of your kitchen and bathroom with our Deep Cleaning service. Our meticulous team targets every nook and cranny, removing grime, stains, and buildup, leaving your spaces sparkling, sanitized, and refreshed. 🧽🧼🧹🪣',1,1,NULL,'2023-09-08 13:45:00','2023-09-08 13:45:00',47,'service',0,0,NULL,'on_site',1,NULL),(36,'AC Tune-up',9,4,53,'fixed','0:25',5,1,'Keep your AC in peak condition. Our comprehensive tune-up optimizes performance, extends lifespan, and prevents potential issues. 🪛🛠️',0,1,NULL,'2023-09-08 13:51:35','2023-10-06 11:44:46',2,'service',0,1,4,'on_site',1,NULL),(37,'Coolant Renewal Service',9,4,40,'fixed','00:23',0,1,'Experience engine efficiency and temperature control with our Coolant Renewal Service. We replace old coolant to ensure optimal performance and prevent overheating. 🔩🔧',0,1,NULL,'2023-09-08 13:53:57','2023-09-08 13:53:57',2,'service',0,0,NULL,'on_site',1,NULL),(38,'Paint Protection and Polishing',21,4,35,'fixed','00:36',0,1,'Preserve your vehicle\'s finish. We apply protective coatings and perform polishing for a long-lasting shine.  🚛🚙🚗',0,1,NULL,'2023-09-08 13:56:32','2023-09-08 13:56:32',40,'service',0,0,NULL,'on_site',1,NULL),(39,'Garment Restoration',10,4,42,'hourly','00:25',4,1,'Preserve sentimental pieces. Our tailors restore vintage or cherished garments, returning them to their former glory. 🥻👔👚',0,1,NULL,'2023-09-09 06:04:40','2023-09-09 06:04:40',41,'service',0,0,NULL,'on_site',1,NULL),(40,'Home Theater Setup',11,15,12,'fixed','00:26',0,1,'Immerse yourself in cinematic bliss. Our service includes the installation of home theater systems that deliver high-quality audio and video. 📺 🖥️ 🎛️',0,1,NULL,'2023-09-09 06:10:07','2023-09-09 06:10:07',32,'service',0,0,NULL,'on_site',1,NULL),(41,'Patchwork and Fabric Repair',10,12,35,'fixed','00:25',NULL,1,'Breathe new life into torn garments. Our skilled tailors expertly mend fabric and apply patches for seamless repairs. 🪡🧵',0,1,NULL,'2023-09-09 06:16:19','2023-09-09 06:16:19',41,'service',0,0,NULL,'on_site',1,NULL),(42,'Satyanarayan Katha',17,4,30,'fixed','00:20',0,1,'Celebrate blessings and success. Our Pandits conduct the Satyanarayan Katha, invoking Lord Vishnu\'s grace for prosperity. 🔥',0,1,NULL,'2023-09-09 06:39:44','2023-09-09 06:39:44',17,'service',0,0,NULL,'on_site',1,NULL),(43,'Roach Control',16,4,40,'fixed','00:35',4,1,'Say goodbye to roaches. Our roach control service tackles infestations head-on, using safe and efficient methods to ensure a roach-free environment. 🪲🪳🪰🐞',0,1,NULL,'2023-09-09 06:43:21','2023-09-09 06:43:21',19,'service',0,0,NULL,'on_site',1,NULL),(44,'Family & Couple\'s Portraits',15,4,50,'fixed','0:30',4,1,'Capture cherished moments with our Family & Couple\'s Portraits service. Let us create timeless, heartwarming memories for you and your loved ones through beautifully crafted photography. 📸',1,1,NULL,'2023-09-09 06:45:18','2023-10-06 11:46:06',21,'service',0,1,5,'on_site',1,NULL),(45,'Customized Facials',14,4,25,'fixed','00:25',0,1,'Treat your skin to luxury. Our estheticians offer personalized facials targeting your specific skin concerns, leaving you refreshed and radiant. 🧖‍♀️',1,1,NULL,'2023-09-09 06:47:19','2023-09-09 06:48:26',26,'service',0,0,NULL,'on_site',1,NULL),(46,'Dessert Chef',22,13,15,'fixed','00:20',0,1,'Indulge in exquisite sweetness with our Dessert Chef service, where delectable creations redefine dessert experiences. 🎂🧁',0,1,NULL,'2023-09-09 07:00:56','2023-09-09 07:00:56',45,'service',0,0,NULL,'on_site',1,NULL),(47,'Green Space Guardians',20,17,19,'fixed','00:30',0,1,'Our Green Space Guardians service to ensure your garden thrives year-round. Our expert team provides meticulous care, from pruning to fertilizing, to maintain your green haven\'s health and beauty. Relax while we keep your garden pristine and flourishing. 🌴🌾🪴🥀',0,1,NULL,'2023-09-09 07:05:33','2023-09-11 10:42:05',13,'service',0,0,NULL,'on_site',1,NULL),(48,'Regular Clothing Wash And Fold',19,4,18,'fixed','00:25',0,1,'Enjoy clean and crisp clothing. Our wash and fold service ensures your everyday clothes are laundered with care. 👖👕👗👘',0,1,NULL,'2023-09-09 07:12:41','2023-09-09 07:12:41',50,'service',0,0,NULL,'on_site',1,NULL),(49,'Lawn Mowing and Trimming',20,4,41,'fixed','00:40',1,1,'Keep your lawn immaculate. Our professionals provide precise mowing and trimming, ensuring a neat and manicured appearance. ⛏️🪓🪴',0,1,NULL,'2023-09-09 07:16:51','2023-09-09 07:16:51',14,'service',0,0,NULL,'on_site',1,NULL),(50,'Whole Room Painting',18,12,25,'fixed','00:25',0,1,'Elevate your interiors. Our skilled painters provide complete room painting, adding color and style to your living spaces. 🖌️',0,1,NULL,'2023-09-09 07:18:54','2023-09-09 07:18:54',15,'service',0,0,NULL,'on_site',1,NULL),(51,'Marriage Puja',17,4,45,'fixed','00:15',3,1,'Create a sacred union. Our Marriage Puja service invokes blessings for a harmonious and blessed marital journey. 🔥 👫🏻',0,1,NULL,'2023-09-09 07:30:58','2023-09-09 07:30:58',17,'service',0,0,NULL,'on_site',1,NULL),(52,'Bodyguard Services',12,8,40,'hourly','00:20',10,1,'Elevate your security. Our highly trained bodyguards provide personalized protection, ensuring your safety in various environments. 👮🏻',0,1,NULL,'2023-09-09 07:36:27','2023-09-29 14:02:46',29,'service',0,0,NULL,'on_site',1,NULL),(53,'Pipe Bursting Repair',23,4,0,'free','00:35',0,1,'Our experts swiftly address pipe bursts, minimizing water loss and property damage.  🛠️👨🏻‍🔧',1,1,NULL,'2023-09-09 07:40:01','2023-10-02 12:32:00',23,'service',0,0,NULL,'on_site',1,NULL),(54,'High Touch Point Disinfection',13,4,35,'fixed','00:30',5,1,'Pay attention to the details. We focus on high-touch areas such as doorknobs, light switches, and handles, effectively reducing the spread of germs and viruses. 🧴🪳',0,1,NULL,'2023-09-09 07:49:22','2023-09-09 07:49:22',27,'service',0,0,NULL,'on_site',1,NULL),(55,'VIP Escort Protection',12,4,41,'fixed','00:40',0,1,'Secure VIP movements. Our expert personnel offer discreet escort services, ensuring a safe and smooth experience for high-profile individuals. 👮🏻',0,1,NULL,'2023-09-09 07:50:42','2023-09-09 07:50:42',29,'service',0,0,NULL,'on_site',1,NULL),(56,'Smart Lighting Installation',11,4,50,'fixed','00:30',4,1,'Illuminate your home intelligently. Our experts install smart lighting systems that you can control remotely for enhanced ambiance and energy efficiency. 💡🔌',0,1,NULL,'2023-09-09 07:52:40','2023-09-09 07:52:40',31,'service',0,0,NULL,'on_site',1,NULL),(57,'Hemming and Length Adjustment',10,4,40,'hourly','00:25',2,1,'Get your garments tailored to the right length. Our skilled tailors adjust hems for a clean and polished look. 🪡🧵🧥🥻',0,1,NULL,'2023-09-09 07:54:59','2023-09-09 07:54:59',33,'service',0,0,NULL,'on_site',1,NULL),(58,'Smart Appliance Integration',11,4,25,'fixed','00:40',0,1,'Streamline your household with Smart Appliance Integration. We connect your appliances to your smart home network, enabling remote operation and energy management, making daily tasks more convenient and efficient. 📱💡🔌',0,1,NULL,'2023-09-09 07:58:24','2023-09-09 07:58:24',31,'service',0,0,NULL,'on_site',1,NULL),(59,'Bespoke Suits and Dresses',10,4,42,'fixed','00:15',0,1,'Wear your vision. Our tailors craft custom suits and dresses, reflecting your style and personality. 🧥🥻👔👚',0,1,NULL,'2023-09-09 08:01:03','2023-09-09 08:01:03',34,'service',0,1,10,'on_site',1,NULL),(60,'Clogged Drain Cleaning',23,4,36,'hourly','00:35',0,1,'Experience free-flowing drains. Our clogged drain cleaning service eliminates blockages and ensures efficient drainage. 🧼🪣🪠',0,1,NULL,'2023-09-09 08:18:27','2023-09-09 08:18:27',23,'service',0,0,NULL,'on_site',1,NULL),(61,'Hair Coloring',14,4,37,'fixed','00:25',0,1,'Add vibrancy to your hair. Our color experts offer a range of options, from subtle highlights to bold transformations. 💆🏻‍♀️',0,1,NULL,'2023-09-09 08:20:47','2023-09-09 08:20:47',25,'service',0,0,NULL,'on_site',1,NULL),(62,'Career and Finance Consultation',17,4,18,'hourly','00:40',0,1,'Unlock your financial potential and career growth with our Consultation service. Our experts provide personalized guidance and strategies for achieving your professional and financial goals. 🔯',0,1,NULL,'2023-09-09 08:24:11','2023-09-09 08:24:11',18,'service',0,0,NULL,'on_site',1,NULL),(63,'Bed Bug Eradication',16,4,20,'fixed','0:25',0,1,'Sleep soundly again. Our bed bug eradication service eliminates these pests from your home, giving you peace of mind and a restful night\'s sleep. 🧴🪲🪳',0,1,NULL,'2023-09-09 08:25:41','2023-09-09 09:29:46',19,'service',1,0,NULL,'on_site',1,NULL),(64,'Color Touch-ups and Maintenance',18,4,25,'fixed','0:10',4,1,'Maintain your interiors\' vibrancy with Color Touch-ups and Maintenance. Our painters provide expert touch-ups and color restoration, ensuring your walls and surfaces look impeccable over time. 🪣🖌️',0,1,NULL,'2023-09-09 09:35:40','2023-10-06 11:45:18',15,'service',0,0,NULL,'on_site',1,NULL),(65,'Rodent Trapping',16,14,40,'fixed','00:25',0,1,'Swiftly address rodent issues. Our rodent trapping service uses effective and humane traps to capture and remove rodents from your space, ensuring a pest-free environment. 🧴 🪤',0,1,NULL,'2023-09-09 09:36:54','2024-11-06 06:27:23',20,'service',0,0,NULL,'on_site',1,'call_out'),(66,'Water Heater Installation',23,16,25,'fixed','00:30',0,1,'Enjoy hot water efficiently. Our water heater installation service ensures your unit is set up for reliable and consistent hot water supply. 🔩🔧🪛🛠️',1,1,NULL,'2023-09-09 09:39:36','2023-09-09 09:39:36',24,'service',0,0,NULL,'on_site',1,NULL),(67,'Office Sanitization',13,13,27,'hourly','00:10',4,1,'Maintain a safe work environment. Our office sanitization service covers workstations, common areas, and high-traffic zones, ensuring your employees\' well-being. 😷🚿🧴',0,1,NULL,'2023-09-09 09:42:03','2023-09-09 09:42:03',28,'service',0,0,NULL,'on_site',1,NULL),(68,'Residential Security Patrol',12,15,41,'fixed','00:30',0,1,'Protect your home. Our security personnel provide regular patrols and surveillance, deterring potential threats to your residential property. 👮🏻‍♀️',1,1,NULL,'2023-09-09 09:45:26','2023-09-09 09:45:26',29,'service',0,0,NULL,'on_site',1,NULL),(69,'Smart Lock Installation',11,12,16,'fixed','00:25',0,1,'Secure your home with ease. Our experts install smart locks that provide convenient keyless entry and allow you to manage access remotely. 🖥️',1,1,NULL,'2023-09-09 09:50:08','2023-09-09 09:50:08',31,'service',0,0,NULL,'on_site',1,NULL),(70,'Contemporary Style Clothing',27,4,26,'fixed','00:30',0,1,'Discover the essence of modern fashion with our Contemporary Style Clothing. Embrace chic and trend-setting designs that reflect the spirit of today\'s fashion, offering you both elegance and individuality. 🧥🥻👔👚',1,1,NULL,'2023-09-09 09:53:06','2023-09-09 09:53:06',NULL,'service',0,0,NULL,'remote',1,NULL),(71,'Alarm System Installation',11,4,45,'fixed','00:40',2,1,'Safeguard your premises with our alarm system installation service. Our expert technicians strategically place sensors and detectors, creating a comprehensive security net that alerts you instantly in case of unauthorized access or emergencies. 🖲️',1,1,NULL,'2023-09-09 09:54:45','2023-09-09 09:54:45',42,'service',0,0,NULL,'on_site',1,NULL),(72,'Restaurant and Cafe Sanitization',13,4,50,'fixed','00:15',10,1,'Ensure a clean dining experience. Our experts sanitize dining areas and food preparation zones, adhering to high hygiene standards for your customers\' health. 🧽🧼🧴',1,1,NULL,'2023-09-09 09:56:45','2023-09-09 09:56:45',27,'service',0,0,NULL,'on_site',1,NULL),(73,'Wedding Photography',15,16,16,'fixed','00:40',0,1,'Relive your special day. Our wedding photographers artistically capture every emotion and detail, preserving the magic of your wedding. 📸📹',1,1,NULL,'2023-09-09 09:58:19','2023-09-09 09:58:19',22,'service',0,0,NULL,'on_site',1,NULL),(74,'Delicate Garment Cleaning',27,7,45,'fixed','00:10',NULL,1,'Handle with care. Our experts clean delicate fabrics, preserving their quality and extending their lifespan. 👗👘🧥🥻👔',0,1,NULL,'2023-09-09 09:59:46','2023-09-09 09:59:46',NULL,'service',0,0,NULL,'remote',1,NULL),(75,'Whole House/Building Exterior Painting',18,12,23,'fixed','0:25',4,1,'Boost curb appeal. Our exterior painting service revitalizes your home/building\'s facade, protecting it from the elements while enhancing its beauty. 🖌️🧑🏻‍🎨',0,1,NULL,'2023-09-09 10:02:27','2023-10-06 11:43:19',16,'service',0,0,NULL,'on_site',1,NULL),(76,'Silk and Designer Garment Care',19,4,35,'fixed','00:15',5,1,'Preserve luxury fabrics. We provide meticulous dry cleaning for silk and designer garments, keeping them looking impeccable. 🧥🥻👔👚',1,1,NULL,'2023-09-09 10:03:55','2023-09-09 10:03:55',38,'service',0,0,NULL,'on_site',1,NULL),(77,'Murals and Wall Art',18,13,32,'fixed','00:20',1,1,'Enrich your environment. We craft murals and wall art, transforming blank spaces into captivating scenes that reflect your style, passions, or brand identity. 🧑🏻‍🎨🖌️🎨',0,1,NULL,'2023-09-09 10:06:09','2023-09-09 10:06:09',36,'service',0,0,NULL,'on_site',1,NULL),(78,'Nail Art',14,4,37,'fixed','00:25',2,1,'Express your style. Our nail artists create intricate designs and patterns, adding a unique and artistic touch to your nails. 💅🏼',1,1,NULL,'2023-09-09 10:08:56','2023-09-09 10:08:56',43,'service',0,0,NULL,'on_site',1,NULL),(79,'Custom Frame Painting',27,17,12,'fixed','00:10',0,1,'Elevate your artwork and memories with our Custom Frame Painting service. Our skilled painters meticulously paint frames to match your chosen color scheme or complement the artwork, adding a personalized touch to your decor. 🧑🏻‍🎨🖌️🎨',1,1,NULL,'2023-09-09 10:11:40','2023-09-09 10:11:40',NULL,'service',0,0,NULL,'remote',1,NULL),(80,'Evening Gown and Formal Attire Cleaning',19,4,28,'fixed','00:35',7,1,'Step out in elegance. Our experts dry clean formal attire, ensuring you make a stunning impression at special events.',0,1,NULL,'2023-09-09 10:12:43','2023-09-09 10:12:43',38,'service',0,0,NULL,'on_site',1,NULL),(81,'Multi Frame Set Painting',27,4,38,'fixed','00:30',4,1,'Create cohesive gallery walls with our Multi-Frame Set Painting. Our team paints multiple frames to match, allowing you to curate a unified display that showcases your artwork or photographs beautifully. 🧑🏻‍🎨🖌️🎨',0,1,NULL,'2023-09-09 10:14:24','2023-09-09 10:14:24',NULL,'service',0,0,NULL,'remote',1,NULL),(82,'Corporate Event Photography',15,4,36,'fixed','00:50',5,1,'Document your corporate events professionally. Our photographers capture the ambiance and key moments, creating impactful visuals for your business. 📸📹',0,1,NULL,'2023-09-09 10:16:55','2023-09-09 10:16:55',22,'service',0,0,NULL,'on_site',1,NULL),(83,'Drainage System Pest Management',16,4,42,'fixed','00:15',2,1,'Prevent pest breeding grounds with Drainage System Pest Management. Our experts optimize drainage systems, eliminating standing water and preventing pest attraction and reproduction.🧴🚿',0,1,NULL,'2023-09-09 10:18:29','2023-09-09 10:18:29',20,'service',0,0,NULL,'on_site',1,NULL),(84,'Relationship Compatibility Reading',17,4,36,'fixed','00:20',4,1,'Discover compatibility factors. Our astrologers assess relationship dynamics, providing insights to foster harmonious connections. 🔯',0,1,NULL,'2023-09-09 10:19:39','2023-09-09 10:19:39',18,'service',0,0,NULL,'on_site',1,NULL),(85,'Fault Diagnosis',25,16,25,'fixed','00:20',0,1,'Our troubleshooting experts quickly diagnose faults, ensuring your systems are up and running smoothly.  🔩🔧🪛🧑🏻‍🔧',0,1,NULL,'2023-09-09 10:21:35','2023-09-09 10:21:35',46,'service',0,0,NULL,'on_site',1,NULL),(86,'Pruning and Trimming',20,4,28,'fixed','00:25',5,1,'Sculpt your garden. Our skilled gardeners perform careful pruning and trimming to enhance plant health and shape. 🌲🪴⛏️🪓',0,1,NULL,'2023-09-09 10:23:09','2023-09-09 10:23:09',14,'service',0,0,NULL,'on_site',1,NULL),(87,'Sewer Line Cleaning',23,4,27,'fixed','00:25',3,1,'Clear sewer line blockages. Our experts provide thorough cleaning to ensure proper sewage flow and prevent backups. 🧑🏻‍🔧🪠🔩🔧',1,1,NULL,'2023-09-09 10:25:09','2023-09-09 10:25:09',44,'service',0,0,NULL,'on_site',1,NULL),(88,'Special Occasion Styling',27,4,30,'fixed','00:40',5,1,'Look your best for special events. Our hairstylists create stunning updos and styles that complement your outfit and occasion. 💇🏻 💆🏻‍♀️',1,1,NULL,'2023-09-09 10:27:14','2023-09-09 10:27:14',NULL,'service',0,0,NULL,'remote',1,NULL),(89,'Outdoor Area Sanitization',13,4,34,'fixed','00:35',3,1,'Enjoy a clean outdoor space. Our specialized service sanitizes outdoor areas, such as patios and play areas, creating a safe environment for outdoor activities. 🧴🚿',0,1,NULL,'2023-09-09 10:29:08','2023-09-09 10:29:08',35,'service',0,0,NULL,'on_site',1,NULL),(90,'Commercial Building Security',12,17,42,'fixed','00:20',0,1,'Secure business premises. Our trained guards monitor access, ensuring the safety of employees, customers, and assets. 👮🏻‍♀️',0,1,NULL,'2023-09-09 10:30:12','2023-09-09 10:30:12',30,'service',0,0,NULL,'on_site',1,NULL),(91,'Custom Stenciling',18,4,26,'fixed','00:30',2,1,'Personalize your spaces. Our painters use intricate stenciling techniques to apply custom designs, patterns, or motifs, making your interiors unique and visually appealing. 🧑🏻‍🎨🖌️🎨',0,1,NULL,'2023-09-09 10:33:05','2023-09-09 10:33:05',36,'service',0,0,NULL,'on_site',1,NULL),(92,'Leather and Suede Cleaning',19,7,20,'fixed','00:30',2,1,'Maintain your leather\'s allure. Our experts clean and care for leather and suede items, ensuring their longevity and appearance. 🧼🧥',0,1,NULL,'2023-09-09 10:34:31','2023-09-09 10:34:31',37,'service',0,0,NULL,'on_site',1,NULL),(93,'Airflow Problem Identification',9,4,35,'fixed','00:25',3,1,'Experience optimal airflow. Our experts identify and eliminate airflow restrictions, restoring balanced and effective cooling. 🔩🔧🧑🏻‍🔧',1,1,NULL,'2023-09-09 10:35:39','2023-09-09 10:35:39',49,'service',0,1,10,'on_site',1,NULL),(94,'Haircut and Styling',14,4,34,'fixed','00:30',0,1,'Our skilled stylists provide personalized haircuts and styling to match your preferences, leaving you with a fresh and fashionable look. 💇🏻',0,1,NULL,'2023-09-09 10:38:35','2023-09-09 10:38:35',25,'service',0,0,NULL,'on_site',1,NULL),(95,'Car Interior Sanitization',27,4,15,'fixed','00:20',0,1,'Travel with peace of mind. Our professionals sanitize car interiors, ensuring a clean and hygienic environment for your journeys.  🧴🚿',0,1,NULL,'2023-09-09 10:40:06','2023-09-09 10:40:06',NULL,'service',0,0,NULL,'remote',1,NULL),(96,'Manicure & Pedicure',14,4,26,'hourly','00:20',0,1,'Indulge in pampering perfection with our Manicure & Pedicure services. Our skilled technicians ensure your hands and feet receive meticulous care, leaving them refreshed and rejuvenated. 💅🏼',1,1,NULL,'2023-09-09 10:41:21','2023-09-09 10:41:21',43,'service',0,0,NULL,'on_site',1,NULL),(97,'Compressor Fix',9,4,39,'fixed','00:25',0,1,'Efficient cooling restored. Our experts skillfully repair compressors, bringing back optimal cooling power to your AC unit. 👨🏻‍🔧🔩🔧🪛',1,1,NULL,'2023-09-09 10:43:10','2023-09-09 10:43:10',49,'service',0,0,NULL,'on_site',1,NULL),(98,'Security Camera Setup',11,12,24,'fixed','00:20',0,1,'Keep an eye on your property anytime, anywhere. Our service includes the installation of smart security cameras for comprehensive surveillance and peace of mind. 🖲️',0,1,NULL,'2023-09-09 10:51:33','2023-09-09 10:51:33',32,'service',0,0,NULL,'on_site',1,NULL),(99,'Circuit Repair',25,4,15,'fixed','00:20',0,1,'Restore circuit functionality. Our skilled electricians repair circuit issues, preventing disruptions and ensuring safety. 🔧🪛🛠️',1,1,NULL,'2023-09-09 10:55:09','2023-09-09 10:55:09',46,'service',0,0,NULL,'on_site',1,NULL),(100,'Artistic Frame Designer',27,4,37,'fixed','00:20',0,1,'Add an artistic flair to your frames with our Artistic Frame Design service. Collaborate with our designers to create unique patterns, motifs, or intricate designs that transform your frames into captivating visual elements. 🧑🏻‍🎨🖌️🎨',1,1,NULL,'2023-09-09 10:56:40','2023-10-06 06:41:54',NULL,'service',0,0,NULL,'remote',1,NULL),(101,'Leak Repair',23,4,35,'fixed','00:30',0,1,'Our skilled plumbers fix leaks promptly, preventing water wastage and potential water damage. 🧑🏻‍🔧🔧🪛',0,1,NULL,'2023-09-09 10:57:59','2023-09-09 10:57:59',23,'service',0,0,NULL,'on_site',1,NULL),(102,'Exfoliation and Peels',14,4,28,'fixed','00:20',0,1,'Renew your skin\'s glow. Our exfoliation and peel treatments remove dead skin cells, revealing smoother and more youthful skin. 🧖‍♀️',0,1,NULL,'2023-09-09 10:59:16','2023-09-09 10:59:16',26,'service',0,0,NULL,'on_site',1,NULL),(103,'Smart TV Integration',11,15,25,'fixed','00:25',0,1,'Streamlined entertainment. Our professionals integrate smart TVs, making it easy to access your favorite shows, movies, and streaming services. 🧑🏻‍🔧📺',0,1,NULL,'2023-09-09 12:15:16','2023-09-09 12:15:16',32,'service',0,0,NULL,'on_site',1,NULL),(104,'Seam Repair and Reinforcement',10,4,45,'hourly','00:25',0,1,'Restore and strengthen seams for extended garment life. Our tailors skillfully mend and reinforce stitching. 🪡🧵👗🥻',1,1,NULL,'2023-09-09 12:17:16','2023-09-09 12:18:02',33,'service',0,0,NULL,'on_site',1,NULL),(105,'Custom Cake Creations',22,4,35,'hourly','00:25',4,1,'Expert bakers create bespoke cakes for special occasions, turning your ideas into delicious reality. 🍰🧁🥧',0,1,NULL,'2023-09-09 12:20:50','2023-09-09 12:20:50',45,'service',0,0,NULL,'on_site',1,NULL),(106,'Electrical Wiring Installation',25,15,26,'fixed','00:20',2,1,'Our skilled electricians ensure safe and efficient wiring installation, powering your space with precision and reliability. 🧑🏻‍🔧🔧🪛🛠️',0,1,NULL,'2023-09-09 12:22:25','2023-09-09 12:22:25',11,'service',0,0,NULL,'on_site',1,NULL),(107,'Office Cleaning',24,4,32,'fixed','00:30',0,1,'Maintain a productive workspace with our office cleaning service. Our professional cleaners ensure your office is organized, sanitized, and conducive to a positive working environment. 🧽🧼',0,1,NULL,'2023-09-09 12:30:23','2023-09-09 12:31:43',7,'service',0,1,2,'on_site',1,NULL),(108,'Fixture Installation',23,15,18,'hourly','00:25',2,1,'Upgrade your fixtures with ease. Our plumbers install faucets, sinks, and other fixtures, enhancing functionality and aesthetics. 🧑🏻‍🔧🔧🪛',0,1,NULL,'2023-09-09 12:33:14','2023-09-09 12:40:23',24,'service',0,0,NULL,'on_site',1,NULL),(109,'Full Home Sanitization',13,4,43,'fixed','0:25',0,1,'Ensure your living space is germ-free. Our professionals perform a thorough sanitization of your entire home, targeting surfaces and areas to promote a clean and safe environment. 🧴',0,1,NULL,'2023-09-09 12:35:01','2023-09-09 12:35:44',27,'service',1,0,NULL,'on_site',1,NULL),(110,'Filter Replacement',9,4,15,'fixed','00:30',0,1,'Breathe clean air. We promptly replace filters, improving air quality and ensuring efficient circulation throughout your space. 🔩🧑🏻‍🔧🔧🪛',0,1,NULL,'2023-09-09 12:38:33','2023-09-09 12:38:33',2,'service',0,0,NULL,'on_site',1,NULL),(111,'Face Care',14,44,0,'fixed','0',NULL,1,'Elevate your beauty with our Face Care service. Experience rejuvenation and radiance through personalized skincare treatments. 🧖‍♀️',0,44,NULL,'2023-09-11 10:37:55','2023-09-11 10:37:55',NULL,'user_post_service',0,0,NULL,'on_site',1,NULL),(112,'Tree Plantation',20,47,0,'fixed','0',NULL,1,'Elevate your surroundings with our Tree Plantation service. We specialize in nurturing green landscapes and contributing to a healthier environment. 🌲🪴🥀🌻',0,47,NULL,'2023-09-11 10:53:47','2023-09-11 10:53:47',NULL,'user_post_service',0,0,NULL,'on_site',1,NULL),(114,'Macaron Magic Makers',22,49,0,'fixed','0',NULL,1,'Experience the enchantment of delightful confections with our Macaron Magic Makers service. Our skilled artisans craft these sweet masterpieces, combining artistry and flavors to create moments of pure indulgence. 🍩🍪',0,49,NULL,'2023-10-02 13:52:22','2023-10-02 13:52:22',NULL,'user_post_service',0,0,NULL,'on_site',1,NULL),(115,'Hair Care',14,3,0,'fixed','0',NULL,1,'Elevate your locks with our Hair Care service. Our skilled stylists provide tailored treatments and stylish cuts, leaving your hair refreshed, rejuvenated, and ready to make a statement. 🧖‍♀️',0,3,NULL,'2023-10-02 13:55:04','2023-10-02 13:55:04',NULL,'user_post_service',0,0,NULL,'on_site',1,NULL),(116,'AC Clean Up',9,3,0,'fixed','0',NULL,1,'Elevate your indoor comfort with our AC Clean Up service. Our experts ensure your air conditioning system is pristine and operating efficiently, providing you with cleaner, cooler air.🔩🧑🏻‍🔧',0,3,NULL,'2023-10-02 13:56:03','2023-10-02 13:56:03',NULL,'user_post_service',0,0,NULL,'on_site',1,NULL),(117,'Complete Home Cleaning',24,3,0,'fixed','0',NULL,1,'Experience the ultimate home transformation with our Complete Home Cleaning service. Our dedicated team leaves no corner untouched, ensuring a spotless and refreshed living space. 🧽🧼🧹🪣',0,3,NULL,'2023-10-02 13:59:03','2023-10-02 13:59:03',NULL,'user_post_service',0,0,NULL,'on_site',1,NULL),(119,'Interior Design',18,3,0,'fixed','0',NULL,1,'Elevate your living spaces with our Interior Design service. Our talented designers create personalized environments that harmonize style, functionality, and comfort. 🧑🏻‍🎨',0,3,NULL,'2023-10-03 05:23:39','2023-10-03 05:23:39',NULL,'user_post_service',0,0,NULL,'on_site',1,NULL),(120,'Canvas Artwork',18,3,0,'fixed','0',NULL,1,'Transform your space with Canvas Artwork. Discover captivating and personalized art pieces that add elegance and character to your decor. 🧑🏻‍🎨🖌️🎨',0,3,NULL,'2023-10-03 05:25:36','2023-10-03 05:25:36',NULL,'user_post_service',0,0,NULL,'on_site',1,NULL),(122,'Wire Repair',25,3,0,'fixed','0',NULL,1,'Get your electrical systems back in top shape with our Wire Repair service. Our skilled technicians ensure safe and efficient wire repairs, restoring functionality to your home or business. 🔧🪛🛠️',0,3,NULL,'2023-10-03 05:53:21','2023-10-03 05:53:21',NULL,'user_post_service',0,0,NULL,'on_site',1,NULL),(124,'test demo',9,4,222,'fixed','01:00',21,1,NULL,0,1,NULL,'2024-10-24 11:19:47','2024-10-24 11:19:47',1,'service',0,0,NULL,'on_site',1,NULL),(125,'Full Advance Paid',22,4,218,'fixed','17:7',1,1,'TsyHah',1,4,NULL,'2024-10-24 11:38:12','2024-10-28 04:02:00',9,'service',0,1,100,'on_site',0,NULL),(126,'Hjjj',9,4,600,'fixed','17:6',50,1,'Bbb',0,4,NULL,'2024-10-25 11:37:08','2024-10-25 11:37:08',NULL,'service',0,0,NULL,'remote',0,NULL),(127,'Bhh',21,4,660,'fixed','17:8',NULL,1,'Vvg',0,4,NULL,'2024-10-25 11:39:01','2024-10-25 11:39:01',40,'service',0,0,NULL,'on_site',0,NULL),(128,'IT Services Local',25,61,60,'fixed','01:30',NULL,1,'It service for you',0,61,'2024-11-19 04:27:26','2024-11-02 01:31:09','2024-11-19 04:27:26',11,'service',0,0,NULL,'on_site',1,'in_store'),(129,'IT Services Local1',25,61,60,'fixed','1:30',NULL,1,'It service for you',0,61,'2024-11-19 04:27:21','2024-11-02 01:32:31','2024-11-19 04:27:21',11,'service',1,1,50,'on_site',0,'in_store,call_out'),(130,'Hair Styless Service1234',11,4,120,'fixed',NULL,0,1,'salon',0,3,NULL,'2024-11-06 10:46:07','2024-11-06 10:51:32',NULL,'user_post_service',0,0,NULL,'on_site',1,'in_store'),(131,'Hair Styless Service1234111',11,4,120,'fixed',NULL,0,1,'salon',0,3,NULL,'2024-11-06 10:59:35','2024-11-06 10:59:35',NULL,'user_post_service',0,0,NULL,'on_site',1,'in_store,call_out'),(132,'test',9,4,1111,'fixed','1:0',1,1,'asdsadda',0,1,NULL,'2024-11-06 11:03:04','2024-11-07 05:46:33',1,'service',0,0,NULL,'remote',0,NULL),(133,'TEST HEMIL',11,17,120,'fixed',NULL,0,1,'salon',0,3,NULL,'2024-11-06 11:08:36','2024-11-06 11:08:36',NULL,'user_post_service',0,0,NULL,'on_site',1,'in_store,call_out'),(134,'Hair Styless Service1234qqwertyui',11,4,120,'fixed',NULL,0,1,'salon',0,3,NULL,'2024-11-06 11:28:25','2024-11-06 11:28:25',NULL,'user_post_service',0,0,NULL,'on_site',1,'in_store,call_out'),(135,'Hemil Test 360',25,4,150,'fixed','09:16',1,1,'Test',1,4,NULL,'2024-11-07 03:47:21','2024-11-07 03:49:39',12,'service',0,0,NULL,'on_site',1,'in_store,call_out'),(136,'test hemil 361',9,4,1111,'fixed','01:00',1,1,'test',0,1,NULL,'2024-11-07 04:05:21','2024-11-07 04:23:43',2,'service',0,0,NULL,'on_site',1,'in_store'),(137,'person-2',9,4,250,'fixed',NULL,1,1,NULL,0,1,NULL,'2024-11-07 04:32:07','2024-11-07 04:32:07',1,'service',0,0,NULL,'on_site',1,'in_store,call_out'),(138,'rem',9,4,120,'hourly',NULL,NULL,1,NULL,0,1,NULL,'2024-11-07 04:32:38','2024-11-07 04:32:38',1,'service',0,0,NULL,'remote',1,NULL),(139,'person-1',9,4,100,'hourly',NULL,NULL,1,NULL,0,1,NULL,'2024-11-07 04:33:11','2024-11-07 04:33:11',1,'service',0,0,NULL,'on_site',1,'in_store'),(140,'person',9,4,150,'fixed','00:00',NULL,1,'Vggggy',0,1,NULL,'2024-11-07 04:33:35','2024-11-07 06:35:56',1,'service',0,0,NULL,'on_site',1,'in_store,call_out'),(141,'Fixtures',9,4,500,'fixed','10:2',12,1,'I am ChatGPT, a large language model trained by OpenAI, based on the GPT-4 architecture.',0,4,NULL,'2024-11-07 04:39:18','2024-11-07 05:44:06',1,'service',0,0,NULL,'on_site',0,'in_store'),(142,'hemil test demo 123',9,4,150,'fixed','1:0',1,1,'test',0,1,NULL,'2024-11-07 07:55:15','2024-11-12 07:50:15',1,'service',0,0,NULL,'on_site',0,'in_store,call_out'),(143,'Onsite-callout',19,61,80,'fixed','13:14',NULL,1,'Fox laundry machinss',0,61,'2024-11-19 04:27:14','2024-11-19 03:14:42','2024-11-19 04:27:14',NULL,'service',0,0,NULL,'on_site',0,'in_store,call_out'),(144,'Test4',19,61,10,'fixed','13:14',NULL,1,'Fox laundry machinss',0,61,NULL,'2024-11-19 03:15:35','2024-11-19 04:26:54',0,'service',0,0,NULL,'on_site',0,'in_store,call_out'),(145,'Test3',19,61,20,'fixed','13:14',NULL,1,'Fox laundry machinss',0,61,NULL,'2024-11-19 03:16:06','2024-11-19 04:25:53',0,'service',0,0,NULL,'remote',0,NULL),(146,'Test2',19,61,100,'fixed','13:0',NULL,1,'1nhour  call-out laundry',0,61,NULL,'2024-11-19 03:25:26','2024-11-19 04:21:46',0,'service',0,0,NULL,'on_site',0,'in_store,call_out'),(147,'Test 1',19,61,200,'fixed','12:27',NULL,1,'Testing location',0,61,NULL,'2024-11-19 03:27:40','2024-11-19 04:20:38',0,'service',0,0,NULL,'on_site',0,'call_out');

--
-- Table structure for table `settings`
--

CREATE TABLE `settings` (
  `id` int unsigned NOT NULL AUTO_INCREMENT,
  `type` varchar(255) COLLATE utf8mb4_unicode_ci DEFAULT NULL,
  `key` varchar(255) COLLATE utf8mb4_unicode_ci NOT NULL,
  `value` text COLLATE utf8mb4_unicode_ci,
  PRIMARY KEY (`id`),
  KEY `settings_key_index` (`key`)
) ENGINE=InnoDB AUTO_INCREMENT=14 DEFAULT CHARSET=utf8mb4 COLLATE=utf8mb4_unicode_ci;

--
-- Dumping data for table `settings`
--

INSERT INTO `settings` VALUES (1,'general-setting','general-setting','{\"site_name\":\"Handyman Service\",\"site_description\":\"Launch your own mobile-based online On-Demand Home Services with Handyman Service mobile app. The customizable templates of this amazing app can quickly let developers to set up a service booking system to accept bookings from clients from anywhere in only a few minutes. With ready to use Sign in page, Sign up pages, Payment methods page, Booking lists, Service Type demo, Handyman detail page, Coupon page, and more, this Handyman Service app allows business to have a complete and running booking service system app in no time.The provider in this Handyman Service app can assign the booking to Handyman and accelerate the service. This Handyman Service system app comes with a Laravel PHP admin panel to have a meaningful insights from the admin dashboard and statistics. Assign multi-roles and permissions like Admin, Service Provider, Handyman, and customers using this app. Additionally, this Handyman Service app supports Multiple Language/ RTL support. This customizable, ready-to-use app comes with light as well as dark theme support and push notification to engage with clients in a more interactive way.\",\"inquriy_email\":\"hello@iqonic.design\",\"helpline_number\":\"+15265897485\",\"website\":\"https://apps.iqonic.design/handyman/\",\"country_id\":\"231\",\"state_id\":\"3956\",\"city_id\":\"47855\",\"zipcode\":\"12201\",\"address\":\"45 HUDSON AVE UNIT 1296 ALBANY NY 12201-6256 USA\"}'),(2,'theme-setup','theme-setup',NULL),(3,'site-setup','site-setup','{\"date_format\":\"Y-m-d\",\"time_format\":\"H:i\",\"time_zone\":\"Pacific\\/Midway\",\"language_option\":[\"nl\",\"en\",\"fr\",\"it\",\"pt\",\"es\"],\"default_currency\":\"231\",\"currency_position\":\"left\",\"google_map_keys\":\"AIzaSyAm9j0BhyTM-k6zPbfZWkwVU88O132skTw\",\"latitude\":\"-33.865143\",\"longitude\":\"151.2099\",\"distance_type\":\"km\",\"radious\":\"50\",\"digitafter_decimal_point\":\"2\",\"android_app_links\":0,\"playstore_url\":null,\"provider_playstore_url\":null,\"ios_app_links\":0,\"appstore_url\":null,\"provider_appstore_url\":null,\"site_copyright\":\"\\u00a9 2024 All Rights Reserved by IQONIC Design\",\"default_distance_range\":\"80\",\"start_servicecurrentlocationrange\":\"1\",\"end_servicecurrentlocationrange\":\"150\"}'),(4,'service-configurations','service-configurations','{\"advance_payment\":1,\"slot_service\":1,\"digital_services\":1,\"service_packages\":1,\"service_addons\":1,\"post_services\":1}'),(5,'OTHER_SETTING','OTHER_SETTING','{\"social_login\":1,\"google_login\":1,\"apple_login\":1,\"otp_login\":1,\"online_payment\":1,\"blog\":1,\"maintenance_mode\":0,\"wallet\":1,\"enable_chat_gpt\":1,\"test_without_key\":1,\"chat_gpt_key\":null,\"force_update_user_app\":0,\"user_app_minimum_version\":null,\"user_app_latest_version\":null,\"force_update_provider_app\":0,\"provider_app_minimum_version\":null,\"provider_app_latest_version\":null,\"force_update_admin_app\":0,\"admin_app_minimum_version\":null,\"admin_app_latest_version\":null,\"firebase_notification\":1,\"firebase_key\":\"Firebase key\",\"auto_assign_provider\":0}'),(6,'social-media','social-media','{\"facebook_url\":\"https://www.facebook.com/iqonicdesign/\",\"linkedin_url\":\"https://www.linkedin.com/company/iqonicthemes/\",\"instagram_url\":\"https://www.instagram.com/iqonicdesign/?igshid=YmMyMTA2M2Y%3D\",\"youtube_url\":\"https://www.youtube.com/iqonicdesign\",\"twitter_url\":\"https://twitter.com/iqonicdesign\"}'),(7,'terms_condition','terms_condition','<p style=\"box-sizing: border-box; --tw-border-spacing-x: 0; --tw-border-spacing-y: 0; --tw-translate-x: 0; --tw-translate-y: 0; --tw-rotate: 0; --tw-skew-x: 0; --tw-skew-y: 0; --tw-scale-x: 1; --tw-scale-y: 1; --tw-scroll-snap-strictness: proximity; --tw-ring-offset-width: 0px; --tw-ring-offset-color: #fff; --tw-ring-color: rgb(59 130 246 / 0.5); --tw-ring-offset-shadow: 0 0 #0000; --tw-ring-shadow: 0 0 #0000; --tw-shadow: 0 0 #0000; --tw-shadow-colored: 0 0 #0000; margin: 15px 0px; line-height: 1.66em; font-family: var(--global-font-family); font-size: 20px; color: var(--wp--preset--color--body); background-color: #ffffff;\">By accessing products on this site and placing an order from our website, you confirm that you are in agreement with and bound by the terms and conditions presented and outlined here. These terms apply to the entire website and any email or other type of communication between you and Iqonic Design. The Iqonic Design team is not liable for any direct, indirect, incidental or consequential damages, including, but not limited to, loss of data or profit, arising out of the use the materials on this site.<br /><br style=\"box-sizing: border-box; --tw-border-spacing-x: 0; --tw-border-spacing-y: 0; --tw-translate-x: 0; --tw-translate-y: 0; --tw-rotate: 0; --tw-skew-x: 0; --tw-skew-y: 0; --tw-scale-x: 1; --tw-scale-y: 1; --tw-scroll-snap-strictness: proximity; --tw-ring-offset-width: 0px; --tw-ring-offset-color: #fff; --tw-ring-color: rgb(59 130 246 / 0.5); --tw-ring-offset-shadow: 0 0 #0000; --tw-ring-shadow: 0 0 #0000; --tw-shadow: 0 0 #0000; --tw-shadow-colored: 0 0 #0000;\" />Iqonic Design will not be responsible for any outcome that may occur during the course of usage of our resources. We reserve the rights to change prices and revise the resources usage policy in any moment.</p>\n<h5 style=\"box-sizing: border-box; --tw-border-spacing-x: 0; --tw-border-spacing-y: 0; --tw-translate-x: 0; --tw-translate-y: 0; --tw-rotate: 0; --tw-skew-x: 0; --tw-skew-y: 0; --tw-scale-x: 1; --tw-scale-y: 1; --tw-scroll-snap-strictness: proximity; --tw-ring-offset-width: 0px; --tw-ring-offset-color: #fff; --tw-ring-color: rgb(59 130 246 / 0.5); --tw-ring-offset-shadow: 0 0 #0000; --tw-ring-shadow: 0 0 #0000; --tw-shadow: 0 0 #0000; --tw-shadow-colored: 0 0 #0000; margin: 0px; font-family: Conv_Hero-Regular, sans-serif; font-weight: var(--font-weight-h5); line-height: var(--font-line-height-h5); color: var(--wp--preset--color--title); font-size: var(--font-size-h5); font-stretch: condensed; clear: both; overflow-wrap: break-word; letter-spacing: var(--font-letter-spacing-h5); background-color: #ffffff;\"><span style=\"box-sizing: border-box; --tw-border-spacing-x: 0; --tw-border-spacing-y: 0; --tw-translate-x: 0; --tw-translate-y: 0; --tw-rotate: 0; --tw-skew-x: 0; --tw-skew-y: 0; --tw-scale-x: 1; --tw-scale-y: 1; --tw-scroll-snap-strictness: proximity; --tw-ring-offset-width: 0px; --tw-ring-offset-color: #fff; --tw-ring-color: rgb(59 130 246 / 0.5); --tw-ring-offset-shadow: 0 0 #0000; --tw-ring-shadow: 0 0 #0000; --tw-shadow: 0 0 #0000; --tw-shadow-colored: 0 0 #0000; font-weight: bolder;\">Products</span></h5>\n<p style=\"box-sizing: border-box; --tw-border-spacing-x: 0; --tw-border-spacing-y: 0; --tw-translate-x: 0; --tw-translate-y: 0; --tw-rotate: 0; --tw-skew-x: 0; --tw-skew-y: 0; --tw-scale-x: 1; --tw-scale-y: 1; --tw-scroll-snap-strictness: proximity; --tw-ring-offset-width: 0px; --tw-ring-offset-color: #fff; --tw-ring-color: rgb(59 130 246 / 0.5); --tw-ring-offset-shadow: 0 0 #0000; --tw-ring-shadow: 0 0 #0000; --tw-shadow: 0 0 #0000; --tw-shadow-colored: 0 0 #0000; margin: 15px 0px; line-height: 1.66em; font-family: var(--global-font-family); font-size: 20px; color: var(--wp--preset--color--body); background-color: #ffffff;\">All products and services offered on this site are produced by Iqonic Design. You can access your download from your respective dashboard. We do not provide support for 3rd party software, plugins or libraries that you might have used with our products.</p>\n<h5 style=\"box-sizing: border-box; --tw-border-spacing-x: 0; --tw-border-spacing-y: 0; --tw-translate-x: 0; --tw-translate-y: 0; --tw-rotate: 0; --tw-skew-x: 0; --tw-skew-y: 0; --tw-scale-x: 1; --tw-scale-y: 1; --tw-scroll-snap-strictness: proximity; --tw-ring-offset-width: 0px; --tw-ring-offset-color: #fff; --tw-ring-color: rgb(59 130 246 / 0.5); --tw-ring-offset-shadow: 0 0 #0000; --tw-ring-shadow: 0 0 #0000; --tw-shadow: 0 0 #0000; --tw-shadow-colored: 0 0 #0000; margin: 0px; font-family: Conv_Hero-Regular, sans-serif; font-weight: var(--font-weight-h5); line-height: var(--font-line-height-h5); color: var(--wp--preset--color--title); font-size: var(--font-size-h5); font-stretch: condensed; clear: both; overflow-wrap: break-word; letter-spacing: var(--font-letter-spacing-h5); background-color: #ffffff;\">Security</h5>\n<p style=\"box-sizing: border-box; --tw-border-spacing-x: 0; --tw-border-spacing-y: 0; --tw-translate-x: 0; --tw-translate-y: 0; --tw-rotate: 0; --tw-skew-x: 0; --tw-skew-y: 0; --tw-scale-x: 1; --tw-scale-y: 1; --tw-scroll-snap-strictness: proximity; --tw-ring-offset-width: 0px; --tw-ring-offset-color: #fff; --tw-ring-color: rgb(59 130 246 / 0.5); --tw-ring-offset-shadow: 0 0 #0000; --tw-ring-shadow: 0 0 #0000; --tw-shadow: 0 0 #0000; --tw-shadow-colored: 0 0 #0000; margin: 15px 0px; line-height: 1.66em; font-family: var(--global-font-family); font-size: 20px; color: var(--wp--preset--color--body); background-color: #ffffff;\">Iqonic Design does not process any order payments through the website. All payments are processed securely through RazorPay and Stripe, a third party online payment providers.</p>\n<h5 style=\"box-sizing: border-box; --tw-border-spacing-x: 0; --tw-border-spacing-y: 0; --tw-translate-x: 0; --tw-translate-y: 0; --tw-rotate: 0; --tw-skew-x: 0; --tw-skew-y: 0; --tw-scale-x: 1; --tw-scale-y: 1; --tw-scroll-snap-strictness: proximity; --tw-ring-offset-width: 0px; --tw-ring-offset-color: #fff; --tw-ring-color: rgb(59 130 246 / 0.5); --tw-ring-offset-shadow: 0 0 #0000; --tw-ring-shadow: 0 0 #0000; --tw-shadow: 0 0 #0000; --tw-shadow-colored: 0 0 #0000; margin: 0px; font-family: Conv_Hero-Regular, sans-serif; font-weight: var(--font-weight-h5); line-height: var(--font-line-height-h5); color: var(--wp--preset--color--title); font-size: var(--font-size-h5); font-stretch: condensed; clear: both; overflow-wrap: break-word; letter-spacing: var(--font-letter-spacing-h5); background-color: #ffffff;\">Cookie Policy</h5>\n<p style=\"box-sizing: border-box; --tw-border-spacing-x: 0; --tw-border-spacing-y: 0; --tw-translate-x: 0; --tw-translate-y: 0; --tw-rotate: 0; --tw-skew-x: 0; --tw-skew-y: 0; --tw-scale-x: 1; --tw-scale-y: 1; --tw-scroll-snap-strictness: proximity; --tw-ring-offset-width: 0px; --tw-ring-offset-color: #fff; --tw-ring-color: rgb(59 130 246 / 0.5); --tw-ring-offset-shadow: 0 0 #0000; --tw-ring-shadow: 0 0 #0000; --tw-shadow: 0 0 #0000; --tw-shadow-colored: 0 0 #0000; margin: 15px 0px; line-height: 1.66em; font-family: var(--global-font-family); font-size: 20px; color: var(--wp--preset--color--body); background-color: #ffffff;\">A cookie is a file containing an identifier (a string of letters and numbers) that is sent by a web server to a web browser and is stored by the browser. The identifier is then sent back to the server each time the browser requests a page from the server. Our website uses cookies. By using our website and agreeing to this policy, you consent to our use of cookies in accordance with the terms of this policy.<br /><br style=\"box-sizing: border-box; --tw-border-spacing-x: 0; --tw-border-spacing-y: 0; --tw-translate-x: 0; --tw-translate-y: 0; --tw-rotate: 0; --tw-skew-x: 0; --tw-skew-y: 0; --tw-scale-x: 1; --tw-scale-y: 1; --tw-scroll-snap-strictness: proximity; --tw-ring-offset-width: 0px; --tw-ring-offset-color: #fff; --tw-ring-color: rgb(59 130 246 / 0.5); --tw-ring-offset-shadow: 0 0 #0000; --tw-ring-shadow: 0 0 #0000; --tw-shadow: 0 0 #0000; --tw-shadow-colored: 0 0 #0000;\" />We use session cookies to personalize the website for each user.<br /><br style=\"box-sizing: border-box; --tw-border-spacing-x: 0; --tw-border-spacing-y: 0; --tw-translate-x: 0; --tw-translate-y: 0; --tw-rotate: 0; --tw-skew-x: 0; --tw-skew-y: 0; --tw-scale-x: 1; --tw-scale-y: 1; --tw-scroll-snap-strictness: proximity; --tw-ring-offset-width: 0px; --tw-ring-offset-color: #fff; --tw-ring-color: rgb(59 130 246 / 0.5); --tw-ring-offset-shadow: 0 0 #0000; --tw-ring-shadow: 0 0 #0000; --tw-shadow: 0 0 #0000; --tw-shadow-colored: 0 0 #0000;\" />We use Google Analytics to analyze the use of our website. Our analytics service provider generates statistical and other information about website use by means of cookies. Deleting cookies will have a negative impact on the usability of the site. If you block cookies, you will not be able to use all the features on our website.<br /><br /></p>\n<h5 style=\"box-sizing: border-box; --tw-border-spacing-x: 0; --tw-border-spacing-y: 0; --tw-translate-x: 0; --tw-translate-y: 0; --tw-rotate: 0; --tw-skew-x: 0; --tw-skew-y: 0; --tw-scale-x: 1; --tw-scale-y: 1; --tw-scroll-snap-strictness: proximity; --tw-ring-offset-width: 0px; --tw-ring-offset-color: #fff; --tw-ring-color: rgb(59 130 246 / 0.5); --tw-ring-offset-shadow: 0 0 #0000; --tw-ring-shadow: 0 0 #0000; --tw-shadow: 0 0 #0000; --tw-shadow-colored: 0 0 #0000; margin: 0px; font-family: Conv_Hero-Regular, sans-serif; font-weight: var(--font-weight-h5); line-height: var(--font-line-height-h5); color: var(--wp--preset--color--title); font-size: var(--font-size-h5); font-stretch: condensed; clear: both; overflow-wrap: break-word; letter-spacing: var(--font-letter-spacing-h5); background-color: #ffffff;\">Refunds</h5>\n<p style=\"box-sizing: border-box; --tw-border-spacing-x: 0; --tw-border-spacing-y: 0; --tw-translate-x: 0; --tw-translate-y: 0; --tw-rotate: 0; --tw-skew-x: 0; --tw-skew-y: 0; --tw-scale-x: 1; --tw-scale-y: 1; --tw-scroll-snap-strictness: proximity; --tw-ring-offset-width: 0px; --tw-ring-offset-color: #fff; --tw-ring-color: rgb(59 130 246 / 0.5); --tw-ring-offset-shadow: 0 0 #0000; --tw-ring-shadow: 0 0 #0000; --tw-shadow: 0 0 #0000; --tw-shadow-colored: 0 0 #0000; margin: 15px 0px; line-height: 1.66em; font-family: var(--global-font-family); font-size: 20px; color: var(--wp--preset--color--body); background-color: #ffffff;\">You can ask for refund against the item purchased under certain circumstances listed in our Refund Policy. In the event that you meet the applicable mark for receiving refund, Iqonic Design will issue you a refund and ask you to specify how the product turned down your item performance expectations.</p>\n<h5 style=\"box-sizing: border-box; --tw-border-spacing-x: 0; --tw-border-spacing-y: 0; --tw-translate-x: 0; --tw-translate-y: 0; --tw-rotate: 0; --tw-skew-x: 0; --tw-skew-y: 0; --tw-scale-x: 1; --tw-scale-y: 1; --tw-scroll-snap-strictness: proximity; --tw-ring-offset-width: 0px; --tw-ring-offset-color: #fff; --tw-ring-color: rgb(59 130 246 / 0.5); --tw-ring-offset-shadow: 0 0 #0000; --tw-ring-shadow: 0 0 #0000; --tw-shadow: 0 0 #0000; --tw-shadow-colored: 0 0 #0000; margin: 0px; font-family: Conv_Hero-Regular, sans-serif; font-weight: var(--font-weight-h5); line-height: var(--font-line-height-h5); color: var(--wp--preset--color--title); font-size: var(--font-size-h5); font-stretch: condensed; clear: both; overflow-wrap: break-word; letter-spacing: var(--font-letter-spacing-h5); background-color: #ffffff;\">Email</h5>\n<p style=\"box-sizing: border-box; --tw-border-spacing-x: 0; --tw-border-spacing-y: 0; --tw-translate-x: 0; --tw-translate-y: 0; --tw-rotate: 0; --tw-skew-x: 0; --tw-skew-y: 0; --tw-scale-x: 1; --tw-scale-y: 1; --tw-scroll-snap-strictness: proximity; --tw-ring-offset-width: 0px; --tw-ring-offset-color: #fff; --tw-ring-color: rgb(59 130 246 / 0.5); --tw-ring-offset-shadow: 0 0 #0000; --tw-ring-shadow: 0 0 #0000; --tw-shadow: 0 0 #0000; --tw-shadow-colored: 0 0 #0000; margin: 15px 0px; line-height: 1.66em; font-family: var(--global-font-family); font-size: 20px; color: var(--wp--preset--color--body); background-color: #ffffff;\">By signing up on our website https://iqonic.design you agree to receive emails from us &ndash; Transactional as well as promotional (occasional).</p>\n<h5 style=\"box-sizing: border-box; --tw-border-spacing-x: 0; --tw-border-spacing-y: 0; --tw-translate-x: 0; --tw-translate-y: 0; --tw-rotate: 0; --tw-skew-x: 0; --tw-skew-y: 0; --tw-scale-x: 1; --tw-scale-y: 1; --tw-scroll-snap-strictness: proximity; --tw-ring-offset-width: 0px; --tw-ring-offset-color: #fff; --tw-ring-color: rgb(59 130 246 / 0.5); --tw-ring-offset-shadow: 0 0 #0000; --tw-ring-shadow: 0 0 #0000; --tw-shadow: 0 0 #0000; --tw-shadow-colored: 0 0 #0000; margin: 0px; font-family: Conv_Hero-Regular, sans-serif; font-weight: var(--font-weight-h5); line-height: var(--font-line-height-h5); color: var(--wp--preset--color--title); font-size: var(--font-size-h5); font-stretch: condensed; clear: both; overflow-wrap: break-word; letter-spacing: var(--font-letter-spacing-h5); background-color: #ffffff;\">Ownership</h5>\n<p style=\"box-sizing: border-box; --tw-border-spacing-x: 0; --tw-border-spacing-y: 0; --tw-translate-x: 0; --tw-translate-y: 0; --tw-rotate: 0; --tw-skew-x: 0; --tw-skew-y: 0; --tw-scale-x: 1; --tw-scale-y: 1; --tw-scroll-snap-strictness: proximity; --tw-ring-offset-width: 0px; --tw-ring-offset-color: #fff; --tw-ring-color: rgb(59 130 246 / 0.5); --tw-ring-offset-shadow: 0 0 #0000; --tw-ring-shadow: 0 0 #0000; --tw-shadow: 0 0 #0000; --tw-shadow-colored: 0 0 #0000; margin: 15px 0px; line-height: 1.66em; font-family: var(--global-font-family); font-size: 20px; color: var(--wp--preset--color--body); background-color: #ffffff;\">Ownership of the product is governed by the usage license.</p>\n<h5 style=\"box-sizing: border-box; --tw-border-spacing-x: 0; --tw-border-spacing-y: 0; --tw-translate-x: 0; --tw-translate-y: 0; --tw-rotate: 0; --tw-skew-x: 0; --tw-skew-y: 0; --tw-scale-x: 1; --tw-scale-y: 1; --tw-scroll-snap-strictness: proximity; --tw-ring-offset-width: 0px; --tw-ring-offset-color: #fff; --tw-ring-color: rgb(59 130 246 / 0.5); --tw-ring-offset-shadow: 0 0 #0000; --tw-ring-shadow: 0 0 #0000; --tw-shadow: 0 0 #0000; --tw-shadow-colored: 0 0 #0000; margin: 0px; font-family: Conv_Hero-Regular, sans-serif; font-weight: var(--font-weight-h5); line-height: var(--font-line-height-h5); color: var(--wp--preset--color--title); font-size: var(--font-size-h5); font-stretch: condensed; clear: both; overflow-wrap: break-word; letter-spacing: var(--font-letter-spacing-h5); background-color: #ffffff;\">Changes about terms</h5>\n<p style=\"box-sizing: border-box; --tw-border-spacing-x: 0; --tw-border-spacing-y: 0; --tw-translate-x: 0; --tw-translate-y: 0; --tw-rotate: 0; --tw-skew-x: 0; --tw-skew-y: 0; --tw-scale-x: 1; --tw-scale-y: 1; --tw-scroll-snap-strictness: proximity; --tw-ring-offset-width: 0px; --tw-ring-offset-color: #fff; --tw-ring-color: rgb(59 130 246 / 0.5); --tw-ring-offset-shadow: 0 0 #0000; --tw-ring-shadow: 0 0 #0000; --tw-shadow: 0 0 #0000; --tw-shadow-colored: 0 0 #0000; margin: 15px 0px; line-height: 1.66em; font-family: var(--global-font-family); font-size: 20px; color: var(--wp--preset--color--body); background-color: #ffffff;\">We may change/update our terms of use without any prior notice. If we change our terms and condition, we will post those changes on this page. Users can check latest version in here.</p>\n<p>&nbsp;</p>'),(8,'privacy_policy','privacy_policy','<p style=\"box-sizing: border-box; --tw-border-spacing-x: 0; --tw-border-spacing-y: 0; --tw-translate-x: 0; --tw-translate-y: 0; --tw-rotate: 0; --tw-skew-x: 0; --tw-skew-y: 0; --tw-scale-x: 1; --tw-scale-y: 1; --tw-scroll-snap-strictness: proximity; --tw-ring-offset-width: 0px; --tw-ring-offset-color: #fff; --tw-ring-color: rgb(59 130 246 / 0.5); --tw-ring-offset-shadow: 0 0 #0000; --tw-ring-shadow: 0 0 #0000; --tw-shadow: 0 0 #0000; --tw-shadow-colored: 0 0 #0000; margin: 15px 0px; line-height: 1.66em; font-family: var(--global-font-family); font-size: 20px; color: var(--wp--preset--color--body); background-color: #ffffff;\">This Privacy Policy is brought by Iqonic Design. Iqonic Design is the sole owner of a number of demo websites containing previews of WordPress website themes. This Privacy Policy shall apply to all Iqonic Design sites where this Privacy Policy is featured. This Privacy Policy describes how the Iqonic Design collects, uses, shares and secures personal information that you provide.</p>\n<p style=\"box-sizing: border-box; --tw-border-spacing-x: 0; --tw-border-spacing-y: 0; --tw-translate-x: 0; --tw-translate-y: 0; --tw-rotate: 0; --tw-skew-x: 0; --tw-skew-y: 0; --tw-scale-x: 1; --tw-scale-y: 1; --tw-scroll-snap-strictness: proximity; --tw-ring-offset-width: 0px; --tw-ring-offset-color: #fff; --tw-ring-color: rgb(59 130 246 / 0.5); --tw-ring-offset-shadow: 0 0 #0000; --tw-ring-shadow: 0 0 #0000; --tw-shadow: 0 0 #0000; --tw-shadow-colored: 0 0 #0000; margin: 15px 0px; line-height: 1.66em; font-family: var(--global-font-family); font-size: 20px; color: var(--wp--preset--color--body); background-color: #ffffff;\">Iqonic Design does not share personal information of any kind with anyone. We will not sell or rent your name or personal information to any third party. We do not sell, rent or provide outside access to our mailing list or any data we store. Any data that a user stores via our facilities is wholly owned by that user or business. At any time, a user or business is free to take their data and leave, or to simply delete their data from our facilities.</p>\n<p style=\"box-sizing: border-box; --tw-border-spacing-x: 0; --tw-border-spacing-y: 0; --tw-translate-x: 0; --tw-translate-y: 0; --tw-rotate: 0; --tw-skew-x: 0; --tw-skew-y: 0; --tw-scale-x: 1; --tw-scale-y: 1; --tw-scroll-snap-strictness: proximity; --tw-ring-offset-width: 0px; --tw-ring-offset-color: #fff; --tw-ring-color: rgb(59 130 246 / 0.5); --tw-ring-offset-shadow: 0 0 #0000; --tw-ring-shadow: 0 0 #0000; --tw-shadow: 0 0 #0000; --tw-shadow-colored: 0 0 #0000; margin: 15px 0px; line-height: 1.66em; font-family: var(--global-font-family); font-size: 20px; color: var(--wp--preset--color--body); background-color: #ffffff;\">Iqonic Design only collects specific personal information that is necessary for you to access and use our services. This personal information includes, but is not limited to, first and last name, email address, Country of residence.</p>\n<p style=\"box-sizing: border-box; --tw-border-spacing-x: 0; --tw-border-spacing-y: 0; --tw-translate-x: 0; --tw-translate-y: 0; --tw-rotate: 0; --tw-skew-x: 0; --tw-skew-y: 0; --tw-scale-x: 1; --tw-scale-y: 1; --tw-scroll-snap-strictness: proximity; --tw-ring-offset-width: 0px; --tw-ring-offset-color: #fff; --tw-ring-color: rgb(59 130 246 / 0.5); --tw-ring-offset-shadow: 0 0 #0000; --tw-ring-shadow: 0 0 #0000; --tw-shadow: 0 0 #0000; --tw-shadow-colored: 0 0 #0000; margin: 15px 0px; line-height: 1.66em; font-family: var(--global-font-family); font-size: 20px; color: var(--wp--preset--color--body); background-color: #ffffff;\">Iqonic Design may release personal information if Iqonic Design is required to by law, search warrant, subpoena, court order or fraud investigation. We may also use personal information in a manner that does not identify you specifically nor allow you to be contacted but does identify certain criteria about our site&rsquo;s users in general (such as we may inform third parties about the number of registered users, number of unique visitors, and the pages most frequently browsed).</p>\n<p style=\"box-sizing: border-box; --tw-border-spacing-x: 0; --tw-border-spacing-y: 0; --tw-translate-x: 0; --tw-translate-y: 0; --tw-rotate: 0; --tw-skew-x: 0; --tw-skew-y: 0; --tw-scale-x: 1; --tw-scale-y: 1; --tw-scroll-snap-strictness: proximity; --tw-ring-offset-width: 0px; --tw-ring-offset-color: #fff; --tw-ring-color: rgb(59 130 246 / 0.5); --tw-ring-offset-shadow: 0 0 #0000; --tw-ring-shadow: 0 0 #0000; --tw-shadow: 0 0 #0000; --tw-shadow-colored: 0 0 #0000; margin: 15px 0px; line-height: 1.66em; font-family: var(--global-font-family); font-size: 20px; color: var(--wp--preset--color--body); background-color: #ffffff;\">&nbsp;</p>\n<h5 style=\"box-sizing: border-box; --tw-border-spacing-x: 0; --tw-border-spacing-y: 0; --tw-translate-x: 0; --tw-translate-y: 0; --tw-rotate: 0; --tw-skew-x: 0; --tw-skew-y: 0; --tw-scale-x: 1; --tw-scale-y: 1; --tw-scroll-snap-strictness: proximity; --tw-ring-offset-width: 0px; --tw-ring-offset-color: #fff; --tw-ring-color: rgb(59 130 246 / 0.5); --tw-ring-offset-shadow: 0 0 #0000; --tw-ring-shadow: 0 0 #0000; --tw-shadow: 0 0 #0000; --tw-shadow-colored: 0 0 #0000; margin: 0px; font-family: Conv_Hero-Regular, sans-serif; font-weight: var(--font-weight-h5); line-height: var(--font-line-height-h5); color: var(--wp--preset--color--title); font-size: var(--font-size-h5); font-stretch: condensed; clear: both; overflow-wrap: break-word; letter-spacing: var(--font-letter-spacing-h5); background-color: #ffffff;\">Use of Information</h5>\n<p style=\"box-sizing: border-box; --tw-border-spacing-x: 0; --tw-border-spacing-y: 0; --tw-translate-x: 0; --tw-translate-y: 0; --tw-rotate: 0; --tw-skew-x: 0; --tw-skew-y: 0; --tw-scale-x: 1; --tw-scale-y: 1; --tw-scroll-snap-strictness: proximity; --tw-ring-offset-width: 0px; --tw-ring-offset-color: #fff; --tw-ring-color: rgb(59 130 246 / 0.5); --tw-ring-offset-shadow: 0 0 #0000; --tw-ring-shadow: 0 0 #0000; --tw-shadow: 0 0 #0000; --tw-shadow-colored: 0 0 #0000; margin: 15px 0px; line-height: 1.66em; font-family: var(--global-font-family); font-size: 20px; color: var(--wp--preset--color--body); background-color: #ffffff;\">We use the information to enable your use of the site and its features and to assure security of use and prevent any potential abuse. We may use the information that we collect for a variety of purposes including:</p>\n<p style=\"box-sizing: border-box; --tw-border-spacing-x: 0; --tw-border-spacing-y: 0; --tw-translate-x: 0; --tw-translate-y: 0; --tw-rotate: 0; --tw-skew-x: 0; --tw-skew-y: 0; --tw-scale-x: 1; --tw-scale-y: 1; --tw-scroll-snap-strictness: proximity; --tw-ring-offset-width: 0px; --tw-ring-offset-color: #fff; --tw-ring-color: rgb(59 130 246 / 0.5); --tw-ring-offset-shadow: 0 0 #0000; --tw-ring-shadow: 0 0 #0000; --tw-shadow: 0 0 #0000; --tw-shadow-colored: 0 0 #0000; margin: 15px 0px; line-height: 1.66em; font-family: var(--global-font-family); font-size: 20px; color: var(--wp--preset--color--body); background-color: #ffffff;\"><span style=\"box-sizing: border-box; --tw-border-spacing-x: 0; --tw-border-spacing-y: 0; --tw-translate-x: 0; --tw-translate-y: 0; --tw-rotate: 0; --tw-skew-x: 0; --tw-skew-y: 0; --tw-scale-x: 1; --tw-scale-y: 1; --tw-scroll-snap-strictness: proximity; --tw-ring-offset-width: 0px; --tw-ring-offset-color: #fff; --tw-ring-color: rgb(59 130 246 / 0.5); --tw-ring-offset-shadow: 0 0 #0000; --tw-ring-shadow: 0 0 #0000; --tw-shadow: 0 0 #0000; --tw-shadow-colored: 0 0 #0000; font-weight: bolder;\">Promotion</span>&nbsp;&mdash; With your consent we send promotional communications, such as providing you with information about products and services, features, surveys, newsletters, offers, promotions, contests and events;</p>\n<p style=\"box-sizing: border-box; --tw-border-spacing-x: 0; --tw-border-spacing-y: 0; --tw-translate-x: 0; --tw-translate-y: 0; --tw-rotate: 0; --tw-skew-x: 0; --tw-skew-y: 0; --tw-scale-x: 1; --tw-scale-y: 1; --tw-scroll-snap-strictness: proximity; --tw-ring-offset-width: 0px; --tw-ring-offset-color: #fff; --tw-ring-color: rgb(59 130 246 / 0.5); --tw-ring-offset-shadow: 0 0 #0000; --tw-ring-shadow: 0 0 #0000; --tw-shadow: 0 0 #0000; --tw-shadow-colored: 0 0 #0000; margin: 15px 0px; line-height: 1.66em; font-family: var(--global-font-family); font-size: 20px; color: var(--wp--preset--color--body); background-color: #ffffff;\"><span style=\"box-sizing: border-box; --tw-border-spacing-x: 0; --tw-border-spacing-y: 0; --tw-translate-x: 0; --tw-translate-y: 0; --tw-rotate: 0; --tw-skew-x: 0; --tw-skew-y: 0; --tw-scale-x: 1; --tw-scale-y: 1; --tw-scroll-snap-strictness: proximity; --tw-ring-offset-width: 0px; --tw-ring-offset-color: #fff; --tw-ring-color: rgb(59 130 246 / 0.5); --tw-ring-offset-shadow: 0 0 #0000; --tw-ring-shadow: 0 0 #0000; --tw-shadow: 0 0 #0000; --tw-shadow-colored: 0 0 #0000; font-weight: bolder;\">Safety and security</span>&nbsp;&mdash; We use the information we have to verify accounts and activities, combat harmful conduct, detect and prevent spam and other bad experiences, maintain the integrity of the Platform, and promote safety and security.</p>\n<p style=\"box-sizing: border-box; --tw-border-spacing-x: 0; --tw-border-spacing-y: 0; --tw-translate-x: 0; --tw-translate-y: 0; --tw-rotate: 0; --tw-skew-x: 0; --tw-skew-y: 0; --tw-scale-x: 1; --tw-scale-y: 1; --tw-scroll-snap-strictness: proximity; --tw-ring-offset-width: 0px; --tw-ring-offset-color: #fff; --tw-ring-color: rgb(59 130 246 / 0.5); --tw-ring-offset-shadow: 0 0 #0000; --tw-ring-shadow: 0 0 #0000; --tw-shadow: 0 0 #0000; --tw-shadow-colored: 0 0 #0000; margin: 15px 0px; line-height: 1.66em; font-family: var(--global-font-family); font-size: 20px; color: var(--wp--preset--color--body); background-color: #ffffff;\"><span style=\"box-sizing: border-box; --tw-border-spacing-x: 0; --tw-border-spacing-y: 0; --tw-translate-x: 0; --tw-translate-y: 0; --tw-rotate: 0; --tw-skew-x: 0; --tw-skew-y: 0; --tw-scale-x: 1; --tw-scale-y: 1; --tw-scroll-snap-strictness: proximity; --tw-ring-offset-width: 0px; --tw-ring-offset-color: #fff; --tw-ring-color: rgb(59 130 246 / 0.5); --tw-ring-offset-shadow: 0 0 #0000; --tw-ring-shadow: 0 0 #0000; --tw-shadow: 0 0 #0000; --tw-shadow-colored: 0 0 #0000; font-weight: bolder;\">Product research and development</span>&nbsp;&mdash; We use the information we have to develop, test and improve our Platform and Services, by conducting surveys and research, and testing and troubleshooting new products and features.</p>\n<p style=\"box-sizing: border-box; --tw-border-spacing-x: 0; --tw-border-spacing-y: 0; --tw-translate-x: 0; --tw-translate-y: 0; --tw-rotate: 0; --tw-skew-x: 0; --tw-skew-y: 0; --tw-scale-x: 1; --tw-scale-y: 1; --tw-scroll-snap-strictness: proximity; --tw-ring-offset-width: 0px; --tw-ring-offset-color: #fff; --tw-ring-color: rgb(59 130 246 / 0.5); --tw-ring-offset-shadow: 0 0 #0000; --tw-ring-shadow: 0 0 #0000; --tw-shadow: 0 0 #0000; --tw-shadow-colored: 0 0 #0000; margin: 15px 0px; line-height: 1.66em; font-family: var(--global-font-family); font-size: 20px; color: var(--wp--preset--color--body); background-color: #ffffff;\"><span style=\"box-sizing: border-box; --tw-border-spacing-x: 0; --tw-border-spacing-y: 0; --tw-translate-x: 0; --tw-translate-y: 0; --tw-rotate: 0; --tw-skew-x: 0; --tw-skew-y: 0; --tw-scale-x: 1; --tw-scale-y: 1; --tw-scroll-snap-strictness: proximity; --tw-ring-offset-width: 0px; --tw-ring-offset-color: #fff; --tw-ring-color: rgb(59 130 246 / 0.5); --tw-ring-offset-shadow: 0 0 #0000; --tw-ring-shadow: 0 0 #0000; --tw-shadow: 0 0 #0000; --tw-shadow-colored: 0 0 #0000; font-weight: bolder;\">Communication with you</span>&nbsp;&mdash; We use the information we have to send you various communications, communicate with you about our products, and let you know about our policies and terms. We also use your information to respond to you when you contact us.</p>\n<p style=\"box-sizing: border-box; --tw-border-spacing-x: 0; --tw-border-spacing-y: 0; --tw-translate-x: 0; --tw-translate-y: 0; --tw-rotate: 0; --tw-skew-x: 0; --tw-skew-y: 0; --tw-scale-x: 1; --tw-scale-y: 1; --tw-scroll-snap-strictness: proximity; --tw-ring-offset-width: 0px; --tw-ring-offset-color: #fff; --tw-ring-color: rgb(59 130 246 / 0.5); --tw-ring-offset-shadow: 0 0 #0000; --tw-ring-shadow: 0 0 #0000; --tw-shadow: 0 0 #0000; --tw-shadow-colored: 0 0 #0000; margin: 15px 0px; line-height: 1.66em; font-family: var(--global-font-family); font-size: 20px; color: var(--wp--preset--color--body); background-color: #ffffff;\">&nbsp;</p>\n<h5 style=\"box-sizing: border-box; --tw-border-spacing-x: 0; --tw-border-spacing-y: 0; --tw-translate-x: 0; --tw-translate-y: 0; --tw-rotate: 0; --tw-skew-x: 0; --tw-skew-y: 0; --tw-scale-x: 1; --tw-scale-y: 1; --tw-scroll-snap-strictness: proximity; --tw-ring-offset-width: 0px; --tw-ring-offset-color: #fff; --tw-ring-color: rgb(59 130 246 / 0.5); --tw-ring-offset-shadow: 0 0 #0000; --tw-ring-shadow: 0 0 #0000; --tw-shadow: 0 0 #0000; --tw-shadow-colored: 0 0 #0000; margin: 0px; font-family: Conv_Hero-Regular, sans-serif; font-weight: var(--font-weight-h5); line-height: var(--font-line-height-h5); color: var(--wp--preset--color--title); font-size: var(--font-size-h5); font-stretch: condensed; clear: both; overflow-wrap: break-word; letter-spacing: var(--font-letter-spacing-h5); background-color: #ffffff;\">Amendments</h5>\n<p style=\"box-sizing: border-box; --tw-border-spacing-x: 0; --tw-border-spacing-y: 0; --tw-translate-x: 0; --tw-translate-y: 0; --tw-rotate: 0; --tw-skew-x: 0; --tw-skew-y: 0; --tw-scale-x: 1; --tw-scale-y: 1; --tw-scroll-snap-strictness: proximity; --tw-ring-offset-width: 0px; --tw-ring-offset-color: #fff; --tw-ring-color: rgb(59 130 246 / 0.5); --tw-ring-offset-shadow: 0 0 #0000; --tw-ring-shadow: 0 0 #0000; --tw-shadow: 0 0 #0000; --tw-shadow-colored: 0 0 #0000; margin: 15px 0px; line-height: 1.66em; font-family: var(--global-font-family); font-size: 20px; color: var(--wp--preset--color--body); background-color: #ffffff;\">We may amend this Privacy Policy from time to time. When we amend this Privacy Policy, we will update this page accordingly and require you to accept the amendments in order to be permitted to continue using our services.</p>\n<h5 style=\"box-sizing: border-box; --tw-border-spacing-x: 0; --tw-border-spacing-y: 0; --tw-translate-x: 0; --tw-translate-y: 0; --tw-rotate: 0; --tw-skew-x: 0; --tw-skew-y: 0; --tw-scale-x: 1; --tw-scale-y: 1; --tw-scroll-snap-strictness: proximity; --tw-ring-offset-width: 0px; --tw-ring-offset-color: #fff; --tw-ring-color: rgb(59 130 246 / 0.5); --tw-ring-offset-shadow: 0 0 #0000; --tw-ring-shadow: 0 0 #0000; --tw-shadow: 0 0 #0000; --tw-shadow-colored: 0 0 #0000; margin: 0px; font-family: Conv_Hero-Regular, sans-serif; font-weight: var(--font-weight-h5); line-height: var(--font-line-height-h5); color: var(--wp--preset--color--title); font-size: var(--font-size-h5); font-stretch: condensed; clear: both; overflow-wrap: break-word; letter-spacing: var(--font-letter-spacing-h5); background-color: #ffffff;\"><br style=\"box-sizing: border-box; --tw-border-spacing-x: 0; --tw-border-spacing-y: 0; --tw-translate-x: 0; --tw-translate-y: 0; --tw-rotate: 0; --tw-skew-x: 0; --tw-skew-y: 0; --tw-scale-x: 1; --tw-scale-y: 1; --tw-scroll-snap-strictness: proximity; --tw-ring-offset-width: 0px; --tw-ring-offset-color: #fff; --tw-ring-color: rgb(59 130 246 / 0.5); --tw-ring-offset-shadow: 0 0 #0000; --tw-ring-shadow: 0 0 #0000; --tw-shadow: 0 0 #0000; --tw-shadow-colored: 0 0 #0000;\" />Contact Us</h5>\n<p style=\"box-sizing: border-box; --tw-border-spacing-x: 0; --tw-border-spacing-y: 0; --tw-translate-x: 0; --tw-translate-y: 0; --tw-rotate: 0; --tw-skew-x: 0; --tw-skew-y: 0; --tw-scale-x: 1; --tw-scale-y: 1; --tw-scroll-snap-strictness: proximity; --tw-ring-offset-width: 0px; --tw-ring-offset-color: #fff; --tw-ring-color: rgb(59 130 246 / 0.5); --tw-ring-offset-shadow: 0 0 #0000; --tw-ring-shadow: 0 0 #0000; --tw-shadow: 0 0 #0000; --tw-shadow-colored: 0 0 #0000; margin: 15px 0px; line-height: 1.66em; font-family: var(--global-font-family); font-size: 20px; color: var(--wp--preset--color--body); background-color: #ffffff;\">You can learn more about how privacy works within our site by contacting us. If you have questions about this Policy, you can contact us via email address provided. Additionally, we may also resolve any disputes you have with us in connection with our privacy policies and practices through direct contact. Write to us at&nbsp;<span style=\"box-sizing: border-box; --tw-border-spacing-x: 0; --tw-border-spacing-y: 0; --tw-translate-x: 0; --tw-translate-y: 0; --tw-rotate: 0; --tw-skew-x: 0; --tw-skew-y: 0; --tw-scale-x: 1; --tw-scale-y: 1; --tw-scroll-snap-strictness: proximity; --tw-ring-offset-width: 0px; --tw-ring-offset-color: #fff; --tw-ring-color: rgb(59 130 246 / 0.5); --tw-ring-offset-shadow: 0 0 #0000; --tw-ring-shadow: 0 0 #0000; --tw-shadow: 0 0 #0000; --tw-shadow-colored: 0 0 #0000; transition: all 0.5s ease-in-out 0s; text-decoration-line: underline;\"><em style=\"box-sizing: border-box; --tw-border-spacing-x: 0; --tw-border-spacing-y: 0; --tw-translate-x: 0; --tw-translate-y: 0; --tw-rotate: 0; --tw-skew-x: 0; --tw-skew-y: 0; --tw-scale-x: 1; --tw-scale-y: 1; --tw-scroll-snap-strictness: proximity; --tw-ring-offset-width: 0px; --tw-ring-offset-color: #fff; --tw-ring-color: rgb(59 130 246 / 0.5); --tw-ring-offset-shadow: 0 0 #0000; --tw-ring-shadow: 0 0 #0000; --tw-shadow: 0 0 #0000; --tw-shadow-colored: 0 0 #0000;\">hello@iqonic.design</em></span></p>\n<p>&nbsp;</p>'),(9,'refund_cancellation_policy','refund_cancellation_policy','<p dir=\"ltr\">At Handyman, we are committed to providing you with high-quality services that meet your needs and exceed your expectations. However, we understand that things do not always go according to plan, and sometimes cancellations or refunds might be necessary. This policy outlines the circumstances under which you can request a refund or cancel a booking made through the Handyman mobile app.</p>\n                            <p dir=\"ltr\"><strong>Cancellations &amp; :</strong></p>\n                            <ul>\n                            <li dir=\"ltr\" aria-level=\"1\">\n                            <p dir=\"ltr\" role=\"presentation\">Unavailability of Handyman: You can cancel any booking free of charge until the provider accepts it. To cancel, open the Handyman Customer App, navigate to your booking details, and tap \"Cancel Booking.\" If you cancel before the provider accepts your booking, you will receive a full refund of the service fee for advance booking services.</p>\n                            </li>\n                            <li dir=\"ltr\" aria-level=\"1\">\n                            <p dir=\"ltr\" role=\"presentation\">Unavailability of Handyman: In the rare event that a Handyman is unable to make it to your scheduled appointment due to unforeseen circumstances, the provider can decline your service.</p>\n                            </li>\n                            </ul>\n                            <ul>\n                            <li dir=\"ltr\" aria-level=\"1\">\n                            <p dir=\"ltr\" role=\"presentation\">Reschedule your appointment: We will work with you to find a new appointment time that suits your needs.</p>\n                            </li>\n                            <li dir=\"ltr\" aria-level=\"1\">\n                            <p dir=\"ltr\" role=\"presentation\">Cancel your booking and receive a full refund: No cancellation fee will be applied (If this service is based on advance booking service).</p>\n                            </li>\n                            </ul>\n                            <p><strong>Refunds:</strong></p>\n                            <ul>\n                            <li dir=\"ltr\" aria-level=\"1\">\n                            <p dir=\"ltr\" role=\"presentation\">Refunds will be processed into the users wallet if this service is based on Advance booking service.</p>\n                            </li>\n                            <li dir=\"ltr\" aria-level=\"1\">\n                            <p dir=\"ltr\" role=\"presentation\">The following situations are not eligible for a full refund:&nbsp;</p>\n                            </li>\n                            </ul>\n                            <ul>\n                            <li dir=\"ltr\" aria-level=\"1\">\n                            <p dir=\"ltr\" role=\"presentation\">You cancel your booking before the provider accepts it.</p>\n                            </li>\n                            <li dir=\"ltr\" aria-level=\"1\">\n                            <p dir=\"ltr\" role=\"presentation\">You are not satisfied with the quality of the work performed, but the Handyman completed the service as described in the app.</p>\n                            </li>\n                            <li dir=\"ltr\" aria-level=\"1\">\n                            <p dir=\"ltr\" role=\"presentation\">You experience minor inconveniences or delays during the service.</p>\n                            </li>\n                            <li dir=\"ltr\" aria-level=\"1\">\n                            <p dir=\"ltr\" role=\"presentation\">You request changes to the scope of the service after the Handyman has arrived, which may result in additional charges.</p>\n                            </li>\n                            </ul>\n                            <p dir=\"ltr\"><strong>Dispute Resolution:</strong></p>\n                            <p dir=\"ltr\">If you have any concerns or disagreements regarding your refund or cancellation request, please contact Handyman customer support at <a href=\"mailto:hello@iqonic.design\">hello@iqonic.design</a> or call us at +1234567890. We are committed to resolving all issues fairly and amicably.</p>\n                            <p dir=\"ltr\">Important Notes:&nbsp;</p>\n                            <ul>\n                            <li dir=\"ltr\" aria-level=\"1\">\n                            <p dir=\"ltr\" role=\"presentation\">This Refund and Cancellation Policy applies to all bookings made through the Handyman App or Website.</p>\n                            </li>\n                            <li dir=\"ltr\" aria-level=\"1\">\n                            <p dir=\"ltr\" role=\"presentation\">Handyman reserves the right to modify this policy at any time without prior notice. The latest version of this policy will always be available on the Handyman website and mobile app.</p>\n                            </li>\n                            <li dir=\"ltr\" aria-level=\"1\">\n                            <p dir=\"ltr\" role=\"presentation\">By using the Handyman mobile app, you agree to be bound by this Refund and Cancellation Policy.</p>\n                            </li>\n                            </ul>\n                            <p dir=\"ltr\">We hope this policy clarifies the process for requesting refunds and cancellations on the Handyman app. If you have any questions, please feel free to contact our customer support team.</p>\n                            <p>&nbsp;</p>\n                            <p dir=\"ltr\">Sincerely,</p>\n                            <p dir=\"ltr\">The Handyman Team</p>'),(10,'help_support','help_support','<p>Contact Us for Support</p>\n                            <p>Email</p>\n                            <p>Email us at : hello@iqonic.design<br /><br />Telephone</p>\n                            <p>Call us at : +1234567890<br /><br />Additional Information</p>\n                            <p>If you need further assistance or have specific inquiries, feel free to reach out through the provided contact options.</p>'),(11,'cookie-setup','cookie-setup','{\"title\":\"Cookie Notice\",\"description\":\"We use cookies for better browsing, personalized content, and traffic analysis. Click `Accept All` to consent.\"}'),(12,'earning-setting','earning-setting','commission'),(13,'data_deletion_request','data_deletion_request','<p dir=\"ltr\">To ensure the safety and privacy of your data, we offer a streamlined process for requesting its removal from our servers. To initiate the deletion process, kindly send an email from your registered email address to our dedicated email inbox at <strong>hello@iqonic.design</strong> Upon based on your request, our team will thoroughly examine the provided details and proceed with necessary actions in adherence to our privacy policies and legal obligations.  </p>\n                            <p>&nbsp;</p>\n                            <p dir=\"ltr\">Sincerely,</p>\n                            <p dir=\"ltr\">The Handyman Team</p>');

--
-- Table structure for table `sliders`
--

CREATE TABLE `sliders` (
  `id` bigint unsigned NOT NULL AUTO_INCREMENT,
  `title` varchar(255) COLLATE utf8mb4_unicode_ci DEFAULT NULL,
  `description` text COLLATE utf8mb4_unicode_ci,
  `type` varchar(255) COLLATE utf8mb4_unicode_ci DEFAULT NULL COMMENT 'service',
  `type_id` varchar(255) COLLATE utf8mb4_unicode_ci DEFAULT NULL COMMENT 'service_id',
  `status` tinyint DEFAULT '1',
  `deleted_at` timestamp NULL DEFAULT NULL,
  `created_at` timestamp NULL DEFAULT NULL,
  `updated_at` timestamp NULL DEFAULT NULL,
  PRIMARY KEY (`id`)
) ENGINE=InnoDB AUTO_INCREMENT=5 DEFAULT CHARSET=utf8mb4 COLLATE=utf8mb4_unicode_ci;

--
-- Dumping data for table `sliders`
--

INSERT INTO `sliders` VALUES (1,'Interior Painting Service','Transform your indoor spaces with a fresh coat of paint. Our experts will revitalize your home\'s interior, creating the atmosphere you desire. ?‍?','service','81',1,NULL,'2022-02-23 09:05:27','2023-10-03 10:41:33'),(2,'Furniture and Decor Sourcing','Discover the ideal furniture and decor pieces to complement your interior design style through our sourcing service. ?','service','15',1,NULL,'2022-02-23 09:21:08','2023-10-03 11:24:31'),(3,'Custom Design and Fabrication','Create one-of-a-kind pieces with our custom design and fabrication service, tailored to your unique preferences. ??','service','16',1,NULL,'2022-02-23 09:23:23','2023-10-03 11:25:40'),(4,'Space Planning and Layout Design','Optimize your living spaces for functionality and aesthetics with our expert space planning and layout design service. ?','service','50',1,NULL,'2022-02-23 09:25:11','2023-10-03 11:25:53');

--
-- Table structure for table `states`
--

CREATE TABLE `states` (
  `id` int unsigned NOT NULL AUTO_INCREMENT,
  `name` varchar(255) COLLATE utf8mb4_unicode_ci NOT NULL,
  `country_id` int NOT NULL,
  PRIMARY KEY (`id`)
) ENGINE=InnoDB AUTO_INCREMENT=4121 DEFAULT CHARSET=utf8mb4 COLLATE=utf8mb4_unicode_ci;

--
-- Dumping data for table `states`
--

INSERT INTO `states` VALUES (1,'Andaman and Nicobar Islands',101),(2,'Andhra Pradesh',101),(3,'Arunachal Pradesh',101),(4,'Assam',101),(5,'Bihar',101),(6,'Chandigarh',101),(7,'Chhattisgarh',101),(8,'Dadra and Nagar Haveli',101),(9,'Daman and Diu',101),(10,'Delhi',101),(11,'Goa',101),(12,'Gujarat',101),(13,'Haryana',101),(14,'Himachal Pradesh',101),(15,'Jammu and Kashmir',101),(16,'Jharkhand',101),(17,'Karnataka',101),(18,'Kenmore',101),(19,'Kerala',101),(20,'Lakshadweep',101),(21,'Madhya Pradesh',101),(22,'Maharashtra',101),(23,'Manipur',101),(24,'Meghalaya',101),(25,'Mizoram',101),(26,'Nagaland',101),(27,'Narora',101),(28,'Natwar',101),(29,'Odisha',101),(30,'Paschim Medinipur',101),(31,'Pondicherry',101),(32,'Punjab',101),(33,'Rajasthan',101),(34,'Sikkim',101),(35,'Tamil Nadu',101),(36,'Telangana',101),(37,'Tripura',101),(38,'Uttar Pradesh',101),(39,'Uttarakhand',101),(40,'Vaishali',101),(41,'West Bengal',101),(42,'Badakhshan',1),(43,'Badgis',1),(44,'Baglan',1),(45,'Balkh',1),(46,'Bamiyan',1),(47,'Farah',1),(48,'Faryab',1),(49,'Gawr',1),(50,'Gazni',1),(51,'Herat',1),(52,'Hilmand',1),(53,'Jawzjan',1),(54,'Kabul',1),(55,'Kapisa',1),(56,'Khawst',1),(57,'Kunar',1),(58,'Lagman',1),(59,'Lawghar',1),(60,'Nangarhar',1),(61,'Nimruz',1),(62,'Nuristan',1),(63,'Paktika',1),(64,'Paktiya',1),(65,'Parwan',1),(66,'Qandahar',1),(67,'Qunduz',1),(68,'Samangan',1),(69,'Sar-e Pul',1),(70,'Takhar',1),(71,'Uruzgan',1),(72,'Wardag',1),(73,'Zabul',1),(74,'Berat',2),(75,'Bulqize',2),(76,'Delvine',2),(77,'Devoll',2),(78,'Dibre',2),(79,'Durres',2),(80,'Elbasan',2),(81,'Fier',2),(82,'Gjirokaster',2),(83,'Gramsh',2),(84,'Has',2),(85,'Kavaje',2),(86,'Kolonje',2),(87,'Korce',2),(88,'Kruje',2),(89,'Kucove',2),(90,'Kukes',2),(91,'Kurbin',2),(92,'Lezhe',2),(93,'Librazhd',2),(94,'Lushnje',2),(95,'Mallakaster',2),(96,'Malsi e Madhe',2),(97,'Mat',2),(98,'Mirdite',2),(99,'Peqin',2),(100,'Permet',2),(101,'Pogradec',2),(102,'Puke',2),(103,'Sarande',2),(104,'Shkoder',2),(105,'Skrapar',2),(106,'Tepelene',2),(107,'Tirane',2),(108,'Tropoje',2),(109,'Vlore',2),(110,'\'Ayn Daflah',3),(111,'\'Ayn Tamushanat',3),(112,'Adrar',3),(113,'Algiers',3),(114,'Annabah',3),(115,'Bashshar',3),(116,'Batnah',3),(117,'Bijayah',3),(118,'Biskrah',3),(119,'Blidah',3),(120,'Buirah',3),(121,'Bumardas',3),(122,'Burj Bu Arririj',3),(123,'Ghalizan',3),(124,'Ghardayah',3),(125,'Ilizi',3),(126,'Jijili',3),(127,'Jilfah',3),(128,'Khanshalah',3),(129,'Masilah',3),(130,'Midyah',3),(131,'Milah',3),(132,'Muaskar',3),(133,'Mustaghanam',3),(134,'Naama',3),(135,'Oran',3),(136,'Ouargla',3),(137,'Qalmah',3),(138,'Qustantinah',3),(139,'Sakikdah',3),(140,'Satif',3),(141,'Sayda\'',3),(142,'Sidi ban-al-\'Abbas',3),(143,'Suq Ahras',3),(144,'Tamanghasat',3),(145,'Tibazah',3),(146,'Tibissah',3),(147,'Tilimsan',3),(148,'Tinduf',3),(149,'Tisamsilt',3),(150,'Tiyarat',3),(151,'Tizi Wazu',3),(152,'Umm-al-Bawaghi',3),(153,'Wahran',3),(154,'Warqla',3),(155,'Wilaya d Alger',3),(156,'Wilaya de Bejaia',3),(157,'Wilaya de Constantine',3),(158,'al-Aghwat',3),(159,'al-Bayadh',3),(160,'al-Jaza\'ir',3),(161,'al-Wad',3),(162,'ash-Shalif',3),(163,'at-Tarif',3),(164,'Eastern',4),(165,'Manu\'a',4),(166,'Swains Island',4),(167,'Western',4),(168,'Andorra la Vella',5),(169,'Canillo',5),(170,'Encamp',5),(171,'La Massana',5),(172,'Les Escaldes',5),(173,'Ordino',5),(174,'Sant Julia de Loria',5),(175,'Bengo',6),(176,'Benguela',6),(177,'Bie',6),(178,'Cabinda',6),(179,'Cunene',6),(180,'Huambo',6),(181,'Huila',6),(182,'Kuando-Kubango',6),(183,'Kwanza Norte',6),(184,'Kwanza Sul',6),(185,'Luanda',6),(186,'Lunda Norte',6),(187,'Lunda Sul',6),(188,'Malanje',6),(189,'Moxico',6),(190,'Namibe',6),(191,'Uige',6),(192,'Zaire',6),(193,'Other Provinces',7),(194,'Sector claimed by Argentina/Ch',8),(195,'Sector claimed by Argentina/UK',8),(196,'Sector claimed by Australia',8),(197,'Sector claimed by France',8),(198,'Sector claimed by New Zealand',8),(199,'Sector claimed by Norway',8),(200,'Unclaimed Sector',8),(201,'Barbuda',9),(202,'Saint George',9),(203,'Saint John',9),(204,'Saint Mary',9),(205,'Saint Paul',9),(206,'Saint Peter',9),(207,'Saint Philip',9),(208,'Buenos Aires',10),(209,'Catamarca',10),(210,'Chaco',10),(211,'Chubut',10),(212,'Cordoba',10),(213,'Corrientes',10),(214,'Distrito Federal',10),(215,'Entre Rios',10),(216,'Formosa',10),(217,'Jujuy',10),(218,'La Pampa',10),(219,'La Rioja',10),(220,'Mendoza',10),(221,'Misiones',10),(222,'Neuquen',10),(223,'Rio Negro',10),(224,'Salta',10),(225,'San Juan',10),(226,'San Luis',10),(227,'Santa Cruz',10),(228,'Santa Fe',10),(229,'Santiago del Estero',10),(230,'Tierra del Fuego',10),(231,'Tucuman',10),(232,'Aragatsotn',11),(233,'Ararat',11),(234,'Armavir',11),(235,'Gegharkunik',11),(236,'Kotaik',11),(237,'Lori',11),(238,'Shirak',11),(239,'Stepanakert',11),(240,'Syunik',11),(241,'Tavush',11),(242,'Vayots Dzor',11),(243,'Yerevan',11),(244,'Aruba',12),(246,'Australian Capital Territory',13),(247,'Balgowlah',13),(248,'Balmain',13),(249,'Bankstown',13),(250,'Baulkham Hills',13),(251,'Bonnet Bay',13),(252,'Camberwell',13),(253,'Carole Park',13),(254,'Castle Hill',13),(255,'Caulfield',13),(256,'Chatswood',13),(257,'Cheltenham',13),(258,'Cherrybrook',13),(259,'Clayton',13),(260,'Collingwood',13),(261,'Frenchs Forest',13),(262,'Hawthorn',13),(263,'Jannnali',13),(264,'Knoxfield',13),(265,'Melbourne',13),(266,'New South Wales',13),(267,'Northern Territory',13),(268,'Perth',13),(269,'Queensland',13),(270,'South Australia',13),(271,'Tasmania',13),(272,'Templestowe',13),(273,'Victoria',13),(274,'Werribee south',13),(275,'Western Australia',13),(276,'Wheeler',13),(277,'Bundesland Salzburg',14),(278,'Bundesland Steiermark',14),(279,'Bundesland Tirol',14),(280,'Burgenland',14),(281,'Carinthia',14),(282,'Karnten',14),(283,'Liezen',14),(284,'Lower Austria',14),(285,'Niederosterreich',14),(286,'Oberosterreich',14),(287,'Salzburg',14),(288,'Schleswig-Holstein',14),(289,'Steiermark',14),(290,'Styria',14),(291,'Tirol',14),(292,'Upper Austria',14),(293,'Vorarlberg',14),(294,'Wien',14),(295,'Abseron',15),(296,'Baki Sahari',15),(297,'Ganca',15),(298,'Ganja',15),(299,'Kalbacar',15),(300,'Lankaran',15),(301,'Mil-Qarabax',15),(302,'Mugan-Salyan',15),(303,'Nagorni-Qarabax',15),(304,'Naxcivan',15),(305,'Priaraks',15),(306,'Qazax',15),(307,'Saki',15),(308,'Sirvan',15),(309,'Xacmaz',15),(310,'Abaco',16),(311,'Acklins Island',16),(312,'Andros',16),(313,'Berry Islands',16),(314,'Biminis',16),(315,'Cat Island',16),(316,'Crooked Island',16),(317,'Eleuthera',16),(318,'Exuma and Cays',16),(319,'Grand Bahama',16),(320,'Inagua Islands',16),(321,'Long Island',16),(322,'Mayaguana',16),(323,'New Providence',16),(324,'Ragged Island',16),(325,'Rum Cay',16),(326,'San Salvador',16),(327,'\'Isa',17),(328,'Badiyah',17),(329,'Hidd',17),(330,'Jidd Hafs',17),(331,'Mahama',17),(332,'Manama',17),(333,'Sitrah',17),(334,'al-Manamah',17),(335,'al-Muharraq',17),(336,'ar-Rifa\'a',17),(337,'Bagar Hat',18),(338,'Bandarban',18),(339,'Barguna',18),(340,'Barisal',18),(341,'Bhola',18),(342,'Bogora',18),(343,'Brahman Bariya',18),(344,'Chandpur',18),(345,'Chattagam',18),(346,'Chittagong Division',18),(347,'Chuadanga',18),(348,'Dhaka',18),(349,'Dinajpur',18),(350,'Faridpur',18),(351,'Feni',18),(352,'Gaybanda',18),(353,'Gazipur',18),(354,'Gopalganj',18),(355,'Habiganj',18),(356,'Jaipur Hat',18),(357,'Jamalpur',18),(358,'Jessor',18),(359,'Jhalakati',18),(360,'Jhanaydah',18),(361,'Khagrachhari',18),(362,'Khulna',18),(363,'Kishorganj',18),(364,'Koks Bazar',18),(365,'Komilla',18),(366,'Kurigram',18),(367,'Kushtiya',18),(368,'Lakshmipur',18),(369,'Lalmanir Hat',18),(370,'Madaripur',18),(371,'Magura',18),(372,'Maimansingh',18),(373,'Manikganj',18),(374,'Maulvi Bazar',18),(375,'Meherpur',18),(376,'Munshiganj',18),(377,'Naral',18),(378,'Narayanganj',18),(379,'Narsingdi',18),(380,'Nator',18),(381,'Naugaon',18),(382,'Nawabganj',18),(383,'Netrakona',18),(384,'Nilphamari',18),(385,'Noakhali',18),(386,'Pabna',18),(387,'Panchagarh',18),(388,'Patuakhali',18),(389,'Pirojpur',18),(390,'Rajbari',18),(391,'Rajshahi',18),(392,'Rangamati',18),(393,'Rangpur',18),(394,'Satkhira',18),(395,'Shariatpur',18),(396,'Sherpur',18),(397,'Silhat',18),(398,'Sirajganj',18),(399,'Sunamganj',18),(400,'Tangayal',18),(401,'Thakurgaon',18),(402,'Christ Church',19),(403,'Saint Andrew',19),(404,'Saint George',19),(405,'Saint James',19),(406,'Saint John',19),(407,'Saint Joseph',19),(408,'Saint Lucy',19),(409,'Saint Michael',19),(410,'Saint Peter',19),(411,'Saint Philip',19),(412,'Saint Thomas',19),(413,'Brest',20),(414,'Homjel\'',20),(415,'Hrodna',20),(416,'Mahiljow',20),(417,'Mahilyowskaya Voblasts',20),(418,'Minsk',20),(419,'Minskaja Voblasts\'',20),(420,'Petrik',20),(421,'Vicebsk',20),(422,'Antwerpen',21),(423,'Berchem',21),(424,'Brabant',21),(425,'Brabant Wallon',21),(426,'Brussel',21),(427,'East Flanders',21),(428,'Hainaut',21),(429,'Liege',21),(430,'Limburg',21),(431,'Luxembourg',21),(432,'Namur',21),(433,'Ontario',21),(434,'Oost-Vlaanderen',21),(435,'Provincie Brabant',21),(436,'Vlaams-Brabant',21),(437,'Wallonne',21),(438,'West-Vlaanderen',21),(439,'Belize',22),(440,'Cayo',22),(441,'Corozal',22),(442,'Orange Walk',22),(443,'Stann Creek',22),(444,'Toledo',22),(445,'Alibori',23),(446,'Atacora',23),(447,'Atlantique',23),(448,'Borgou',23),(449,'Collines',23),(450,'Couffo',23),(451,'Donga',23),(452,'Littoral',23),(453,'Mono',23),(454,'Oueme',23),(455,'Plateau',23),(456,'Zou',23),(457,'Hamilton',24),(458,'Saint George',24),(459,'Bumthang',25),(460,'Chhukha',25),(461,'Chirang',25),(462,'Daga',25),(463,'Geylegphug',25),(464,'Ha',25),(465,'Lhuntshi',25),(466,'Mongar',25),(467,'Pemagatsel',25),(468,'Punakha',25),(469,'Rinpung',25),(470,'Samchi',25),(471,'Samdrup Jongkhar',25),(472,'Shemgang',25),(473,'Tashigang',25),(474,'Timphu',25),(475,'Tongsa',25),(476,'Wangdiphodrang',25),(477,'Beni',26),(478,'Chuquisaca',26),(479,'Cochabamba',26),(480,'La Paz',26),(481,'Oruro',26),(482,'Pando',26),(483,'Potosi',26),(484,'Santa Cruz',26),(485,'Tarija',26),(486,'Federacija Bosna i Hercegovina',27),(487,'Republika Srpska',27),(488,'Central Bobonong',28),(489,'Central Boteti',28),(490,'Central Mahalapye',28),(491,'Central Serowe-Palapye',28),(492,'Central Tutume',28),(493,'Chobe',28),(494,'Francistown',28),(495,'Gaborone',28),(496,'Ghanzi',28),(497,'Jwaneng',28),(498,'Kgalagadi North',28),(499,'Kgalagadi South',28),(500,'Kgatleng',28),(501,'Kweneng',28),(502,'Lobatse',28),(503,'Ngamiland',28),(504,'Ngwaketse',28),(505,'North East',28),(506,'Okavango',28),(507,'Orapa',28),(508,'Selibe Phikwe',28),(509,'South East',28),(510,'Sowa',28),(511,'Bouvet Island',29),(512,'Acre',30),(513,'Alagoas',30),(514,'Amapa',30),(515,'Amazonas',30),(516,'Bahia',30),(517,'Ceara',30),(518,'Distrito Federal',30),(519,'Espirito Santo',30),(520,'Estado de Sao Paulo',30),(521,'Goias',30),(522,'Maranhao',30),(523,'Mato Grosso',30),(524,'Mato Grosso do Sul',30),(525,'Minas Gerais',30),(526,'Para',30),(527,'Paraiba',30),(528,'Parana',30),(529,'Pernambuco',30),(530,'Piaui',30),(531,'Rio Grande do Norte',30),(532,'Rio Grande do Sul',30),(533,'Rio de Janeiro',30),(534,'Rondonia',30),(535,'Roraima',30),(536,'Santa Catarina',30),(537,'Sao Paulo',30),(538,'Sergipe',30),(539,'Tocantins',30),(540,'British Indian Ocean Territory',31),(541,'Belait',32),(542,'Brunei-Muara',32),(543,'Temburong',32),(544,'Tutong',32),(545,'Blagoevgrad',33),(546,'Burgas',33),(547,'Dobrich',33),(548,'Gabrovo',33),(549,'Haskovo',33),(550,'Jambol',33),(551,'Kardzhali',33),(552,'Kjustendil',33),(553,'Lovech',33),(554,'Montana',33),(555,'Oblast Sofiya-Grad',33),(556,'Pazardzhik',33),(557,'Pernik',33),(558,'Pleven',33),(559,'Plovdiv',33),(560,'Razgrad',33),(561,'Ruse',33),(562,'Shumen',33),(563,'Silistra',33),(564,'Sliven',33),(565,'Smoljan',33),(566,'Sofija grad',33),(567,'Sofijska oblast',33),(568,'Stara Zagora',33),(569,'Targovishte',33),(570,'Varna',33),(571,'Veliko Tarnovo',33),(572,'Vidin',33),(573,'Vraca',33),(574,'Yablaniza',33),(575,'Bale',34),(576,'Bam',34),(577,'Bazega',34),(578,'Bougouriba',34),(579,'Boulgou',34),(580,'Boulkiemde',34),(581,'Comoe',34),(582,'Ganzourgou',34),(583,'Gnagna',34),(584,'Gourma',34),(585,'Houet',34),(586,'Ioba',34),(587,'Kadiogo',34),(588,'Kenedougou',34),(589,'Komandjari',34),(590,'Kompienga',34),(591,'Kossi',34),(592,'Kouritenga',34),(593,'Kourweogo',34),(594,'Leraba',34),(595,'Mouhoun',34),(596,'Nahouri',34),(597,'Namentenga',34),(598,'Noumbiel',34),(599,'Oubritenga',34),(600,'Oudalan',34),(601,'Passore',34),(602,'Poni',34),(603,'Sanguie',34),(604,'Sanmatenga',34),(605,'Seno',34),(606,'Sissili',34),(607,'Soum',34),(608,'Sourou',34),(609,'Tapoa',34),(610,'Tuy',34),(611,'Yatenga',34),(612,'Zondoma',34),(613,'Zoundweogo',34),(614,'Bubanza',35),(615,'Bujumbura',35),(616,'Bururi',35),(617,'Cankuzo',35),(618,'Cibitoke',35),(619,'Gitega',35),(620,'Karuzi',35),(621,'Kayanza',35),(622,'Kirundo',35),(623,'Makamba',35),(624,'Muramvya',35),(625,'Muyinga',35),(626,'Ngozi',35),(627,'Rutana',35),(628,'Ruyigi',35),(629,'Banteay Mean Chey',36),(630,'Bat Dambang',36),(631,'Kampong Cham',36),(632,'Kampong Chhnang',36),(633,'Kampong Spoeu',36),(634,'Kampong Thum',36),(635,'Kampot',36),(636,'Kandal',36),(637,'Kaoh Kong',36),(638,'Kracheh',36),(639,'Krong Kaeb',36),(640,'Krong Pailin',36),(641,'Krong Preah Sihanouk',36),(642,'Mondol Kiri',36),(643,'Otdar Mean Chey',36),(644,'Phnum Penh',36),(645,'Pousat',36),(646,'Preah Vihear',36),(647,'Prey Veaeng',36),(648,'Rotanak Kiri',36),(649,'Siem Reab',36),(650,'Stueng Traeng',36),(651,'Svay Rieng',36),(652,'Takaev',36),(653,'Adamaoua',37),(654,'Centre',37),(655,'Est',37),(656,'Littoral',37),(657,'Nord',37),(658,'Nord Extreme',37),(659,'Nordouest',37),(660,'Ouest',37),(661,'Sud',37),(662,'Sudouest',37),(663,'Alberta',38),(664,'British Columbia',38),(665,'Manitoba',38),(666,'New Brunswick',38),(667,'Newfoundland and Labrador',38),(668,'Northwest Territories',38),(669,'Nova Scotia',38),(670,'Nunavut',38),(671,'Ontario',38),(672,'Prince Edward Island',38),(673,'Quebec',38),(674,'Saskatchewan',38),(675,'Yukon',38),(676,'Boavista',39),(677,'Brava',39),(678,'Fogo',39),(679,'Maio',39),(680,'Sal',39),(681,'Santo Antao',39),(682,'Sao Nicolau',39),(683,'Sao Tiago',39),(684,'Sao Vicente',39),(685,'Grand Cayman',40),(686,'Bamingui-Bangoran',41),(687,'Bangui',41),(688,'Basse-Kotto',41),(689,'Haut-Mbomou',41),(690,'Haute-Kotto',41),(691,'Kemo',41),(692,'Lobaye',41),(693,'Mambere-Kadei',41),(694,'Mbomou',41),(695,'Nana-Gribizi',41),(696,'Nana-Mambere',41),(697,'Ombella Mpoko',41),(698,'Ouaka',41),(699,'Ouham',41),(700,'Ouham-Pende',41),(701,'Sangha-Mbaere',41),(702,'Vakaga',41),(703,'Batha',42),(704,'Biltine',42),(705,'Bourkou-Ennedi-Tibesti',42),(706,'Chari-Baguirmi',42),(707,'Guera',42),(708,'Kanem',42),(709,'Lac',42),(710,'Logone Occidental',42),(711,'Logone Oriental',42),(712,'Mayo-Kebbi',42),(713,'Moyen-Chari',42),(714,'Ouaddai',42),(715,'Salamat',42),(716,'Tandjile',42),(717,'Aisen',43),(718,'Antofagasta',43),(719,'Araucania',43),(720,'Atacama',43),(721,'Bio Bio',43),(722,'Coquimbo',43),(723,'Libertador General Bernardo O\'',43),(724,'Los Lagos',43),(725,'Magellanes',43),(726,'Maule',43),(727,'Metropolitana',43),(728,'Metropolitana de Santiago',43),(729,'Tarapaca',43),(730,'Valparaiso',43),(731,'Anhui',44),(732,'Anhui Province',44),(733,'Anhui Sheng',44),(734,'Aomen',44),(735,'Beijing',44),(736,'Beijing Shi',44),(737,'Chongqing',44),(738,'Fujian',44),(739,'Fujian Sheng',44),(740,'Gansu',44),(741,'Guangdong',44),(742,'Guangdong Sheng',44),(743,'Guangxi',44),(744,'Guizhou',44),(745,'Hainan',44),(746,'Hebei',44),(747,'Heilongjiang',44),(748,'Henan',44),(749,'Hubei',44),(750,'Hunan',44),(751,'Jiangsu',44),(752,'Jiangsu Sheng',44),(753,'Jiangxi',44),(754,'Jilin',44),(755,'Liaoning',44),(756,'Liaoning Sheng',44),(757,'Nei Monggol',44),(758,'Ningxia Hui',44),(759,'Qinghai',44),(760,'Shaanxi',44),(761,'Shandong',44),(762,'Shandong Sheng',44),(763,'Shanghai',44),(764,'Shanxi',44),(765,'Sichuan',44),(766,'Tianjin',44),(767,'Xianggang',44),(768,'Xinjiang',44),(769,'Xizang',44),(770,'Yunnan',44),(771,'Zhejiang',44),(772,'Zhejiang Sheng',44),(773,'Christmas Island',45),(774,'Cocos (Keeling) Islands',46),(775,'Amazonas',47),(776,'Antioquia',47),(777,'Arauca',47),(778,'Atlantico',47),(779,'Bogota',47),(780,'Bolivar',47),(781,'Boyaca',47),(782,'Caldas',47),(783,'Caqueta',47),(784,'Casanare',47),(785,'Cauca',47),(786,'Cesar',47),(787,'Choco',47),(788,'Cordoba',47),(789,'Cundinamarca',47),(790,'Guainia',47),(791,'Guaviare',47),(792,'Huila',47),(793,'La Guajira',47),(794,'Magdalena',47),(795,'Meta',47),(796,'Narino',47),(797,'Norte de Santander',47),(798,'Putumayo',47),(799,'Quindio',47),(800,'Risaralda',47),(801,'San Andres y Providencia',47),(802,'Santander',47),(803,'Sucre',47),(804,'Tolima',47),(805,'Valle del Cauca',47),(806,'Vaupes',47),(807,'Vichada',47),(808,'Mwali',48),(809,'Njazidja',48),(810,'Nzwani',48),(811,'Bouenza',49),(812,'Brazzaville',49),(813,'Cuvette',49),(814,'Kouilou',49),(815,'Lekoumou',49),(816,'Likouala',49),(817,'Niari',49),(818,'Plateaux',49),(819,'Pool',49),(820,'Sangha',49),(821,'Bandundu',50),(822,'Bas-Congo',50),(823,'Equateur',50),(824,'Haut-Congo',50),(825,'Kasai-Occidental',50),(826,'Kasai-Oriental',50),(827,'Katanga',50),(828,'Kinshasa',50),(829,'Maniema',50),(830,'Nord-Kivu',50),(831,'Sud-Kivu',50),(832,'Aitutaki',51),(833,'Atiu',51),(834,'Mangaia',51),(835,'Manihiki',51),(836,'Mauke',51),(837,'Mitiaro',51),(838,'Nassau',51),(839,'Pukapuka',51),(840,'Rakahanga',51),(841,'Rarotonga',51),(842,'Tongareva',51),(843,'Alajuela',52),(844,'Cartago',52),(845,'Guanacaste',52),(846,'Heredia',52),(847,'Limon',52),(848,'Puntarenas',52),(849,'San Jose',52),(850,'Abidjan',53),(851,'Agneby',53),(852,'Bafing',53),(853,'Denguele',53),(854,'Dix-huit Montagnes',53),(855,'Fromager',53),(856,'Haut-Sassandra',53),(857,'Lacs',53),(858,'Lagunes',53),(859,'Marahoue',53),(860,'Moyen-Cavally',53),(861,'Moyen-Comoe',53),(862,'N\'zi-Comoe',53),(863,'Sassandra',53),(864,'Savanes',53),(865,'Sud-Bandama',53),(866,'Sud-Comoe',53),(867,'Vallee du Bandama',53),(868,'Worodougou',53),(869,'Zanzan',53),(870,'Bjelovar-Bilogora',54),(871,'Dubrovnik-Neretva',54),(872,'Grad Zagreb',54),(873,'Istra',54),(874,'Karlovac',54),(875,'Koprivnica-Krizhevci',54),(876,'Krapina-Zagorje',54),(877,'Lika-Senj',54),(878,'Medhimurje',54),(879,'Medimurska Zupanija',54),(880,'Osijek-Baranja',54),(881,'Osjecko-Baranjska Zupanija',54),(882,'Pozhega-Slavonija',54),(883,'Primorje-Gorski Kotar',54),(884,'Shibenik-Knin',54),(885,'Sisak-Moslavina',54),(886,'Slavonski Brod-Posavina',54),(887,'Split-Dalmacija',54),(888,'Varazhdin',54),(889,'Virovitica-Podravina',54),(890,'Vukovar-Srijem',54),(891,'Zadar',54),(892,'Zagreb',54),(893,'Camaguey',55),(894,'Ciego de Avila',55),(895,'Cienfuegos',55),(896,'Ciudad de la Habana',55),(897,'Granma',55),(898,'Guantanamo',55),(899,'Habana',55),(900,'Holguin',55),(901,'Isla de la Juventud',55),(902,'La Habana',55),(903,'Las Tunas',55),(904,'Matanzas',55),(905,'Pinar del Rio',55),(906,'Sancti Spiritus',55),(907,'Santiago de Cuba',55),(908,'Villa Clara',55),(909,'Government controlled area',56),(910,'Limassol',56),(911,'Nicosia District',56),(912,'Paphos',56),(913,'Turkish controlled area',56),(914,'Central Bohemian',57),(915,'Frycovice',57),(916,'Jihocesky Kraj',57),(917,'Jihochesky',57),(918,'Jihomoravsky',57),(919,'Karlovarsky',57),(920,'Klecany',57),(921,'Kralovehradecky',57),(922,'Liberecky',57),(923,'Lipov',57),(924,'Moravskoslezsky',57),(925,'Olomoucky',57),(926,'Olomoucky Kraj',57),(927,'Pardubicky',57),(928,'Plzensky',57),(929,'Praha',57),(930,'Rajhrad',57),(931,'Smirice',57),(932,'South Moravian',57),(933,'Straz nad Nisou',57),(934,'Stredochesky',57),(935,'Unicov',57),(936,'Ustecky',57),(937,'Valletta',57),(938,'Velesin',57),(939,'Vysochina',57),(940,'Zlinsky',57),(941,'Arhus',58),(942,'Bornholm',58),(943,'Frederiksborg',58),(944,'Fyn',58),(945,'Hovedstaden',58),(946,'Kobenhavn',58),(947,'Kobenhavns Amt',58),(948,'Kobenhavns Kommune',58),(949,'Nordjylland',58),(950,'Ribe',58),(951,'Ringkobing',58),(952,'Roervig',58),(953,'Roskilde',58),(954,'Roslev',58),(955,'Sjaelland',58),(956,'Soeborg',58),(957,'Sonderjylland',58),(958,'Storstrom',58),(959,'Syddanmark',58),(960,'Toelloese',58),(961,'Vejle',58),(962,'Vestsjalland',58),(963,'Viborg',58),(964,'\'Ali Sabih',59),(965,'Dikhil',59),(966,'Jibuti',59),(967,'Tajurah',59),(968,'Ubuk',59),(969,'Saint Andrew',60),(970,'Saint David',60),(971,'Saint George',60),(972,'Saint John',60),(973,'Saint Joseph',60),(974,'Saint Luke',60),(975,'Saint Mark',60),(976,'Saint Patrick',60),(977,'Saint Paul',60),(978,'Saint Peter',60),(979,'Azua',61),(980,'Bahoruco',61),(981,'Barahona',61),(982,'Dajabon',61),(983,'Distrito Nacional',61),(984,'Duarte',61),(985,'El Seybo',61),(986,'Elias Pina',61),(987,'Espaillat',61),(988,'Hato Mayor',61),(989,'Independencia',61),(990,'La Altagracia',61),(991,'La Romana',61),(992,'La Vega',61),(993,'Maria Trinidad Sanchez',61),(994,'Monsenor Nouel',61),(995,'Monte Cristi',61),(996,'Monte Plata',61),(997,'Pedernales',61),(998,'Peravia',61),(999,'Puerto Plata',61),(1000,'Salcedo',61),(1001,'Samana',61),(1002,'San Cristobal',61),(1003,'San Juan',61),(1004,'San Pedro de Macoris',61),(1005,'Sanchez Ramirez',61),(1006,'Santiago',61),(1007,'Santiago Rodriguez',61),(1008,'Valverde',61),(1009,'Aileu',62),(1010,'Ainaro',62),(1011,'Ambeno',62),(1012,'Baucau',62),(1013,'Bobonaro',62),(1014,'Cova Lima',62),(1015,'Dili',62),(1016,'Ermera',62),(1017,'Lautem',62),(1018,'Liquica',62),(1019,'Manatuto',62),(1020,'Manufahi',62),(1021,'Viqueque',62),(1022,'Azuay',63),(1023,'Bolivar',63),(1024,'Canar',63),(1025,'Carchi',63),(1026,'Chimborazo',63),(1027,'Cotopaxi',63),(1028,'El Oro',63),(1029,'Esmeraldas',63),(1030,'Galapagos',63),(1031,'Guayas',63),(1032,'Imbabura',63),(1033,'Loja',63),(1034,'Los Rios',63),(1035,'Manabi',63),(1036,'Morona Santiago',63),(1037,'Napo',63),(1038,'Orellana',63),(1039,'Pastaza',63),(1040,'Pichincha',63),(1041,'Sucumbios',63),(1042,'Tungurahua',63),(1043,'Zamora Chinchipe',63),(1044,'Aswan',64),(1045,'Asyut',64),(1046,'Bani Suwayf',64),(1047,'Bur Sa\'id',64),(1048,'Cairo',64),(1049,'Dumyat',64),(1050,'Kafr-ash-Shaykh',64),(1051,'Matruh',64),(1052,'Muhafazat ad Daqahliyah',64),(1053,'Muhafazat al Fayyum',64),(1054,'Muhafazat al Gharbiyah',64),(1055,'Muhafazat al Iskandariyah',64),(1056,'Muhafazat al Qahirah',64),(1057,'Qina',64),(1058,'Sawhaj',64),(1059,'Sina al-Janubiyah',64),(1060,'Sina ash-Shamaliyah',64),(1061,'ad-Daqahliyah',64),(1062,'al-Bahr-al-Ahmar',64),(1063,'al-Buhayrah',64),(1064,'al-Fayyum',64),(1065,'al-Gharbiyah',64),(1066,'al-Iskandariyah',64),(1067,'al-Ismailiyah',64),(1068,'al-Jizah',64),(1069,'al-Minufiyah',64),(1070,'al-Minya',64),(1071,'al-Qahira',64),(1072,'al-Qalyubiyah',64),(1073,'al-Uqsur',64),(1074,'al-Wadi al-Jadid',64),(1075,'as-Suways',64),(1076,'ash-Sharqiyah',64),(1077,'Ahuachapan',65),(1078,'Cabanas',65),(1079,'Chalatenango',65),(1080,'Cuscatlan',65),(1081,'La Libertad',65),(1082,'La Paz',65),(1083,'La Union',65),(1084,'Morazan',65),(1085,'San Miguel',65),(1086,'San Salvador',65),(1087,'San Vicente',65),(1088,'Santa Ana',65),(1089,'Sonsonate',65),(1090,'Usulutan',65),(1091,'Annobon',66),(1092,'Bioko Norte',66),(1093,'Bioko Sur',66),(1094,'Centro Sur',66),(1095,'Kie-Ntem',66),(1096,'Litoral',66),(1097,'Wele-Nzas',66),(1098,'Anseba',67),(1099,'Debub',67),(1100,'Debub-Keih-Bahri',67),(1101,'Gash-Barka',67),(1102,'Maekel',67),(1103,'Semien-Keih-Bahri',67),(1104,'Harju',68),(1105,'Hiiu',68),(1106,'Ida-Viru',68),(1107,'Jarva',68),(1108,'Jogeva',68),(1109,'Laane',68),(1110,'Laane-Viru',68),(1111,'Parnu',68),(1112,'Polva',68),(1113,'Rapla',68),(1114,'Saare',68),(1115,'Tartu',68),(1116,'Valga',68),(1117,'Viljandi',68),(1118,'Voru',68),(1119,'Addis Abeba',69),(1120,'Afar',69),(1121,'Amhara',69),(1122,'Benishangul',69),(1123,'Diredawa',69),(1124,'Gambella',69),(1125,'Harar',69),(1126,'Jigjiga',69),(1127,'Mekele',69),(1128,'Oromia',69),(1129,'Somali',69),(1130,'Southern',69),(1131,'Tigray',69),(1132,'Christmas Island',70),(1133,'Cocos Islands',70),(1134,'Coral Sea Islands',70),(1135,'Falkland Islands',71),(1136,'South Georgia',71),(1137,'Klaksvik',72),(1138,'Nor ara Eysturoy',72),(1139,'Nor oy',72),(1140,'Sandoy',72),(1141,'Streymoy',72),(1142,'Su uroy',72),(1143,'Sy ra Eysturoy',72),(1144,'Torshavn',72),(1145,'Vaga',72),(1146,'Central',73),(1147,'Eastern',73),(1148,'Northern',73),(1149,'South Pacific',73),(1150,'Western',73),(1151,'Ahvenanmaa',74),(1152,'Etela-Karjala',74),(1153,'Etela-Pohjanmaa',74),(1154,'Etela-Savo',74),(1155,'Etela-Suomen Laani',74),(1156,'Ita-Suomen Laani',74),(1157,'Ita-Uusimaa',74),(1158,'Kainuu',74),(1159,'Kanta-Hame',74),(1160,'Keski-Pohjanmaa',74),(1161,'Keski-Suomi',74),(1162,'Kymenlaakso',74),(1163,'Lansi-Suomen Laani',74),(1164,'Lappi',74),(1165,'Northern Savonia',74),(1166,'Ostrobothnia',74),(1167,'Oulun Laani',74),(1168,'Paijat-Hame',74),(1169,'Pirkanmaa',74),(1170,'Pohjanmaa',74),(1171,'Pohjois-Karjala',74),(1172,'Pohjois-Pohjanmaa',74),(1173,'Pohjois-Savo',74),(1174,'Saarijarvi',74),(1175,'Satakunta',74),(1176,'Southern Savonia',74),(1177,'Tavastia Proper',74),(1178,'Uleaborgs Lan',74),(1179,'Uusimaa',74),(1180,'Varsinais-Suomi',74),(1181,'Ain',75),(1182,'Aisne',75),(1183,'Albi Le Sequestre',75),(1184,'Allier',75),(1185,'Alpes-Cote dAzur',75),(1186,'Alpes-Maritimes',75),(1187,'Alpes-de-Haute-Provence',75),(1188,'Alsace',75),(1189,'Aquitaine',75),(1190,'Ardeche',75),(1191,'Ardennes',75),(1192,'Ariege',75),(1193,'Aube',75),(1194,'Aude',75),(1195,'Auvergne',75),(1196,'Aveyron',75),(1197,'Bas-Rhin',75),(1198,'Basse-Normandie',75),(1199,'Bouches-du-Rhone',75),(1200,'Bourgogne',75),(1201,'Bretagne',75),(1202,'Brittany',75),(1203,'Burgundy',75),(1204,'Calvados',75),(1205,'Cantal',75),(1206,'Cedex',75),(1207,'Centre',75),(1208,'Charente',75),(1209,'Charente-Maritime',75),(1210,'Cher',75),(1211,'Correze',75),(1212,'Corse-du-Sud',75),(1213,'Cote-d\'Or',75),(1214,'Cotes-d\'Armor',75),(1215,'Creuse',75),(1216,'Crolles',75),(1217,'Deux-Sevres',75),(1218,'Dordogne',75),(1219,'Doubs',75),(1220,'Drome',75),(1221,'Essonne',75),(1222,'Eure',75),(1223,'Eure-et-Loir',75),(1224,'Feucherolles',75),(1225,'Finistere',75),(1226,'Franche-Comte',75),(1227,'Gard',75),(1228,'Gers',75),(1229,'Gironde',75),(1230,'Haut-Rhin',75),(1231,'Haute-Corse',75),(1232,'Haute-Garonne',75),(1233,'Haute-Loire',75),(1234,'Haute-Marne',75),(1235,'Haute-Saone',75),(1236,'Haute-Savoie',75),(1237,'Haute-Vienne',75),(1238,'Hautes-Alpes',75),(1239,'Hautes-Pyrenees',75),(1240,'Hauts-de-Seine',75),(1241,'Herault',75),(1242,'Ile-de-France',75),(1243,'Ille-et-Vilaine',75),(1244,'Indre',75),(1245,'Indre-et-Loire',75),(1246,'Isere',75),(1247,'Jura',75),(1248,'Klagenfurt',75),(1249,'Landes',75),(1250,'Languedoc-Roussillon',75),(1251,'Larcay',75),(1252,'Le Castellet',75),(1253,'Le Creusot',75),(1254,'Limousin',75),(1255,'Loir-et-Cher',75),(1256,'Loire',75),(1257,'Loire-Atlantique',75),(1258,'Loiret',75),(1259,'Lorraine',75),(1260,'Lot',75),(1261,'Lot-et-Garonne',75),(1262,'Lower Normandy',75),(1263,'Lozere',75),(1264,'Maine-et-Loire',75),(1265,'Manche',75),(1266,'Marne',75),(1267,'Mayenne',75),(1268,'Meurthe-et-Moselle',75),(1269,'Meuse',75),(1270,'Midi-Pyrenees',75),(1271,'Morbihan',75),(1272,'Moselle',75),(1273,'Nievre',75),(1274,'Nord',75),(1275,'Nord-Pas-de-Calais',75),(1276,'Oise',75),(1277,'Orne',75),(1278,'Paris',75),(1279,'Pas-de-Calais',75),(1280,'Pays de la Loire',75),(1281,'Pays-de-la-Loire',75),(1282,'Picardy',75),(1283,'Puy-de-Dome',75),(1284,'Pyrenees-Atlantiques',75),(1285,'Pyrenees-Orientales',75),(1286,'Quelmes',75),(1287,'Rhone',75),(1288,'Rhone-Alpes',75),(1289,'Saint Ouen',75),(1290,'Saint Viatre',75),(1291,'Saone-et-Loire',75),(1292,'Sarthe',75),(1293,'Savoie',75),(1294,'Seine-Maritime',75),(1295,'Seine-Saint-Denis',75),(1296,'Seine-et-Marne',75),(1297,'Somme',75),(1298,'Sophia Antipolis',75),(1299,'Souvans',75),(1300,'Tarn',75),(1301,'Tarn-et-Garonne',75),(1302,'Territoire de Belfort',75),(1303,'Treignac',75),(1304,'Upper Normandy',75),(1305,'Val-d\'Oise',75),(1306,'Val-de-Marne',75),(1307,'Var',75),(1308,'Vaucluse',75),(1309,'Vellise',75),(1310,'Vendee',75),(1311,'Vienne',75),(1312,'Vosges',75),(1313,'Yonne',75),(1314,'Yvelines',75),(1315,'Cayenne',76),(1316,'Saint-Laurent-du-Maroni',76),(1317,'Iles du Vent',77),(1318,'Iles sous le Vent',77),(1319,'Marquesas',77),(1320,'Tuamotu',77),(1321,'Tubuai',77),(1322,'Amsterdam',78),(1323,'Crozet Islands',78),(1324,'Kerguelen',78),(1325,'Estuaire',79),(1326,'Haut-Ogooue',79),(1327,'Moyen-Ogooue',79),(1328,'Ngounie',79),(1329,'Nyanga',79),(1330,'Ogooue-Ivindo',79),(1331,'Ogooue-Lolo',79),(1332,'Ogooue-Maritime',79),(1333,'Woleu-Ntem',79),(1334,'Banjul',80),(1335,'Basse',80),(1336,'Brikama',80),(1337,'Janjanbureh',80),(1338,'Kanifing',80),(1339,'Kerewan',80),(1340,'Kuntaur',80),(1341,'Mansakonko',80),(1342,'Abhasia',81),(1343,'Ajaria',81),(1344,'Guria',81),(1345,'Imereti',81),(1346,'Kaheti',81),(1347,'Kvemo Kartli',81),(1348,'Mcheta-Mtianeti',81),(1349,'Racha',81),(1350,'Samagrelo-Zemo Svaneti',81),(1351,'Samche-Zhavaheti',81),(1352,'Shida Kartli',81),(1353,'Tbilisi',81),(1354,'Auvergne',82),(1355,'Baden-Wurttemberg',82),(1356,'Bavaria',82),(1357,'Bayern',82),(1358,'Beilstein Wurtt',82),(1359,'Berlin',82),(1360,'Brandenburg',82),(1361,'Bremen',82),(1362,'Dreisbach',82),(1363,'Freistaat Bayern',82),(1364,'Hamburg',82),(1365,'Hannover',82),(1366,'Heroldstatt',82),(1367,'Hessen',82),(1368,'Kortenberg',82),(1369,'Laasdorf',82),(1370,'Land Baden-Wurttemberg',82),(1371,'Land Bayern',82),(1372,'Land Brandenburg',82),(1373,'Land Hessen',82),(1374,'Land Mecklenburg-Vorpommern',82),(1375,'Land Nordrhein-Westfalen',82),(1376,'Land Rheinland-Pfalz',82),(1377,'Land Sachsen',82),(1378,'Land Sachsen-Anhalt',82),(1379,'Land Thuringen',82),(1380,'Lower Saxony',82),(1381,'Mecklenburg-Vorpommern',82),(1382,'Mulfingen',82),(1383,'Munich',82),(1384,'Neubeuern',82),(1385,'Niedersachsen',82),(1386,'Noord-Holland',82),(1387,'Nordrhein-Westfalen',82),(1388,'North Rhine-Westphalia',82),(1389,'Osterode',82),(1390,'Rheinland-Pfalz',82),(1391,'Rhineland-Palatinate',82),(1392,'Saarland',82),(1393,'Sachsen',82),(1394,'Sachsen-Anhalt',82),(1395,'Saxony',82),(1396,'Schleswig-Holstein',82),(1397,'Thuringia',82),(1398,'Webling',82),(1399,'Weinstrabe',82),(1400,'schlobborn',82),(1401,'Ashanti',83),(1402,'Brong-Ahafo',83),(1403,'Central',83),(1404,'Eastern',83),(1405,'Greater Accra',83),(1406,'Northern',83),(1407,'Upper East',83),(1408,'Upper West',83),(1409,'Volta',83),(1410,'Western',83),(1411,'Gibraltar',84),(1412,'Acharnes',85),(1413,'Ahaia',85),(1414,'Aitolia kai Akarnania',85),(1415,'Argolis',85),(1416,'Arkadia',85),(1417,'Arta',85),(1418,'Attica',85),(1419,'Attiki',85),(1420,'Ayion Oros',85),(1421,'Crete',85),(1422,'Dodekanisos',85),(1423,'Drama',85),(1424,'Evia',85),(1425,'Evritania',85),(1426,'Evros',85),(1427,'Evvoia',85),(1428,'Florina',85),(1429,'Fokis',85),(1430,'Fthiotis',85),(1431,'Grevena',85),(1432,'Halandri',85),(1433,'Halkidiki',85),(1434,'Hania',85),(1435,'Heraklion',85),(1436,'Hios',85),(1437,'Ilia',85),(1438,'Imathia',85),(1439,'Ioannina',85),(1440,'Iraklion',85),(1441,'Karditsa',85),(1442,'Kastoria',85),(1443,'Kavala',85),(1444,'Kefallinia',85),(1445,'Kerkira',85),(1446,'Kiklades',85),(1447,'Kilkis',85),(1448,'Korinthia',85),(1449,'Kozani',85),(1450,'Lakonia',85),(1451,'Larisa',85),(1452,'Lasithi',85),(1453,'Lesvos',85),(1454,'Levkas',85),(1455,'Magnisia',85),(1456,'Messinia',85),(1457,'Nomos Attikis',85),(1458,'Nomos Zakynthou',85),(1459,'Pella',85),(1460,'Pieria',85),(1461,'Piraios',85),(1462,'Preveza',85),(1463,'Rethimni',85),(1464,'Rodopi',85),(1465,'Samos',85),(1466,'Serrai',85),(1467,'Thesprotia',85),(1468,'Thessaloniki',85),(1469,'Trikala',85),(1470,'Voiotia',85),(1471,'West Greece',85),(1472,'Xanthi',85),(1473,'Zakinthos',85),(1474,'Aasiaat',86),(1475,'Ammassalik',86),(1476,'Illoqqortoormiut',86),(1477,'Ilulissat',86),(1478,'Ivittuut',86),(1479,'Kangaatsiaq',86),(1480,'Maniitsoq',86),(1481,'Nanortalik',86),(1482,'Narsaq',86),(1483,'Nuuk',86),(1484,'Paamiut',86),(1485,'Qaanaaq',86),(1486,'Qaqortoq',86),(1487,'Qasigiannguit',86),(1488,'Qeqertarsuaq',86),(1489,'Sisimiut',86),(1490,'Udenfor kommunal inddeling',86),(1491,'Upernavik',86),(1492,'Uummannaq',86),(1493,'Carriacou-Petite Martinique',87),(1494,'Saint Andrew',87),(1495,'Saint Davids',87),(1496,'Saint George\'s',87),(1497,'Saint John',87),(1498,'Saint Mark',87),(1499,'Saint Patrick',87),(1500,'Basse-Terre',88),(1501,'Grande-Terre',88),(1502,'Iles des Saintes',88),(1503,'La Desirade',88),(1504,'Marie-Galante',88),(1505,'Saint Barthelemy',88),(1506,'Saint Martin',88),(1507,'Agana Heights',89),(1508,'Agat',89),(1509,'Barrigada',89),(1510,'Chalan-Pago-Ordot',89),(1511,'Dededo',89),(1512,'Hagatna',89),(1513,'Inarajan',89),(1514,'Mangilao',89),(1515,'Merizo',89),(1516,'Mongmong-Toto-Maite',89),(1517,'Santa Rita',89),(1518,'Sinajana',89),(1519,'Talofofo',89),(1520,'Tamuning',89),(1521,'Yigo',89),(1522,'Yona',89),(1523,'Alta Verapaz',90),(1524,'Baja Verapaz',90),(1525,'Chimaltenango',90),(1526,'Chiquimula',90),(1527,'El Progreso',90),(1528,'Escuintla',90),(1529,'Guatemala',90),(1530,'Huehuetenango',90),(1531,'Izabal',90),(1532,'Jalapa',90),(1533,'Jutiapa',90),(1534,'Peten',90),(1535,'Quezaltenango',90),(1536,'Quiche',90),(1537,'Retalhuleu',90),(1538,'Sacatepequez',90),(1539,'San Marcos',90),(1540,'Santa Rosa',90),(1541,'Solola',90),(1542,'Suchitepequez',90),(1543,'Totonicapan',90),(1544,'Zacapa',90),(1545,'Alderney',91),(1546,'Castel',91),(1547,'Forest',91),(1548,'Saint Andrew',91),(1549,'Saint Martin',91),(1550,'Saint Peter Port',91),(1551,'Saint Pierre du Bois',91),(1552,'Saint Sampson',91),(1553,'Saint Saviour',91),(1554,'Sark',91),(1555,'Torteval',91),(1556,'Vale',91),(1557,'Beyla',92),(1558,'Boffa',92),(1559,'Boke',92),(1560,'Conakry',92),(1561,'Coyah',92),(1562,'Dabola',92),(1563,'Dalaba',92),(1564,'Dinguiraye',92),(1565,'Faranah',92),(1566,'Forecariah',92),(1567,'Fria',92),(1568,'Gaoual',92),(1569,'Gueckedou',92),(1570,'Kankan',92),(1571,'Kerouane',92),(1572,'Kindia',92),(1573,'Kissidougou',92),(1574,'Koubia',92),(1575,'Koundara',92),(1576,'Kouroussa',92),(1577,'Labe',92),(1578,'Lola',92),(1579,'Macenta',92),(1580,'Mali',92),(1581,'Mamou',92),(1582,'Mandiana',92),(1583,'Nzerekore',92),(1584,'Pita',92),(1585,'Siguiri',92),(1586,'Telimele',92),(1587,'Tougue',92),(1588,'Yomou',92),(1589,'Bafata',93),(1590,'Bissau',93),(1591,'Bolama',93),(1592,'Cacheu',93),(1593,'Gabu',93),(1594,'Oio',93),(1595,'Quinara',93),(1596,'Tombali',93),(1597,'Barima-Waini',94),(1598,'Cuyuni-Mazaruni',94),(1599,'Demerara-Mahaica',94),(1600,'East Berbice-Corentyne',94),(1601,'Essequibo Islands-West Demerar',94),(1602,'Mahaica-Berbice',94),(1603,'Pomeroon-Supenaam',94),(1604,'Potaro-Siparuni',94),(1605,'Upper Demerara-Berbice',94),(1606,'Upper Takutu-Upper Essequibo',94),(1607,'Artibonite',95),(1608,'Centre',95),(1609,'Grand\'Anse',95),(1610,'Nord',95),(1611,'Nord-Est',95),(1612,'Nord-Ouest',95),(1613,'Ouest',95),(1614,'Sud',95),(1615,'Sud-Est',95),(1616,'Heard and McDonald Islands',96),(1617,'Atlantida',97),(1618,'Choluteca',97),(1619,'Colon',97),(1620,'Comayagua',97),(1621,'Copan',97),(1622,'Cortes',97),(1623,'Distrito Central',97),(1624,'El Paraiso',97),(1625,'Francisco Morazan',97),(1626,'Gracias a Dios',97),(1627,'Intibuca',97),(1628,'Islas de la Bahia',97),(1629,'La Paz',97),(1630,'Lempira',97),(1631,'Ocotepeque',97),(1632,'Olancho',97),(1633,'Santa Barbara',97),(1634,'Valle',97),(1635,'Yoro',97),(1636,'Hong Kong',98),(1637,'Bacs-Kiskun',99),(1638,'Baranya',99),(1639,'Bekes',99),(1640,'Borsod-Abauj-Zemplen',99),(1641,'Budapest',99),(1642,'Csongrad',99),(1643,'Fejer',99),(1644,'Gyor-Moson-Sopron',99),(1645,'Hajdu-Bihar',99),(1646,'Heves',99),(1647,'Jasz-Nagykun-Szolnok',99),(1648,'Komarom-Esztergom',99),(1649,'Nograd',99),(1650,'Pest',99),(1651,'Somogy',99),(1652,'Szabolcs-Szatmar-Bereg',99),(1653,'Tolna',99),(1654,'Vas',99),(1655,'Veszprem',99),(1656,'Zala',99),(1657,'Austurland',100),(1658,'Gullbringusysla',100),(1659,'Hofu borgarsva i',100),(1660,'Nor urland eystra',100),(1661,'Nor urland vestra',100),(1662,'Su urland',100),(1663,'Su urnes',100),(1664,'Vestfir ir',100),(1665,'Vesturland',100),(1666,'Aceh',102),(1667,'Bali',102),(1668,'Bangka-Belitung',102),(1669,'Banten',102),(1670,'Bengkulu',102),(1671,'Gandaria',102),(1672,'Gorontalo',102),(1673,'Jakarta',102),(1674,'Jambi',102),(1675,'Jawa Barat',102),(1676,'Jawa Tengah',102),(1677,'Jawa Timur',102),(1678,'Kalimantan Barat',102),(1679,'Kalimantan Selatan',102),(1680,'Kalimantan Tengah',102),(1681,'Kalimantan Timur',102),(1682,'Kendal',102),(1683,'Lampung',102),(1684,'Maluku',102),(1685,'Maluku Utara',102),(1686,'Nusa Tenggara Barat',102),(1687,'Nusa Tenggara Timur',102),(1688,'Papua',102),(1689,'Riau',102),(1690,'Riau Kepulauan',102),(1691,'Solo',102),(1692,'Sulawesi Selatan',102),(1693,'Sulawesi Tengah',102),(1694,'Sulawesi Tenggara',102),(1695,'Sulawesi Utara',102),(1696,'Sumatera Barat',102),(1697,'Sumatera Selatan',102),(1698,'Sumatera Utara',102),(1699,'Yogyakarta',102),(1700,'Ardabil',103),(1701,'Azarbayjan-e Bakhtari',103),(1702,'Azarbayjan-e Khavari',103),(1703,'Bushehr',103),(1704,'Chahar Mahal-e Bakhtiari',103),(1705,'Esfahan',103),(1706,'Fars',103),(1707,'Gilan',103),(1708,'Golestan',103),(1709,'Hamadan',103),(1710,'Hormozgan',103),(1711,'Ilam',103),(1712,'Kerman',103),(1713,'Kermanshah',103),(1714,'Khorasan',103),(1715,'Khuzestan',103),(1716,'Kohgiluyeh-e Boyerahmad',103),(1717,'Kordestan',103),(1718,'Lorestan',103),(1719,'Markazi',103),(1720,'Mazandaran',103),(1721,'Ostan-e Esfahan',103),(1722,'Qazvin',103),(1723,'Qom',103),(1724,'Semnan',103),(1725,'Sistan-e Baluchestan',103),(1726,'Tehran',103),(1727,'Yazd',103),(1728,'Zanjan',103),(1729,'Babil',104),(1730,'Baghdad',104),(1731,'Dahuk',104),(1732,'Dhi Qar',104),(1733,'Diyala',104),(1734,'Erbil',104),(1735,'Irbil',104),(1736,'Karbala',104),(1737,'Kurdistan',104),(1738,'Maysan',104),(1739,'Ninawa',104),(1740,'Salah-ad-Din',104),(1741,'Wasit',104),(1742,'al-Anbar',104),(1743,'al-Basrah',104),(1744,'al-Muthanna',104),(1745,'al-Qadisiyah',104),(1746,'an-Najaf',104),(1747,'as-Sulaymaniyah',104),(1748,'at-Ta\'mim',104),(1749,'Armagh',105),(1750,'Carlow',105),(1751,'Cavan',105),(1752,'Clare',105),(1753,'Cork',105),(1754,'Donegal',105),(1755,'Dublin',105),(1756,'Galway',105),(1757,'Kerry',105),(1758,'Kildare',105),(1759,'Kilkenny',105),(1760,'Laois',105),(1761,'Leinster',105),(1762,'Leitrim',105),(1763,'Limerick',105),(1764,'Loch Garman',105),(1765,'Longford',105),(1766,'Louth',105),(1767,'Mayo',105),(1768,'Meath',105),(1769,'Monaghan',105),(1770,'Offaly',105),(1771,'Roscommon',105),(1772,'Sligo',105),(1773,'Tipperary North Riding',105),(1774,'Tipperary South Riding',105),(1775,'Ulster',105),(1776,'Waterford',105),(1777,'Westmeath',105),(1778,'Wexford',105),(1779,'Wicklow',105),(1780,'Beit Hanania',106),(1781,'Ben Gurion Airport',106),(1782,'Bethlehem',106),(1783,'Caesarea',106),(1784,'Centre',106),(1785,'Gaza',106),(1786,'Hadaron',106),(1787,'Haifa District',106),(1788,'Hamerkaz',106),(1789,'Hazafon',106),(1790,'Hebron',106),(1791,'Jaffa',106),(1792,'Jerusalem',106),(1793,'Khefa',106),(1794,'Kiryat Yam',106),(1795,'Lower Galilee',106),(1796,'Qalqilya',106),(1797,'Talme Elazar',106),(1798,'Tel Aviv',106),(1799,'Tsafon',106),(1800,'Umm El Fahem',106),(1801,'Yerushalayim',106),(1802,'Abruzzi',107),(1803,'Abruzzo',107),(1804,'Agrigento',107),(1805,'Alessandria',107),(1806,'Ancona',107),(1807,'Arezzo',107),(1808,'Ascoli Piceno',107),(1809,'Asti',107),(1810,'Avellino',107),(1811,'Bari',107),(1812,'Basilicata',107),(1813,'Belluno',107),(1814,'Benevento',107),(1815,'Bergamo',107),(1816,'Biella',107),(1817,'Bologna',107),(1818,'Bolzano',107),(1819,'Brescia',107),(1820,'Brindisi',107),(1821,'Calabria',107),(1822,'Campania',107),(1823,'Cartoceto',107),(1824,'Caserta',107),(1825,'Catania',107),(1826,'Chieti',107),(1827,'Como',107),(1828,'Cosenza',107),(1829,'Cremona',107),(1830,'Cuneo',107),(1831,'Emilia-Romagna',107),(1832,'Ferrara',107),(1833,'Firenze',107),(1834,'Florence',107),(1835,'Forli-Cesena ',107),(1836,'Friuli-Venezia Giulia',107),(1837,'Frosinone',107),(1838,'Genoa',107),(1839,'Gorizia',107),(1840,'L\'Aquila',107),(1841,'Lazio',107),(1842,'Lecce',107),(1843,'Lecco',107),(1844,'Lecco Province',107),(1845,'Liguria',107),(1846,'Lodi',107),(1847,'Lombardia',107),(1848,'Lombardy',107),(1849,'Macerata',107),(1850,'Mantova',107),(1851,'Marche',107),(1852,'Messina',107),(1853,'Milan',107),(1854,'Modena',107),(1855,'Molise',107),(1856,'Molteno',107),(1857,'Montenegro',107),(1858,'Monza and Brianza',107),(1859,'Naples',107),(1860,'Novara',107),(1861,'Padova',107),(1862,'Parma',107),(1863,'Pavia',107),(1864,'Perugia',107),(1865,'Pesaro-Urbino',107),(1866,'Piacenza',107),(1867,'Piedmont',107),(1868,'Piemonte',107),(1869,'Pisa',107),(1870,'Pordenone',107),(1871,'Potenza',107),(1872,'Puglia',107),(1873,'Reggio Emilia',107),(1874,'Rimini',107),(1875,'Roma',107),(1876,'Salerno',107),(1877,'Sardegna',107),(1878,'Sassari',107),(1879,'Savona',107),(1880,'Sicilia',107),(1881,'Siena',107),(1882,'Sondrio',107),(1883,'South Tyrol',107),(1884,'Taranto',107),(1885,'Teramo',107),(1886,'Torino',107),(1887,'Toscana',107),(1888,'Trapani',107),(1889,'Trentino-Alto Adige',107),(1890,'Trento',107),(1891,'Treviso',107),(1892,'Udine',107),(1893,'Umbria',107),(1894,'Valle d\'Aosta',107),(1895,'Varese',107),(1896,'Veneto',107),(1897,'Venezia',107),(1898,'Verbano-Cusio-Ossola',107),(1899,'Vercelli',107),(1900,'Verona',107),(1901,'Vicenza',107),(1902,'Viterbo',107),(1903,'Buxoro Viloyati',108),(1904,'Clarendon',108),(1905,'Hanover',108),(1906,'Kingston',108),(1907,'Manchester',108),(1908,'Portland',108),(1909,'Saint Andrews',108),(1910,'Saint Ann',108),(1911,'Saint Catherine',108),(1912,'Saint Elizabeth',108),(1913,'Saint James',108),(1914,'Saint Mary',108),(1915,'Saint Thomas',108),(1916,'Trelawney',108),(1917,'Westmoreland',108),(1918,'Aichi',109),(1919,'Akita',109),(1920,'Aomori',109),(1921,'Chiba',109),(1922,'Ehime',109),(1923,'Fukui',109),(1924,'Fukuoka',109),(1925,'Fukushima',109),(1926,'Gifu',109),(1927,'Gumma',109),(1928,'Hiroshima',109),(1929,'Hokkaido',109),(1930,'Hyogo',109),(1931,'Ibaraki',109),(1932,'Ishikawa',109),(1933,'Iwate',109),(1934,'Kagawa',109),(1935,'Kagoshima',109),(1936,'Kanagawa',109),(1937,'Kanto',109),(1938,'Kochi',109),(1939,'Kumamoto',109),(1940,'Kyoto',109),(1941,'Mie',109),(1942,'Miyagi',109),(1943,'Miyazaki',109),(1944,'Nagano',109),(1945,'Nagasaki',109),(1946,'Nara',109),(1947,'Niigata',109),(1948,'Oita',109),(1949,'Okayama',109),(1950,'Okinawa',109),(1951,'Osaka',109),(1952,'Saga',109),(1953,'Saitama',109),(1954,'Shiga',109),(1955,'Shimane',109),(1956,'Shizuoka',109),(1957,'Tochigi',109),(1958,'Tokushima',109),(1959,'Tokyo',109),(1960,'Tottori',109),(1961,'Toyama',109),(1962,'Wakayama',109),(1963,'Yamagata',109),(1964,'Yamaguchi',109),(1965,'Yamanashi',109),(1966,'Grouville',110),(1967,'Saint Brelade',110),(1968,'Saint Clement',110),(1969,'Saint Helier',110),(1970,'Saint John',110),(1971,'Saint Lawrence',110),(1972,'Saint Martin',110),(1973,'Saint Mary',110),(1974,'Saint Peter',110),(1975,'Saint Saviour',110),(1976,'Trinity',110),(1977,'\'Ajlun',111),(1978,'Amman',111),(1979,'Irbid',111),(1980,'Jarash',111),(1981,'Ma\'an',111),(1982,'Madaba',111),(1983,'al-\'Aqabah',111),(1984,'al-Balqa\'',111),(1985,'al-Karak',111),(1986,'al-Mafraq',111),(1987,'at-Tafilah',111),(1988,'az-Zarqa\'',111),(1989,'Akmecet',112),(1990,'Akmola',112),(1991,'Aktobe',112),(1992,'Almati',112),(1993,'Atirau',112),(1994,'Batis Kazakstan',112),(1995,'Burlinsky Region',112),(1996,'Karagandi',112),(1997,'Kostanay',112),(1998,'Mankistau',112),(1999,'Ontustik Kazakstan',112),(2000,'Pavlodar',112),(2001,'Sigis Kazakstan',112),(2002,'Soltustik Kazakstan',112),(2003,'Taraz',112),(2004,'Central',113),(2005,'Coast',113),(2006,'Eastern',113),(2007,'Nairobi',113),(2008,'North Eastern',113),(2009,'Nyanza',113),(2010,'Rift Valley',113),(2011,'Western',113),(2012,'Abaiang',114),(2013,'Abemana',114),(2014,'Aranuka',114),(2015,'Arorae',114),(2016,'Banaba',114),(2017,'Beru',114),(2018,'Butaritari',114),(2019,'Kiritimati',114),(2020,'Kuria',114),(2021,'Maiana',114),(2022,'Makin',114),(2023,'Marakei',114),(2024,'Nikunau',114),(2025,'Nonouti',114),(2026,'Onotoa',114),(2027,'Phoenix Islands',114),(2028,'Tabiteuea North',114),(2029,'Tabiteuea South',114),(2030,'Tabuaeran',114),(2031,'Tamana',114),(2032,'Tarawa North',114),(2033,'Tarawa South',114),(2034,'Teraina',114),(2035,'Chagangdo',115),(2036,'Hamgyeongbukto',115),(2037,'Hamgyeongnamdo',115),(2038,'Hwanghaebukto',115),(2039,'Hwanghaenamdo',115),(2040,'Kaeseong',115),(2041,'Kangweon',115),(2042,'Nampo',115),(2043,'Pyeonganbukto',115),(2044,'Pyeongannamdo',115),(2045,'Pyeongyang',115),(2046,'Yanggang',115),(2047,'Busan',116),(2048,'Cheju',116),(2049,'Chollabuk',116),(2050,'Chollanam',116),(2051,'Chungbuk',116),(2052,'Chungcheongbuk',116),(2053,'Chungcheongnam',116),(2054,'Chungnam',116),(2055,'Daegu',116),(2056,'Gangwon-do',116),(2057,'Goyang-si',116),(2058,'Gyeonggi-do',116),(2059,'Gyeongsang ',116),(2060,'Gyeongsangnam-do',116),(2061,'Incheon',116),(2062,'Jeju-Si',116),(2063,'Jeonbuk',116),(2064,'Kangweon',116),(2065,'Kwangju',116),(2066,'Kyeonggi',116),(2067,'Kyeongsangbuk',116),(2068,'Kyeongsangnam',116),(2069,'Kyonggi-do',116),(2070,'Kyungbuk-Do',116),(2071,'Kyunggi-Do',116),(2072,'Kyunggi-do',116),(2073,'Pusan',116),(2074,'Seoul',116),(2075,'Sudogwon',116),(2076,'Taegu',116),(2077,'Taejeon',116),(2078,'Taejon-gwangyoksi',116),(2079,'Ulsan',116),(2080,'Wonju',116),(2081,'gwangyoksi',116),(2082,'Al Asimah',117),(2083,'Hawalli',117),(2084,'Mishref',117),(2085,'Qadesiya',117),(2086,'Safat',117),(2087,'Salmiya',117),(2088,'al-Ahmadi',117),(2089,'al-Farwaniyah',117),(2090,'al-Jahra',117),(2091,'al-Kuwayt',117),(2092,'Batken',118),(2093,'Bishkek',118),(2094,'Chui',118),(2095,'Issyk-Kul',118),(2096,'Jalal-Abad',118),(2097,'Naryn',118),(2098,'Osh',118),(2099,'Talas',118),(2100,'Attopu',119),(2101,'Bokeo',119),(2102,'Bolikhamsay',119),(2103,'Champasak',119),(2104,'Houaphanh',119),(2105,'Khammouane',119),(2106,'Luang Nam Tha',119),(2107,'Luang Prabang',119),(2108,'Oudomxay',119),(2109,'Phongsaly',119),(2110,'Saravan',119),(2111,'Savannakhet',119),(2112,'Sekong',119),(2113,'Viangchan Prefecture',119),(2114,'Viangchan Province',119),(2115,'Xaignabury',119),(2116,'Xiang Khuang',119),(2117,'Aizkraukles',120),(2118,'Aluksnes',120),(2119,'Balvu',120),(2120,'Bauskas',120),(2121,'Cesu',120),(2122,'Daugavpils',120),(2123,'Daugavpils City',120),(2124,'Dobeles',120),(2125,'Gulbenes',120),(2126,'Jekabspils',120),(2127,'Jelgava',120),(2128,'Jelgavas',120),(2129,'Jurmala City',120),(2130,'Kraslavas',120),(2131,'Kuldigas',120),(2132,'Liepaja',120),(2133,'Liepajas',120),(2134,'Limbazhu',120),(2135,'Ludzas',120),(2136,'Madonas',120),(2137,'Ogres',120),(2138,'Preilu',120),(2139,'Rezekne',120),(2140,'Rezeknes',120),(2141,'Riga',120),(2142,'Rigas',120),(2143,'Saldus',120),(2144,'Talsu',120),(2145,'Tukuma',120),(2146,'Valkas',120),(2147,'Valmieras',120),(2148,'Ventspils',120),(2149,'Ventspils City',120),(2150,'Beirut',121),(2151,'Jabal Lubnan',121),(2152,'Mohafazat Liban-Nord',121),(2153,'Mohafazat Mont-Liban',121),(2154,'Sidon',121),(2155,'al-Biqa',121),(2156,'al-Janub',121),(2157,'an-Nabatiyah',121),(2158,'ash-Shamal',121),(2159,'Berea',122),(2160,'Butha-Buthe',122),(2161,'Leribe',122),(2162,'Mafeteng',122),(2163,'Maseru',122),(2164,'Mohale\'s Hoek',122),(2165,'Mokhotlong',122),(2166,'Qacha\'s Nek',122),(2167,'Quthing',122),(2168,'Thaba-Tseka',122),(2169,'Bomi',123),(2170,'Bong',123),(2171,'Grand Bassa',123),(2172,'Grand Cape Mount',123),(2173,'Grand Gedeh',123),(2174,'Loffa',123),(2175,'Margibi',123),(2176,'Maryland and Grand Kru',123),(2177,'Montserrado',123),(2178,'Nimba',123),(2179,'Rivercess',123),(2180,'Sinoe',123),(2181,'Ajdabiya',124),(2182,'Fezzan',124),(2183,'Banghazi',124),(2184,'Darnah',124),(2185,'Ghadamis',124),(2186,'Gharyan',124),(2187,'Misratah',124),(2188,'Murzuq',124),(2189,'Sabha',124),(2190,'Sawfajjin',124),(2191,'Surt',124),(2192,'Tarabulus',124),(2193,'Tarhunah',124),(2194,'Tripolitania',124),(2195,'Tubruq',124),(2196,'Yafran',124),(2197,'Zlitan',124),(2198,'al-\'Aziziyah',124),(2199,'al-Fatih',124),(2200,'al-Jabal al Akhdar',124),(2201,'al-Jufrah',124),(2202,'al-Khums',124),(2203,'al-Kufrah',124),(2204,'an-Nuqat al-Khams',124),(2205,'ash-Shati\'',124),(2206,'az-Zawiyah',124),(2207,'Balzers',125),(2208,'Eschen',125),(2209,'Gamprin',125),(2210,'Mauren',125),(2211,'Planken',125),(2212,'Ruggell',125),(2213,'Schaan',125),(2214,'Schellenberg',125),(2215,'Triesen',125),(2216,'Triesenberg',125),(2217,'Vaduz',125),(2218,'Alytaus',126),(2219,'Anyksciai',126),(2220,'Kauno',126),(2221,'Klaipedos',126),(2222,'Marijampoles',126),(2223,'Panevezhio',126),(2224,'Panevezys',126),(2225,'Shiauliu',126),(2226,'Taurages',126),(2227,'Telshiu',126),(2228,'Telsiai',126),(2229,'Utenos',126),(2230,'Vilniaus',126),(2231,'Capellen',127),(2232,'Clervaux',127),(2233,'Diekirch',127),(2234,'Echternach',127),(2235,'Esch-sur-Alzette',127),(2236,'Grevenmacher',127),(2237,'Luxembourg',127),(2238,'Mersch',127),(2239,'Redange',127),(2240,'Remich',127),(2241,'Vianden',127),(2242,'Wiltz',127),(2243,'Macau',128),(2244,'Berovo',129),(2245,'Bitola',129),(2246,'Brod',129),(2247,'Debar',129),(2248,'Delchevo',129),(2249,'Demir Hisar',129),(2250,'Gevgelija',129),(2251,'Gostivar',129),(2252,'Kavadarci',129),(2253,'Kichevo',129),(2254,'Kochani',129),(2255,'Kratovo',129),(2256,'Kriva Palanka',129),(2257,'Krushevo',129),(2258,'Kumanovo',129),(2259,'Negotino',129),(2260,'Ohrid',129),(2261,'Prilep',129),(2262,'Probishtip',129),(2263,'Radovish',129),(2264,'Resen',129),(2265,'Shtip',129),(2266,'Skopje',129),(2267,'Struga',129),(2268,'Strumica',129),(2269,'Sveti Nikole',129),(2270,'Tetovo',129),(2271,'Valandovo',129),(2272,'Veles',129),(2273,'Vinica',129),(2274,'Antananarivo',130),(2275,'Antsiranana',130),(2276,'Fianarantsoa',130),(2277,'Mahajanga',130),(2278,'Toamasina',130),(2279,'Toliary',130),(2280,'Balaka',131),(2281,'Blantyre City',131),(2282,'Chikwawa',131),(2283,'Chiradzulu',131),(2284,'Chitipa',131),(2285,'Dedza',131),(2286,'Dowa',131),(2287,'Karonga',131),(2288,'Kasungu',131),(2289,'Lilongwe City',131),(2290,'Machinga',131),(2291,'Mangochi',131),(2292,'Mchinji',131),(2293,'Mulanje',131),(2294,'Mwanza',131),(2295,'Mzimba',131),(2296,'Mzuzu City',131),(2297,'Nkhata Bay',131),(2298,'Nkhotakota',131),(2299,'Nsanje',131),(2300,'Ntcheu',131),(2301,'Ntchisi',131),(2302,'Phalombe',131),(2303,'Rumphi',131),(2304,'Salima',131),(2305,'Thyolo',131),(2306,'Zomba Municipality',131),(2307,'Johor',132),(2308,'Kedah',132),(2309,'Kelantan',132),(2310,'Kuala Lumpur',132),(2311,'Labuan',132),(2312,'Melaka',132),(2313,'Negeri Johor',132),(2314,'Negeri Sembilan',132),(2315,'Pahang',132),(2316,'Penang',132),(2317,'Perak',132),(2318,'Perlis',132),(2319,'Pulau Pinang',132),(2320,'Sabah',132),(2321,'Sarawak',132),(2322,'Selangor',132),(2323,'Sembilan',132),(2324,'Terengganu',132),(2325,'Alif Alif',133),(2326,'Alif Dhaal',133),(2327,'Baa',133),(2328,'Dhaal',133),(2329,'Faaf',133),(2330,'Gaaf Alif',133),(2331,'Gaaf Dhaal',133),(2332,'Ghaviyani',133),(2333,'Haa Alif',133),(2334,'Haa Dhaal',133),(2335,'Kaaf',133),(2336,'Laam',133),(2337,'Lhaviyani',133),(2338,'Male',133),(2339,'Miim',133),(2340,'Nuun',133),(2341,'Raa',133),(2342,'Shaviyani',133),(2343,'Siin',133),(2344,'Thaa',133),(2345,'Vaav',133),(2346,'Bamako',134),(2347,'Gao',134),(2348,'Kayes',134),(2349,'Kidal',134),(2350,'Koulikoro',134),(2351,'Mopti',134),(2352,'Segou',134),(2353,'Sikasso',134),(2354,'Tombouctou',134),(2355,'Gozo and Comino',135),(2356,'Inner Harbour',135),(2357,'Northern',135),(2358,'Outer Harbour',135),(2359,'South Eastern',135),(2360,'Valletta',135),(2361,'Western',135),(2362,'Castletown',136),(2363,'Douglas',136),(2364,'Laxey',136),(2365,'Onchan',136),(2366,'Peel',136),(2367,'Port Erin',136),(2368,'Port Saint Mary',136),(2369,'Ramsey',136),(2370,'Ailinlaplap',137),(2371,'Ailuk',137),(2372,'Arno',137),(2373,'Aur',137),(2374,'Bikini',137),(2375,'Ebon',137),(2376,'Enewetak',137),(2377,'Jabat',137),(2378,'Jaluit',137),(2379,'Kili',137),(2380,'Kwajalein',137),(2381,'Lae',137),(2382,'Lib',137),(2383,'Likiep',137),(2384,'Majuro',137),(2385,'Maloelap',137),(2386,'Mejit',137),(2387,'Mili',137),(2388,'Namorik',137),(2389,'Namu',137),(2390,'Rongelap',137),(2391,'Ujae',137),(2392,'Utrik',137),(2393,'Wotho',137),(2394,'Wotje',137),(2395,'Fort-de-France',138),(2396,'La Trinite',138),(2397,'Le Marin',138),(2398,'Saint-Pierre',138),(2399,'Adrar',139),(2400,'Assaba',139),(2401,'Brakna',139),(2402,'Dhakhlat Nawadibu',139),(2403,'Hudh-al-Gharbi',139),(2404,'Hudh-ash-Sharqi',139),(2405,'Inshiri',139),(2406,'Nawakshut',139),(2407,'Qidimagha',139),(2408,'Qurqul',139),(2409,'Taqant',139),(2410,'Tiris Zammur',139),(2411,'Trarza',139),(2412,'Black River',140),(2413,'Eau Coulee',140),(2414,'Flacq',140),(2415,'Floreal',140),(2416,'Grand Port',140),(2417,'Moka',140),(2418,'Pamplempousses',140),(2419,'Plaines Wilhelm',140),(2420,'Port Louis',140),(2421,'Riviere du Rempart',140),(2422,'Rodrigues',140),(2423,'Rose Hill',140),(2424,'Savanne',140),(2425,'Mayotte',141),(2426,'Pamanzi',141),(2427,'Aguascalientes',142),(2428,'Baja California',142),(2429,'Baja California Sur',142),(2430,'Campeche',142),(2431,'Chiapas',142),(2432,'Chihuahua',142),(2433,'Coahuila',142),(2434,'Colima',142),(2435,'Distrito Federal',142),(2436,'Durango',142),(2437,'Estado de Mexico',142),(2438,'Guanajuato',142),(2439,'Guerrero',142),(2440,'Hidalgo',142),(2441,'Jalisco',142),(2442,'Mexico',142),(2443,'Michoacan',142),(2444,'Morelos',142),(2445,'Nayarit',142),(2446,'Nuevo Leon',142),(2447,'Oaxaca',142),(2448,'Puebla',142),(2449,'Queretaro',142),(2450,'Quintana Roo',142),(2451,'San Luis Potosi',142),(2452,'Sinaloa',142),(2453,'Sonora',142),(2454,'Tabasco',142),(2455,'Tamaulipas',142),(2456,'Tlaxcala',142),(2457,'Veracruz',142),(2458,'Yucatan',142),(2459,'Zacatecas',142),(2460,'Chuuk',143),(2461,'Kusaie',143),(2462,'Pohnpei',143),(2463,'Yap',143),(2464,'Balti',144),(2465,'Cahul',144),(2466,'Chisinau',144),(2467,'Chisinau Oras',144),(2468,'Edinet',144),(2469,'Gagauzia',144),(2470,'Lapusna',144),(2471,'Orhei',144),(2472,'Soroca',144),(2473,'Taraclia',144),(2474,'Tighina',144),(2475,'Transnistria',144),(2476,'Ungheni',144),(2477,'Fontvieille',145),(2478,'La Condamine',145),(2479,'Monaco-Ville',145),(2480,'Monte Carlo',145),(2481,'Arhangaj',146),(2482,'Bajan-Olgij',146),(2483,'Bajanhongor',146),(2484,'Bulgan',146),(2485,'Darhan-Uul',146),(2486,'Dornod',146),(2487,'Dornogovi',146),(2488,'Dundgovi',146),(2489,'Govi-Altaj',146),(2490,'Govisumber',146),(2491,'Hentij',146),(2492,'Hovd',146),(2493,'Hovsgol',146),(2494,'Omnogovi',146),(2495,'Orhon',146),(2496,'Ovorhangaj',146),(2497,'Selenge',146),(2498,'Suhbaatar',146),(2499,'Tov',146),(2500,'Ulaanbaatar',146),(2501,'Uvs',146),(2502,'Zavhan',146),(2503,'Montserrat',147),(2504,'Agadir',148),(2505,'Casablanca',148),(2506,'Chaouia-Ouardigha',148),(2507,'Doukkala-Abda',148),(2508,'Fes-Boulemane',148),(2509,'Gharb-Chrarda-Beni Hssen',148),(2510,'Guelmim',148),(2511,'Kenitra',148),(2512,'Marrakech-Tensift-Al Haouz',148),(2513,'Meknes-Tafilalet',148),(2514,'Oriental',148),(2515,'Oujda',148),(2516,'Province de Tanger',148),(2517,'Rabat-Sale-Zammour-Zaer',148),(2518,'Sala Al Jadida',148),(2519,'Settat',148),(2520,'Souss Massa-Draa',148),(2521,'Tadla-Azilal',148),(2522,'Tangier-Tetouan',148),(2523,'Taza-Al Hoceima-Taounate',148),(2524,'Wilaya de Casablanca',148),(2525,'Wilaya de Rabat-Sale',148),(2526,'Cabo Delgado',149),(2527,'Gaza',149),(2528,'Inhambane',149),(2529,'Manica',149),(2530,'Maputo',149),(2531,'Maputo Provincia',149),(2532,'Nampula',149),(2533,'Niassa',149),(2534,'Sofala',149),(2535,'Tete',149),(2536,'Zambezia',149),(2537,'Ayeyarwady',150),(2538,'Bago',150),(2539,'Chin',150),(2540,'Kachin',150),(2541,'Kayah',150),(2542,'Kayin',150),(2543,'Magway',150),(2544,'Mandalay',150),(2545,'Mon',150),(2546,'Nay Pyi Taw',150),(2547,'Rakhine',150),(2548,'Sagaing',150),(2549,'Shan',150),(2550,'Tanintharyi',150),(2551,'Yangon',150),(2552,'Caprivi',151),(2553,'Erongo',151),(2554,'Hardap',151),(2555,'Karas',151),(2556,'Kavango',151),(2557,'Khomas',151),(2558,'Kunene',151),(2559,'Ohangwena',151),(2560,'Omaheke',151),(2561,'Omusati',151),(2562,'Oshana',151),(2563,'Oshikoto',151),(2564,'Otjozondjupa',151),(2565,'Yaren',152),(2566,'Bagmati',153),(2567,'Bheri',153),(2568,'Dhawalagiri',153),(2569,'Gandaki',153),(2570,'Janakpur',153),(2571,'Karnali',153),(2572,'Koshi',153),(2573,'Lumbini',153),(2574,'Mahakali',153),(2575,'Mechi',153),(2576,'Narayani',153),(2577,'Rapti',153),(2578,'Sagarmatha',153),(2579,'Seti',153),(2580,'Bonaire',154),(2581,'Curacao',154),(2582,'Saba',154),(2583,'Sint Eustatius',154),(2584,'Sint Maarten',154),(2585,'Amsterdam',155),(2586,'Benelux',155),(2587,'Drenthe',155),(2588,'Flevoland',155),(2589,'Friesland',155),(2590,'Gelderland',155),(2591,'Groningen',155),(2592,'Limburg',155),(2593,'Noord-Brabant',155),(2594,'Noord-Holland',155),(2595,'Overijssel',155),(2596,'South Holland',155),(2597,'Utrecht',155),(2598,'Zeeland',155),(2599,'Zuid-Holland',155),(2600,'Iles',156),(2601,'Nord',156),(2602,'Sud',156),(2603,'Area Outside Region',157),(2604,'Auckland',157),(2605,'Bay of Plenty',157),(2606,'Canterbury',157),(2607,'Christchurch',157),(2608,'Gisborne',157),(2609,'Hawke\'s Bay',157),(2610,'Manawatu-Wanganui',157),(2611,'Marlborough',157),(2612,'Nelson',157),(2613,'Northland',157),(2614,'Otago',157),(2615,'Rodney',157),(2616,'Southland',157),(2617,'Taranaki',157),(2618,'Tasman',157),(2619,'Waikato',157),(2620,'Wellington',157),(2621,'West Coast',157),(2622,'Atlantico Norte',158),(2623,'Atlantico Sur',158),(2624,'Boaco',158),(2625,'Carazo',158),(2626,'Chinandega',158),(2627,'Chontales',158),(2628,'Esteli',158),(2629,'Granada',158),(2630,'Jinotega',158),(2631,'Leon',158),(2632,'Madriz',158),(2633,'Managua',158),(2634,'Masaya',158),(2635,'Matagalpa',158),(2636,'Nueva Segovia',158),(2637,'Rio San Juan',158),(2638,'Rivas',158),(2639,'Agadez',159),(2640,'Diffa',159),(2641,'Dosso',159),(2642,'Maradi',159),(2643,'Niamey',159),(2644,'Tahoua',159),(2645,'Tillabery',159),(2646,'Zinder',159),(2647,'Abia',160),(2648,'Abuja Federal Capital Territor',160),(2649,'Adamawa',160),(2650,'Akwa Ibom',160),(2651,'Anambra',160),(2652,'Bauchi',160),(2653,'Bayelsa',160),(2654,'Benue',160),(2655,'Borno',160),(2656,'Cross River',160),(2657,'Delta',160),(2658,'Ebonyi',160),(2659,'Edo',160),(2660,'Ekiti',160),(2661,'Enugu',160),(2662,'Gombe',160),(2663,'Imo',160),(2664,'Jigawa',160),(2665,'Kaduna',160),(2666,'Kano',160),(2667,'Katsina',160),(2668,'Kebbi',160),(2669,'Kogi',160),(2670,'Kwara',160),(2671,'Lagos',160),(2672,'Nassarawa',160),(2673,'Niger',160),(2674,'Ogun',160),(2675,'Ondo',160),(2676,'Osun',160),(2677,'Oyo',160),(2678,'Plateau',160),(2679,'Rivers',160),(2680,'Sokoto',160),(2681,'Taraba',160),(2682,'Yobe',160),(2683,'Zamfara',160),(2684,'Niue',161),(2685,'Norfolk Island',162),(2686,'Northern Islands',163),(2687,'Rota',163),(2688,'Saipan',163),(2689,'Tinian',163),(2690,'Akershus',164),(2691,'Aust Agder',164),(2692,'Bergen',164),(2693,'Buskerud',164),(2694,'Finnmark',164),(2695,'Hedmark',164),(2696,'Hordaland',164),(2697,'Moere og Romsdal',164),(2698,'Nord Trondelag',164),(2699,'Nordland',164),(2700,'Oestfold',164),(2701,'Oppland',164),(2702,'Oslo',164),(2703,'Rogaland',164),(2704,'Soer Troendelag',164),(2705,'Sogn og Fjordane',164),(2706,'Stavern',164),(2707,'Sykkylven',164),(2708,'Telemark',164),(2709,'Troms',164),(2710,'Vest Agder',164),(2711,'Vestfold',164),(2712,'ÃƒÆ’Ã‚Ëœstfold',164),(2713,'Al Buraimi',165),(2714,'Dhufar',165),(2715,'Masqat',165),(2716,'Musandam',165),(2717,'Rusayl',165),(2718,'Wadi Kabir',165),(2719,'ad-Dakhiliyah',165),(2720,'adh-Dhahirah',165),(2721,'al-Batinah',165),(2722,'ash-Sharqiyah',165),(2723,'Baluchistan',166),(2724,'Federal Capital Area',166),(2725,'Federally administered Tribal ',166),(2726,'North-West Frontier',166),(2727,'Northern Areas',166),(2728,'Punjab',166),(2729,'Sind',166),(2730,'Aimeliik',167),(2731,'Airai',167),(2732,'Angaur',167),(2733,'Hatobohei',167),(2734,'Kayangel',167),(2735,'Koror',167),(2736,'Melekeok',167),(2737,'Ngaraard',167),(2738,'Ngardmau',167),(2739,'Ngaremlengui',167),(2740,'Ngatpang',167),(2741,'Ngchesar',167),(2742,'Ngerchelong',167),(2743,'Ngiwal',167),(2744,'Peleliu',167),(2745,'Sonsorol',167),(2746,'Ariha',168),(2747,'Bayt Lahm',168),(2748,'Bethlehem',168),(2749,'Dayr-al-Balah',168),(2750,'Ghazzah',168),(2751,'Ghazzah ash-Shamaliyah',168),(2752,'Janin',168),(2753,'Khan Yunis',168),(2754,'Nabulus',168),(2755,'Qalqilyah',168),(2756,'Rafah',168),(2757,'Ram Allah wal-Birah',168),(2758,'Salfit',168),(2759,'Tubas',168),(2760,'Tulkarm',168),(2761,'al-Khalil',168),(2762,'al-Quds',168),(2763,'Bocas del Toro',169),(2764,'Chiriqui',169),(2765,'Cocle',169),(2766,'Colon',169),(2767,'Darien',169),(2768,'Embera',169),(2769,'Herrera',169),(2770,'Kuna Yala',169),(2771,'Los Santos',169),(2772,'Ngobe Bugle',169),(2773,'Panama',169),(2774,'Veraguas',169),(2775,'East New Britain',170),(2776,'East Sepik',170),(2777,'Eastern Highlands',170),(2778,'Enga',170),(2779,'Fly River',170),(2780,'Gulf',170),(2781,'Madang',170),(2782,'Manus',170),(2783,'Milne Bay',170),(2784,'Morobe',170),(2785,'National Capital District',170),(2786,'New Ireland',170),(2787,'North Solomons',170),(2788,'Oro',170),(2789,'Sandaun',170),(2790,'Simbu',170),(2791,'Southern Highlands',170),(2792,'West New Britain',170),(2793,'Western Highlands',170),(2794,'Alto Paraguay',171),(2795,'Alto Parana',171),(2796,'Amambay',171),(2797,'Asuncion',171),(2798,'Boqueron',171),(2799,'Caaguazu',171),(2800,'Caazapa',171),(2801,'Canendiyu',171),(2802,'Central',171),(2803,'Concepcion',171),(2804,'Cordillera',171),(2805,'Guaira',171),(2806,'Itapua',171),(2807,'Misiones',171),(2808,'Neembucu',171),(2809,'Paraguari',171),(2810,'Presidente Hayes',171),(2811,'San Pedro',171),(2812,'Amazonas',172),(2813,'Ancash',172),(2814,'Apurimac',172),(2815,'Arequipa',172),(2816,'Ayacucho',172),(2817,'Cajamarca',172),(2818,'Cusco',172),(2819,'Huancavelica',172),(2820,'Huanuco',172),(2821,'Ica',172),(2822,'Junin',172),(2823,'La Libertad',172),(2824,'Lambayeque',172),(2825,'Lima y Callao',172),(2826,'Loreto',172),(2827,'Madre de Dios',172),(2828,'Moquegua',172),(2829,'Pasco',172),(2830,'Piura',172),(2831,'Puno',172),(2832,'San Martin',172),(2833,'Tacna',172),(2834,'Tumbes',172),(2835,'Ucayali',172),(2836,'Batangas',173),(2837,'Bicol',173),(2838,'Bulacan',173),(2839,'Cagayan',173),(2840,'Caraga',173),(2841,'Central Luzon',173),(2842,'Central Mindanao',173),(2843,'Central Visayas',173),(2844,'Cordillera',173),(2845,'Davao',173),(2846,'Eastern Visayas',173),(2847,'Greater Metropolitan Area',173),(2848,'Ilocos',173),(2849,'Laguna',173),(2850,'Luzon',173),(2851,'Mactan',173),(2852,'Metropolitan Manila Area',173),(2853,'Muslim Mindanao',173),(2854,'Northern Mindanao',173),(2855,'Southern Mindanao',173),(2856,'Southern Tagalog',173),(2857,'Western Mindanao',173),(2858,'Western Visayas',173),(2859,'Pitcairn Island',174),(2860,'Biale Blota',175),(2861,'Dobroszyce',175),(2862,'Dolnoslaskie',175),(2863,'Dziekanow Lesny',175),(2864,'Hopowo',175),(2865,'Kartuzy',175),(2866,'Koscian',175),(2867,'Krakow',175),(2868,'Kujawsko-Pomorskie',175),(2869,'Lodzkie',175),(2870,'Lubelskie',175),(2871,'Lubuskie',175),(2872,'Malomice',175),(2873,'Malopolskie',175),(2874,'Mazowieckie',175),(2875,'Mirkow',175),(2876,'Opolskie',175),(2877,'Ostrowiec',175),(2878,'Podkarpackie',175),(2879,'Podlaskie',175),(2880,'Polska',175),(2881,'Pomorskie',175),(2882,'Poznan',175),(2883,'Pruszkow',175),(2884,'Rymanowska',175),(2885,'Rzeszow',175),(2886,'Slaskie',175),(2887,'Stare Pole',175),(2888,'Swietokrzyskie',175),(2889,'Warminsko-Mazurskie',175),(2890,'Warsaw',175),(2891,'Wejherowo',175),(2892,'Wielkopolskie',175),(2893,'Wroclaw',175),(2894,'Zachodnio-Pomorskie',175),(2895,'Zukowo',175),(2896,'Abrantes',176),(2897,'Acores',176),(2898,'Alentejo',176),(2899,'Algarve',176),(2900,'Braga',176),(2901,'Centro',176),(2902,'Distrito de Leiria',176),(2903,'Distrito de Viana do Castelo',176),(2904,'Distrito de Vila Real',176),(2905,'Distrito do Porto',176),(2906,'Lisboa e Vale do Tejo',176),(2907,'Madeira',176),(2908,'Norte',176),(2909,'Paivas',176),(2910,'Arecibo',177),(2911,'Bayamon',177),(2912,'Carolina',177),(2913,'Florida',177),(2914,'Guayama',177),(2915,'Humacao',177),(2916,'Mayaguez-Aguadilla',177),(2917,'Ponce',177),(2918,'Salinas',177),(2919,'San Juan',177),(2920,'Doha',178),(2921,'Jarian-al-Batnah',178),(2922,'Umm Salal',178),(2923,'ad-Dawhah',178),(2924,'al-Ghuwayriyah',178),(2925,'al-Jumayliyah',178),(2926,'al-Khawr',178),(2927,'al-Wakrah',178),(2928,'ar-Rayyan',178),(2929,'ash-Shamal',178),(2930,'Saint-Benoit',179),(2931,'Saint-Denis',179),(2932,'Saint-Paul',179),(2933,'Saint-Pierre',179),(2934,'Alba',180),(2935,'Arad',180),(2936,'Arges',180),(2937,'Bacau',180),(2938,'Bihor',180),(2939,'Bistrita-Nasaud',180),(2940,'Botosani',180),(2941,'Braila',180),(2942,'Brasov',180),(2943,'Bucuresti',180),(2944,'Buzau',180),(2945,'Calarasi',180),(2946,'Caras-Severin',180),(2947,'Cluj',180),(2948,'Constanta',180),(2949,'Covasna',180),(2950,'Dambovita',180),(2951,'Dolj',180),(2952,'Galati',180),(2953,'Giurgiu',180),(2954,'Gorj',180),(2955,'Harghita',180),(2956,'Hunedoara',180),(2957,'Ialomita',180),(2958,'Iasi',180),(2959,'Ilfov',180),(2960,'Maramures',180),(2961,'Mehedinti',180),(2962,'Mures',180),(2963,'Neamt',180),(2964,'Olt',180),(2965,'Prahova',180),(2966,'Salaj',180),(2967,'Satu Mare',180),(2968,'Sibiu',180),(2969,'Sondelor',180),(2970,'Suceava',180),(2971,'Teleorman',180),(2972,'Timis',180),(2973,'Tulcea',180),(2974,'Valcea',180),(2975,'Vaslui',180),(2976,'Vrancea',180),(2977,'Adygeja',181),(2978,'Aga',181),(2979,'Alanija',181),(2980,'Altaj',181),(2981,'Amur',181),(2982,'Arhangelsk',181),(2983,'Astrahan',181),(2984,'Bashkortostan',181),(2985,'Belgorod',181),(2986,'Brjansk',181),(2987,'Burjatija',181),(2988,'Chechenija',181),(2989,'Cheljabinsk',181),(2990,'Chita',181),(2991,'Chukotka',181),(2992,'Chuvashija',181),(2993,'Dagestan',181),(2994,'Evenkija',181),(2995,'Gorno-Altaj',181),(2996,'Habarovsk',181),(2997,'Hakasija',181),(2998,'Hanty-Mansija',181),(2999,'Ingusetija',181),(3000,'Irkutsk',181),(3001,'Ivanovo',181),(3002,'Jamalo-Nenets',181),(3003,'Jaroslavl',181),(3004,'Jevrej',181),(3005,'Kabardino-Balkarija',181),(3006,'Kaliningrad',181),(3007,'Kalmykija',181),(3008,'Kaluga',181),(3009,'Kamchatka',181),(3010,'Karachaj-Cherkessija',181),(3011,'Karelija',181),(3012,'Kemerovo',181),(3013,'Khabarovskiy Kray',181),(3014,'Kirov',181),(3015,'Komi',181),(3016,'Komi-Permjakija',181),(3017,'Korjakija',181),(3018,'Kostroma',181),(3019,'Krasnodar',181),(3020,'Krasnojarsk',181),(3021,'Krasnoyarskiy Kray',181),(3022,'Kurgan',181),(3023,'Kursk',181),(3024,'Leningrad',181),(3025,'Lipeck',181),(3026,'Magadan',181),(3027,'Marij El',181),(3028,'Mordovija',181),(3029,'Moscow',181),(3030,'Moskovskaja Oblast',181),(3031,'Moskovskaya Oblast',181),(3032,'Moskva',181),(3033,'Murmansk',181),(3034,'Nenets',181),(3035,'Nizhnij Novgorod',181),(3036,'Novgorod',181),(3037,'Novokusnezk',181),(3038,'Novosibirsk',181),(3039,'Omsk',181),(3040,'Orenburg',181),(3041,'Orjol',181),(3042,'Penza',181),(3043,'Perm',181),(3044,'Primorje',181),(3045,'Pskov',181),(3046,'Pskovskaya Oblast',181),(3047,'Rjazan',181),(3048,'Rostov',181),(3049,'Saha',181),(3050,'Sahalin',181),(3051,'Samara',181),(3052,'Samarskaya',181),(3053,'Sankt-Peterburg',181),(3054,'Saratov',181),(3055,'Smolensk',181),(3056,'Stavropol',181),(3057,'Sverdlovsk',181),(3058,'Tajmyrija',181),(3059,'Tambov',181),(3060,'Tatarstan',181),(3061,'Tjumen',181),(3062,'Tomsk',181),(3063,'Tula',181),(3064,'Tver',181),(3065,'Tyva',181),(3066,'Udmurtija',181),(3067,'Uljanovsk',181),(3068,'Ulyanovskaya Oblast',181),(3069,'Ust-Orda',181),(3070,'Vladimir',181),(3071,'Volgograd',181),(3072,'Vologda',181),(3073,'Voronezh',181),(3074,'Butare',182),(3075,'Byumba',182),(3076,'Cyangugu',182),(3077,'Gikongoro',182),(3078,'Gisenyi',182),(3079,'Gitarama',182),(3080,'Kibungo',182),(3081,'Kibuye',182),(3082,'Kigali-ngali',182),(3083,'Ruhengeri',182),(3084,'Ascension',183),(3085,'Gough Island',183),(3086,'Saint Helena',183),(3087,'Tristan da Cunha',183),(3088,'Christ Church Nichola Town',184),(3089,'Saint Anne Sandy Point',184),(3090,'Saint George Basseterre',184),(3091,'Saint George Gingerland',184),(3092,'Saint James Windward',184),(3093,'Saint John Capesterre',184),(3094,'Saint John Figtree',184),(3095,'Saint Mary Cayon',184),(3096,'Saint Paul Capesterre',184),(3097,'Saint Paul Charlestown',184),(3098,'Saint Peter Basseterre',184),(3099,'Saint Thomas Lowland',184),(3100,'Saint Thomas Middle Island',184),(3101,'Trinity Palmetto Point',184),(3102,'Anse-la-Raye',185),(3103,'Canaries',185),(3104,'Castries',185),(3105,'Choiseul',185),(3106,'Dennery',185),(3107,'Gros Inlet',185),(3108,'Laborie',185),(3109,'Micoud',185),(3110,'Soufriere',185),(3111,'Vieux Fort',185),(3112,'Miquelon-Langlade',186),(3113,'Saint-Pierre',186),(3114,'Charlotte',187),(3115,'Grenadines',187),(3116,'Saint Andrew',187),(3117,'Saint David',187),(3118,'Saint George',187),(3119,'Saint Patrick',187),(3120,'A\'ana',188),(3121,'Aiga-i-le-Tai',188),(3122,'Atua',188),(3123,'Fa\'asaleleaga',188),(3124,'Gaga\'emauga',188),(3125,'Gagaifomauga',188),(3126,'Palauli',188),(3127,'Satupa\'itea',188),(3128,'Tuamasaga',188),(3129,'Va\'a-o-Fonoti',188),(3130,'Vaisigano',188),(3131,'Acquaviva',189),(3132,'Borgo Maggiore',189),(3133,'Chiesanuova',189),(3134,'Domagnano',189),(3135,'Faetano',189),(3136,'Fiorentino',189),(3137,'Montegiardino',189),(3138,'San Marino',189),(3139,'Serravalle',189),(3140,'Agua Grande',190),(3141,'Cantagalo',190),(3142,'Lemba',190),(3143,'Lobata',190),(3144,'Me-Zochi',190),(3145,'Pague',190),(3146,'Al Khobar',191),(3147,'Aseer',191),(3148,'Ash Sharqiyah',191),(3149,'Asir',191),(3150,'Central Province',191),(3151,'Eastern Province',191),(3152,'Ha\'il',191),(3153,'Jawf',191),(3154,'Jizan',191),(3155,'Makkah',191),(3156,'Najran',191),(3157,'Qasim',191),(3158,'Tabuk',191),(3159,'Western Province',191),(3160,'al-Bahah',191),(3161,'al-Hudud-ash-Shamaliyah',191),(3162,'al-Madinah',191),(3163,'ar-Riyad',191),(3164,'Dakar',192),(3165,'Diourbel',192),(3166,'Fatick',192),(3167,'Kaolack',192),(3168,'Kolda',192),(3169,'Louga',192),(3170,'Saint-Louis',192),(3171,'Tambacounda',192),(3172,'Thies',192),(3173,'Ziguinchor',192),(3174,'Central Serbia',193),(3175,'Kosovo and Metohija',193),(3176,'Vojvodina',193),(3177,'Anse Boileau',194),(3178,'Anse Royale',194),(3179,'Cascade',194),(3180,'Takamaka',194),(3181,'Victoria',194),(3182,'Eastern',195),(3183,'Northern',195),(3184,'Southern',195),(3185,'Western',195),(3186,'Singapore',196),(3187,'Banskobystricky',197),(3188,'Bratislavsky',197),(3189,'Kosicky',197),(3190,'Nitriansky',197),(3191,'Presovsky',197),(3192,'Trenciansky',197),(3193,'Trnavsky',197),(3194,'Zilinsky',197),(3195,'Benedikt',198),(3196,'Gorenjska',198),(3197,'Gorishka',198),(3198,'Jugovzhodna Slovenija',198),(3199,'Koroshka',198),(3200,'Notranjsko-krashka',198),(3201,'Obalno-krashka',198),(3202,'Obcina Domzale',198),(3203,'Obcina Vitanje',198),(3204,'Osrednjeslovenska',198),(3205,'Podravska',198),(3206,'Pomurska',198),(3207,'Savinjska',198),(3208,'Slovenian Littoral',198),(3209,'Spodnjeposavska',198),(3210,'Zasavska',198),(3211,'Pitcairn',199),(3212,'Central',200),(3213,'Choiseul',200),(3214,'Guadalcanal',200),(3215,'Isabel',200),(3216,'Makira and Ulawa',200),(3217,'Malaita',200),(3218,'Rennell and Bellona',200),(3219,'Temotu',200),(3220,'Western',200),(3221,'Awdal',201),(3222,'Bakol',201),(3223,'Banadir',201),(3224,'Bari',201),(3225,'Bay',201),(3226,'Galgudug',201),(3227,'Gedo',201),(3228,'Hiran',201),(3229,'Jubbada Hose',201),(3230,'Jubbadha Dexe',201),(3231,'Mudug',201),(3232,'Nugal',201),(3233,'Sanag',201),(3234,'Shabellaha Dhexe',201),(3235,'Shabellaha Hose',201),(3236,'Togdher',201),(3237,'Woqoyi Galbed',201),(3238,'Eastern Cape',202),(3239,'Free State',202),(3240,'Gauteng',202),(3241,'Kempton Park',202),(3242,'Kramerville',202),(3243,'KwaZulu Natal',202),(3244,'Limpopo',202),(3245,'Mpumalanga',202),(3246,'North West',202),(3247,'Northern Cape',202),(3248,'Parow',202),(3249,'Table View',202),(3250,'Umtentweni',202),(3251,'Western Cape',202),(3252,'South Georgia',203),(3253,'Central Equatoria',204),(3254,'A Coruna',205),(3255,'Alacant',205),(3256,'Alava',205),(3257,'Albacete',205),(3258,'Almeria',205),(3259,'Andalucia',205),(3260,'Asturias',205),(3261,'Avila',205),(3262,'Badajoz',205),(3263,'Balears',205),(3264,'Barcelona',205),(3265,'Bertamirans',205),(3266,'Biscay',205),(3267,'Burgos',205),(3268,'Caceres',205),(3269,'Cadiz',205),(3270,'Cantabria',205),(3271,'Castello',205),(3272,'Catalunya',205),(3273,'Ceuta',205),(3274,'Ciudad Real',205),(3275,'Comunidad Autonoma de Canarias',205),(3276,'Comunidad Autonoma de Cataluna',205),(3277,'Comunidad Autonoma de Galicia',205),(3278,'Comunidad Autonoma de las Isla',205),(3279,'Comunidad Autonoma del Princip',205),(3280,'Comunidad Valenciana',205),(3281,'Cordoba',205),(3282,'Cuenca',205),(3283,'Gipuzkoa',205),(3284,'Girona',205),(3285,'Granada',205),(3286,'Guadalajara',205),(3287,'Guipuzcoa',205),(3288,'Huelva',205),(3289,'Huesca',205),(3290,'Jaen',205),(3291,'La Rioja',205),(3292,'Las Palmas',205),(3293,'Leon',205),(3294,'Lerida',205),(3295,'Lleida',205),(3296,'Lugo',205),(3297,'Madrid',205),(3298,'Malaga',205),(3299,'Melilla',205),(3300,'Murcia',205),(3301,'Navarra',205),(3302,'Ourense',205),(3303,'Pais Vasco',205),(3304,'Palencia',205),(3305,'Pontevedra',205),(3306,'Salamanca',205),(3307,'Santa Cruz de Tenerife',205),(3308,'Segovia',205),(3309,'Sevilla',205),(3310,'Soria',205),(3311,'Tarragona',205),(3312,'Tenerife',205),(3313,'Teruel',205),(3314,'Toledo',205),(3315,'Valencia',205),(3316,'Valladolid',205),(3317,'Vizcaya',205),(3318,'Zamora',205),(3319,'Zaragoza',205),(3320,'Amparai',206),(3321,'Anuradhapuraya',206),(3322,'Badulla',206),(3323,'Boralesgamuwa',206),(3324,'Colombo',206),(3325,'Galla',206),(3326,'Gampaha',206),(3327,'Hambantota',206),(3328,'Kalatura',206),(3329,'Kegalla',206),(3330,'Kilinochchi',206),(3331,'Kurunegala',206),(3332,'Madakalpuwa',206),(3333,'Maha Nuwara',206),(3334,'Malwana',206),(3335,'Mannarama',206),(3336,'Matale',206),(3337,'Matara',206),(3338,'Monaragala',206),(3339,'Mullaitivu',206),(3340,'North Eastern Province',206),(3341,'North Western Province',206),(3342,'Nuwara Eliya',206),(3343,'Polonnaruwa',206),(3344,'Puttalama',206),(3345,'Ratnapuraya',206),(3346,'Southern Province',206),(3347,'Tirikunamalaya',206),(3348,'Tuscany',206),(3349,'Vavuniyawa',206),(3350,'Western Province',206),(3351,'Yapanaya',206),(3352,'kadawatha',206),(3353,'A\'ali-an-Nil',207),(3354,'Bahr-al-Jabal',207),(3355,'Central Equatoria',207),(3356,'Gharb Bahr-al-Ghazal',207),(3357,'Gharb Darfur',207),(3358,'Gharb Kurdufan',207),(3359,'Gharb-al-Istiwa\'iyah',207),(3360,'Janub Darfur',207),(3361,'Janub Kurdufan',207),(3362,'Junqali',207),(3363,'Kassala',207),(3364,'Nahr-an-Nil',207),(3365,'Shamal Bahr-al-Ghazal',207),(3366,'Shamal Darfur',207),(3367,'Shamal Kurdufan',207),(3368,'Sharq-al-Istiwa\'iyah',207),(3369,'Sinnar',207),(3370,'Warab',207),(3371,'Wilayat al Khartum',207),(3372,'al-Bahr-al-Ahmar',207),(3373,'al-Buhayrat',207),(3374,'al-Jazirah',207),(3375,'al-Khartum',207),(3376,'al-Qadarif',207),(3377,'al-Wahdah',207),(3378,'an-Nil-al-Abyad',207),(3379,'an-Nil-al-Azraq',207),(3380,'ash-Shamaliyah',207),(3381,'Brokopondo',208),(3382,'Commewijne',208),(3383,'Coronie',208),(3384,'Marowijne',208),(3385,'Nickerie',208),(3386,'Para',208),(3387,'Paramaribo',208),(3388,'Saramacca',208),(3389,'Wanica',208),(3390,'Svalbard',209),(3391,'Hhohho',210),(3392,'Lubombo',210),(3393,'Manzini',210),(3394,'Shiselweni',210),(3395,'Alvsborgs Lan',211),(3396,'Angermanland',211),(3397,'Blekinge',211),(3398,'Bohuslan',211),(3399,'Dalarna',211),(3400,'Gavleborg',211),(3401,'Gaza',211),(3402,'Gotland',211),(3403,'Halland',211),(3404,'Jamtland',211),(3405,'Jonkoping',211),(3406,'Kalmar',211),(3407,'Kristianstads',211),(3408,'Kronoberg',211),(3409,'Norrbotten',211),(3410,'Orebro',211),(3411,'Ostergotland',211),(3412,'Saltsjo-Boo',211),(3413,'Skane',211),(3414,'Smaland',211),(3415,'Sodermanland',211),(3416,'Stockholm',211),(3417,'Uppsala',211),(3418,'Varmland',211),(3419,'Vasterbotten',211),(3420,'Vastergotland',211),(3421,'Vasternorrland',211),(3422,'Vastmanland',211),(3423,'Vastra Gotaland',211),(3424,'Aargau',212),(3425,'Appenzell Inner-Rhoden',212),(3426,'Appenzell-Ausser Rhoden',212),(3427,'Basel-Landschaft',212),(3428,'Basel-Stadt',212),(3429,'Bern',212),(3430,'Canton Ticino',212),(3431,'Fribourg',212),(3432,'Geneve',212),(3433,'Glarus',212),(3434,'Graubunden',212),(3435,'Heerbrugg',212),(3436,'Jura',212),(3437,'Kanton Aargau',212),(3438,'Luzern',212),(3439,'Morbio Inferiore',212),(3440,'Muhen',212),(3441,'Neuchatel',212),(3442,'Nidwalden',212),(3443,'Obwalden',212),(3444,'Sankt Gallen',212),(3445,'Schaffhausen',212),(3446,'Schwyz',212),(3447,'Solothurn',212),(3448,'Thurgau',212),(3449,'Ticino',212),(3450,'Uri',212),(3451,'Valais',212),(3452,'Vaud',212),(3453,'Vauffelin',212),(3454,'Zug',212),(3455,'Zurich',212),(3456,'Aleppo',213),(3457,'Dar\'a',213),(3458,'Dayr-az-Zawr',213),(3459,'Dimashq',213),(3460,'Halab',213),(3461,'Hamah',213),(3462,'Hims',213),(3463,'Idlib',213),(3464,'Madinat Dimashq',213),(3465,'Tartus',213),(3466,'al-Hasakah',213),(3467,'al-Ladhiqiyah',213),(3468,'al-Qunaytirah',213),(3469,'ar-Raqqah',213),(3470,'as-Suwayda',213),(3471,'Changhwa',214),(3472,'Chiayi Hsien',214),(3473,'Chiayi Shih',214),(3474,'Eastern Taipei',214),(3475,'Hsinchu Hsien',214),(3476,'Hsinchu Shih',214),(3477,'Hualien',214),(3478,'Ilan',214),(3479,'Kaohsiung Hsien',214),(3480,'Kaohsiung Shih',214),(3481,'Keelung Shih',214),(3482,'Kinmen',214),(3483,'Miaoli',214),(3484,'Nantou',214),(3485,'Northern Taiwan',214),(3486,'Penghu',214),(3487,'Pingtung',214),(3488,'Taichung',214),(3489,'Taichung Hsien',214),(3490,'Taichung Shih',214),(3491,'Tainan Hsien',214),(3492,'Tainan Shih',214),(3493,'Taipei Hsien',214),(3494,'Taipei Shih / Taipei Hsien',214),(3495,'Taitung',214),(3496,'Taoyuan',214),(3497,'Yilan',214),(3498,'Yun-Lin Hsien',214),(3499,'Yunlin',214),(3500,'Dushanbe',215),(3501,'Gorno-Badakhshan',215),(3502,'Karotegin',215),(3503,'Khatlon',215),(3504,'Sughd',215),(3505,'Arusha',216),(3506,'Dar es Salaam',216),(3507,'Dodoma',216),(3508,'Iringa',216),(3509,'Kagera',216),(3510,'Kigoma',216),(3511,'Kilimanjaro',216),(3512,'Lindi',216),(3513,'Mara',216),(3514,'Mbeya',216),(3515,'Morogoro',216),(3516,'Mtwara',216),(3517,'Mwanza',216),(3518,'Pwani',216),(3519,'Rukwa',216),(3520,'Ruvuma',216),(3521,'Shinyanga',216),(3522,'Singida',216),(3523,'Tabora',216),(3524,'Tanga',216),(3525,'Zanzibar and Pemba',216),(3526,'Amnat Charoen',217),(3527,'Ang Thong',217),(3528,'Bangkok',217),(3529,'Buri Ram',217),(3530,'Chachoengsao',217),(3531,'Chai Nat',217),(3532,'Chaiyaphum',217),(3533,'Changwat Chaiyaphum',217),(3534,'Chanthaburi',217),(3535,'Chiang Mai',217),(3536,'Chiang Rai',217),(3537,'Chon Buri',217),(3538,'Chumphon',217),(3539,'Kalasin',217),(3540,'Kamphaeng Phet',217),(3541,'Kanchanaburi',217),(3542,'Khon Kaen',217),(3543,'Krabi',217),(3544,'Krung Thep',217),(3545,'Lampang',217),(3546,'Lamphun',217),(3547,'Loei',217),(3548,'Lop Buri',217),(3549,'Mae Hong Son',217),(3550,'Maha Sarakham',217),(3551,'Mukdahan',217),(3552,'Nakhon Nayok',217),(3553,'Nakhon Pathom',217),(3554,'Nakhon Phanom',217),(3555,'Nakhon Ratchasima',217),(3556,'Nakhon Sawan',217),(3557,'Nakhon Si Thammarat',217),(3558,'Nan',217),(3559,'Narathiwat',217),(3560,'Nong Bua Lam Phu',217),(3561,'Nong Khai',217),(3562,'Nonthaburi',217),(3563,'Pathum Thani',217),(3564,'Pattani',217),(3565,'Phangnga',217),(3566,'Phatthalung',217),(3567,'Phayao',217),(3568,'Phetchabun',217),(3569,'Phetchaburi',217),(3570,'Phichit',217),(3571,'Phitsanulok',217),(3572,'Phra Nakhon Si Ayutthaya',217),(3573,'Phrae',217),(3574,'Phuket',217),(3575,'Prachin Buri',217),(3576,'Prachuap Khiri Khan',217),(3577,'Ranong',217),(3578,'Ratchaburi',217),(3579,'Rayong',217),(3580,'Roi Et',217),(3581,'Sa Kaeo',217),(3582,'Sakon Nakhon',217),(3583,'Samut Prakan',217),(3584,'Samut Sakhon',217),(3585,'Samut Songkhran',217),(3586,'Saraburi',217),(3587,'Satun',217),(3588,'Si Sa Ket',217),(3589,'Sing Buri',217),(3590,'Songkhla',217),(3591,'Sukhothai',217),(3592,'Suphan Buri',217),(3593,'Surat Thani',217),(3594,'Surin',217),(3595,'Tak',217),(3596,'Trang',217),(3597,'Trat',217),(3598,'Ubon Ratchathani',217),(3599,'Udon Thani',217),(3600,'Uthai Thani',217),(3601,'Uttaradit',217),(3602,'Yala',217),(3603,'Yasothon',217),(3604,'Centre',218),(3605,'Kara',218),(3606,'Maritime',218),(3607,'Plateaux',218),(3608,'Savanes',218),(3609,'Atafu',219),(3610,'Fakaofo',219),(3611,'Nukunonu',219),(3612,'Eua',220),(3613,'Ha\'apai',220),(3614,'Niuas',220),(3615,'Tongatapu',220),(3616,'Vava\'u',220),(3617,'Arima-Tunapuna-Piarco',221),(3618,'Caroni',221),(3619,'Chaguanas',221),(3620,'Couva-Tabaquite-Talparo',221),(3621,'Diego Martin',221),(3622,'Glencoe',221),(3623,'Penal Debe',221),(3624,'Point Fortin',221),(3625,'Port of Spain',221),(3626,'Princes Town',221),(3627,'Saint George',221),(3628,'San Fernando',221),(3629,'San Juan',221),(3630,'Sangre Grande',221),(3631,'Siparia',221),(3632,'Tobago',221),(3633,'Aryanah',222),(3634,'Bajah',222),(3635,'Bin \'Arus',222),(3636,'Binzart',222),(3637,'Gouvernorat de Ariana',222),(3638,'Gouvernorat de Nabeul',222),(3639,'Gouvernorat de Sousse',222),(3640,'Hammamet Yasmine',222),(3641,'Jundubah',222),(3642,'Madaniyin',222),(3643,'Manubah',222),(3644,'Monastir',222),(3645,'Nabul',222),(3646,'Qabis',222),(3647,'Qafsah',222),(3648,'Qibili',222),(3649,'Safaqis',222),(3650,'Sfax',222),(3651,'Sidi Bu Zayd',222),(3652,'Silyanah',222),(3653,'Susah',222),(3654,'Tatawin',222),(3655,'Tawzar',222),(3656,'Tunis',222),(3657,'Zaghwan',222),(3658,'al-Kaf',222),(3659,'al-Mahdiyah',222),(3660,'al-Munastir',222),(3661,'al-Qasrayn',222),(3662,'al-Qayrawan',222),(3663,'Adana',223),(3664,'Adiyaman',223),(3665,'Afyon',223),(3666,'Agri',223),(3667,'Aksaray',223),(3668,'Amasya',223),(3669,'Ankara',223),(3670,'Antalya',223),(3671,'Ardahan',223),(3672,'Artvin',223),(3673,'Aydin',223),(3674,'Balikesir',223),(3675,'Bartin',223),(3676,'Batman',223),(3677,'Bayburt',223),(3678,'Bilecik',223),(3679,'Bingol',223),(3680,'Bitlis',223),(3681,'Bolu',223),(3682,'Burdur',223),(3683,'Bursa',223),(3684,'Canakkale',223),(3685,'Cankiri',223),(3686,'Corum',223),(3687,'Denizli',223),(3688,'Diyarbakir',223),(3689,'Duzce',223),(3690,'Edirne',223),(3691,'Elazig',223),(3692,'Erzincan',223),(3693,'Erzurum',223),(3694,'Eskisehir',223),(3695,'Gaziantep',223),(3696,'Giresun',223),(3697,'Gumushane',223),(3698,'Hakkari',223),(3699,'Hatay',223),(3700,'Icel',223),(3701,'Igdir',223),(3702,'Isparta',223),(3703,'Istanbul',223),(3704,'Izmir',223),(3705,'Kahramanmaras',223),(3706,'Karabuk',223),(3707,'Karaman',223),(3708,'Kars',223),(3709,'Karsiyaka',223),(3710,'Kastamonu',223),(3711,'Kayseri',223),(3712,'Kilis',223),(3713,'Kirikkale',223),(3714,'Kirklareli',223),(3715,'Kirsehir',223),(3716,'Kocaeli',223),(3717,'Konya',223),(3718,'Kutahya',223),(3719,'Lefkosa',223),(3720,'Malatya',223),(3721,'Manisa',223),(3722,'Mardin',223),(3723,'Mugla',223),(3724,'Mus',223),(3725,'Nevsehir',223),(3726,'Nigde',223),(3727,'Ordu',223),(3728,'Osmaniye',223),(3729,'Rize',223),(3730,'Sakarya',223),(3731,'Samsun',223),(3732,'Sanliurfa',223),(3733,'Siirt',223),(3734,'Sinop',223),(3735,'Sirnak',223),(3736,'Sivas',223),(3737,'Tekirdag',223),(3738,'Tokat',223),(3739,'Trabzon',223),(3740,'Tunceli',223),(3741,'Usak',223),(3742,'Van',223),(3743,'Yalova',223),(3744,'Yozgat',223),(3745,'Zonguldak',223),(3746,'Ahal',224),(3747,'Asgabat',224),(3748,'Balkan',224),(3749,'Dasoguz',224),(3750,'Lebap',224),(3751,'Mari',224),(3752,'Grand Turk',225),(3753,'South Caicos and East Caicos',225),(3754,'Funafuti',226),(3755,'Nanumanga',226),(3756,'Nanumea',226),(3757,'Niutao',226),(3758,'Nui',226),(3759,'Nukufetau',226),(3760,'Nukulaelae',226),(3761,'Vaitupu',226),(3762,'Central',227),(3763,'Eastern',227),(3764,'Northern',227),(3765,'Western',227),(3766,'Cherkas\'ka',228),(3767,'Chernihivs\'ka',228),(3768,'Chernivets\'ka',228),(3769,'Crimea',228),(3770,'Dnipropetrovska',228),(3771,'Donets\'ka',228),(3772,'Ivano-Frankivs\'ka',228),(3773,'Kharkiv',228),(3774,'Kharkov',228),(3775,'Khersonska',228),(3776,'Khmel\'nyts\'ka',228),(3777,'Kirovohrad',228),(3778,'Krym',228),(3779,'Kyyiv',228),(3780,'Kyyivs\'ka',228),(3781,'L\'vivs\'ka',228),(3782,'Luhans\'ka',228),(3783,'Mykolayivs\'ka',228),(3784,'Odes\'ka',228),(3785,'Odessa',228),(3786,'Poltavs\'ka',228),(3787,'Rivnens\'ka',228),(3788,'Sevastopol\'',228),(3789,'Sums\'ka',228),(3790,'Ternopil\'s\'ka',228),(3791,'Volyns\'ka',228),(3792,'Vynnyts\'ka',228),(3793,'Zakarpats\'ka',228),(3794,'Zaporizhia',228),(3795,'Zhytomyrs\'ka',228),(3796,'Abu Zabi',229),(3797,'Ajman',229),(3798,'Dubai',229),(3799,'Ras al-Khaymah',229),(3800,'Sharjah',229),(3801,'Sharjha',229),(3802,'Umm al Qaywayn',229),(3803,'al-Fujayrah',229),(3804,'ash-Shariqah',229),(3805,'Aberdeen',230),(3806,'Aberdeenshire',230),(3807,'Argyll',230),(3808,'Armagh',230),(3809,'Bedfordshire',230),(3810,'Belfast',230),(3811,'Berkshire',230),(3812,'Birmingham',230),(3813,'Brechin',230),(3814,'Bridgnorth',230),(3815,'Bristol',230),(3816,'Buckinghamshire',230),(3817,'Cambridge',230),(3818,'Cambridgeshire',230),(3819,'Channel Islands',230),(3820,'Cheshire',230),(3821,'Cleveland',230),(3822,'Co Fermanagh',230),(3823,'Conwy',230),(3824,'Cornwall',230),(3825,'Coventry',230),(3826,'Craven Arms',230),(3827,'Cumbria',230),(3828,'Denbighshire',230),(3829,'Derby',230),(3830,'Derbyshire',230),(3831,'Devon',230),(3832,'Dial Code Dungannon',230),(3833,'Didcot',230),(3834,'Dorset',230),(3835,'Dunbartonshire',230),(3836,'Durham',230),(3837,'East Dunbartonshire',230),(3838,'East Lothian',230),(3839,'East Midlands',230),(3840,'East Sussex',230),(3841,'East Yorkshire',230),(3842,'England',230),(3843,'Essex',230),(3844,'Fermanagh',230),(3845,'Fife',230),(3846,'Flintshire',230),(3847,'Fulham',230),(3848,'Gainsborough',230),(3849,'Glocestershire',230),(3850,'Gwent',230),(3851,'Hampshire',230),(3852,'Hants',230),(3853,'Herefordshire',230),(3854,'Hertfordshire',230),(3855,'Ireland',230),(3856,'Isle Of Man',230),(3857,'Isle of Wight',230),(3858,'Kenford',230),(3859,'Kent',230),(3860,'Kilmarnock',230),(3861,'Lanarkshire',230),(3862,'Lancashire',230),(3863,'Leicestershire',230),(3864,'Lincolnshire',230),(3865,'Llanymynech',230),(3866,'London',230),(3867,'Ludlow',230),(3868,'Manchester',230),(3869,'Mayfair',230),(3870,'Merseyside',230),(3871,'Mid Glamorgan',230),(3872,'Middlesex',230),(3873,'Mildenhall',230),(3874,'Monmouthshire',230),(3875,'Newton Stewart',230),(3876,'Norfolk',230),(3877,'North Humberside',230),(3878,'North Yorkshire',230),(3879,'Northamptonshire',230),(3880,'Northants',230),(3881,'Northern Ireland',230),(3882,'Northumberland',230),(3883,'Nottinghamshire',230),(3884,'Oxford',230),(3885,'Powys',230),(3886,'Roos-shire',230),(3887,'SUSSEX',230),(3888,'Sark',230),(3889,'Scotland',230),(3890,'Scottish Borders',230),(3891,'Shropshire',230),(3892,'Somerset',230),(3893,'South Glamorgan',230),(3894,'South Wales',230),(3895,'South Yorkshire',230),(3896,'Southwell',230),(3897,'Staffordshire',230),(3898,'Strabane',230),(3899,'Suffolk',230),(3900,'Surrey',230),(3901,'Sussex',230),(3902,'Twickenham',230),(3903,'Tyne and Wear',230),(3904,'Tyrone',230),(3905,'Utah',230),(3906,'Wales',230),(3907,'Warwickshire',230),(3908,'West Lothian',230),(3909,'West Midlands',230),(3910,'West Sussex',230),(3911,'West Yorkshire',230),(3912,'Whissendine',230),(3913,'Wiltshire',230),(3914,'Wokingham',230),(3915,'Worcestershire',230),(3916,'Wrexham',230),(3917,'Wurttemberg',230),(3918,'Yorkshire',230),(3919,'Alabama',231),(3920,'Alaska',231),(3921,'Arizona',231),(3922,'Arkansas',231),(3923,'Byram',231),(3924,'California',231),(3925,'Cokato',231),(3926,'Colorado',231),(3927,'Connecticut',231),(3928,'Delaware',231),(3929,'District of Columbia',231),(3930,'Florida',231),(3931,'Georgia',231),(3932,'Hawaii',231),(3933,'Idaho',231),(3934,'Illinois',231),(3935,'Indiana',231),(3936,'Iowa',231),(3937,'Kansas',231),(3938,'Kentucky',231),(3939,'Louisiana',231),(3940,'Lowa',231),(3941,'Maine',231),(3942,'Maryland',231),(3943,'Massachusetts',231),(3944,'Medfield',231),(3945,'Michigan',231),(3946,'Minnesota',231),(3947,'Mississippi',231),(3948,'Missouri',231),(3949,'Montana',231),(3950,'Nebraska',231),(3951,'Nevada',231),(3952,'New Hampshire',231),(3953,'New Jersey',231),(3954,'New Jersy',231),(3955,'New Mexico',231),(3956,'New York',231),(3957,'North Carolina',231),(3958,'North Dakota',231),(3959,'Ohio',231),(3960,'Oklahoma',231),(3961,'Ontario',231),(3962,'Oregon',231),(3963,'Pennsylvania',231),(3964,'Ramey',231),(3965,'Rhode Island',231),(3966,'South Carolina',231),(3967,'South Dakota',231),(3968,'Sublimity',231),(3969,'Tennessee',231),(3970,'Texas',231),(3971,'Trimble',231),(3972,'Utah',231),(3973,'Vermont',231),(3974,'Virginia',231),(3975,'Washington',231),(3976,'West Virginia',231),(3977,'Wisconsin',231),(3978,'Wyoming',231),(3979,'United States Minor Outlying I',232),(3980,'Artigas',233),(3981,'Canelones',233),(3982,'Cerro Largo',233),(3983,'Colonia',233),(3984,'Durazno',233),(3985,'FLorida',233),(3986,'Flores',233),(3987,'Lavalleja',233),(3988,'Maldonado',233),(3989,'Montevideo',233),(3990,'Paysandu',233),(3991,'Rio Negro',233),(3992,'Rivera',233),(3993,'Rocha',233),(3994,'Salto',233),(3995,'San Jose',233),(3996,'Soriano',233),(3997,'Tacuarembo',233),(3998,'Treinta y Tres',233),(3999,'Andijon',234),(4000,'Buhoro',234),(4001,'Buxoro Viloyati',234),(4002,'Cizah',234),(4003,'Fargona',234),(4004,'Horazm',234),(4005,'Kaskadar',234),(4006,'Korakalpogiston',234),(4007,'Namangan',234),(4008,'Navoi',234),(4009,'Samarkand',234),(4010,'Sirdare',234),(4011,'Surhondar',234),(4012,'Toskent',234),(4013,'Malampa',235),(4014,'Penama',235),(4015,'Sanma',235),(4016,'Shefa',235),(4017,'Tafea',235),(4018,'Torba',235),(4019,'Vatican City State (Holy See)',236),(4020,'Amazonas',237),(4021,'Anzoategui',237),(4022,'Apure',237),(4023,'Aragua',237),(4024,'Barinas',237),(4025,'Bolivar',237),(4026,'Carabobo',237),(4027,'Cojedes',237),(4028,'Delta Amacuro',237),(4029,'Distrito Federal',237),(4030,'Falcon',237),(4031,'Guarico',237),(4032,'Lara',237),(4033,'Merida',237),(4034,'Miranda',237),(4035,'Monagas',237),(4036,'Nueva Esparta',237),(4037,'Portuguesa',237),(4038,'Sucre',237),(4039,'Tachira',237),(4040,'Trujillo',237),(4041,'Vargas',237),(4042,'Yaracuy',237),(4043,'Zulia',237),(4044,'Bac Giang',238),(4045,'Binh Dinh',238),(4046,'Binh Duong',238),(4047,'Da Nang',238),(4048,'Dong Bang Song Cuu Long',238),(4049,'Dong Bang Song Hong',238),(4050,'Dong Nai',238),(4051,'Dong Nam Bo',238),(4052,'Duyen Hai Mien Trung',238),(4053,'Hanoi',238),(4054,'Hung Yen',238),(4055,'Khu Bon Cu',238),(4056,'Long An',238),(4057,'Mien Nui Va Trung Du',238),(4058,'Thai Nguyen',238),(4059,'Thanh Pho Ho Chi Minh',238),(4060,'Thu Do Ha Noi',238),(4061,'Tinh Can Tho',238),(4062,'Tinh Da Nang',238),(4063,'Tinh Gia Lai',238),(4064,'Anegada',239),(4065,'Jost van Dyke',239),(4066,'Tortola',239),(4067,'Saint Croix',240),(4068,'Saint John',240),(4069,'Saint Thomas',240),(4070,'Alo',241),(4071,'Singave',241),(4072,'Wallis',241),(4073,'Bu Jaydur',242),(4074,'Wad-adh-Dhahab',242),(4075,'al-\'Ayun',242),(4076,'as-Samarah',242),(4077,'\'Adan',243),(4078,'Abyan',243),(4079,'Dhamar',243),(4080,'Hadramaut',243),(4081,'Hajjah',243),(4082,'Hudaydah',243),(4083,'Ibb',243),(4084,'Lahij',243),(4085,'Ma\'rib',243),(4086,'Madinat San\'a',243),(4087,'Sa\'dah',243),(4088,'Sana',243),(4089,'Shabwah',243),(4090,'Ta\'izz',243),(4091,'al-Bayda',243),(4092,'al-Hudaydah',243),(4093,'al-Jawf',243),(4094,'al-Mahrah',243),(4095,'al-Mahwit',243),(4096,'Central Serbia',244),(4097,'Kosovo and Metohija',244),(4098,'Montenegro',244),(4099,'Republic of Serbia',244),(4100,'Serbia',244),(4101,'Vojvodina',244),(4102,'Central',245),(4103,'Copperbelt',245),(4104,'Eastern',245),(4105,'Luapala',245),(4106,'Lusaka',245),(4107,'North-Western',245),(4108,'Northern',245),(4109,'Southern',245),(4110,'Western',245),(4111,'Bulawayo',246),(4112,'Harare',246),(4113,'Manicaland',246),(4114,'Mashonaland Central',246),(4115,'Mashonaland East',246),(4116,'Mashonaland West',246),(4117,'Masvingo',246),(4118,'Matabeleland North',246),(4119,'Matabeleland South',246),(4120,'Midlands',246);

--
-- Table structure for table `static_data`
--

CREATE TABLE `static_data` (
  `id` bigint unsigned NOT NULL AUTO_INCREMENT,
  `type` varchar(255) COLLATE utf8mb4_unicode_ci DEFAULT NULL,
  `label` varchar(255) COLLATE utf8mb4_unicode_ci DEFAULT NULL,
  `value` varchar(255) COLLATE utf8mb4_unicode_ci DEFAULT NULL,
  `status` tinyint DEFAULT '1',
  `created_at` timestamp NULL DEFAULT NULL,
  `updated_at` timestamp NULL DEFAULT NULL,
  PRIMARY KEY (`id`)
) ENGINE=InnoDB AUTO_INCREMENT=6 DEFAULT CHARSET=utf8mb4 COLLATE=utf8mb4_unicode_ci;

--
-- Dumping data for table `static_data`
--

INSERT INTO `static_data` VALUES (1,'plan_type','Unlimited','unlimited',1,'2022-04-21 12:23:03','2022-04-21 12:23:03'),(2,'plan_type','Limited','limited',1,'2022-04-21 12:23:03','2022-04-21 12:23:03'),(3,'plan_limit_type','Service','service',1,'2022-04-21 12:23:03','2022-04-21 12:23:03'),(4,'plan_limit_type','Handyman','handyman',1,'2022-04-21 12:23:03','2022-04-21 12:23:03'),(5,'plan_limit_type','Featured Service','featured_service',1,'2022-04-21 12:23:03','2022-04-21 12:23:03');

--
-- Table structure for table `sub_categories`
--

CREATE TABLE `sub_categories` (
  `id` bigint unsigned NOT NULL AUTO_INCREMENT,
  `category_id` bigint unsigned NOT NULL,
  `name` varchar(100) COLLATE utf8mb4_unicode_ci DEFAULT NULL,
  `description` text COLLATE utf8mb4_unicode_ci,
  `status` tinyint DEFAULT '1' COMMENT '1- Active , 0- InActive',
  `is_featured` tinyint DEFAULT '0',
  `deleted_at` timestamp NULL DEFAULT NULL,
  `created_at` timestamp NULL DEFAULT NULL,
  `updated_at` timestamp NULL DEFAULT NULL,
  PRIMARY KEY (`id`),
  KEY `sub_categories_category_id_foreign` (`category_id`),
  CONSTRAINT `sub_categories_category_id_foreign` FOREIGN KEY (`category_id`) REFERENCES `categories` (`id`) ON DELETE CASCADE
) ENGINE=InnoDB AUTO_INCREMENT=51 DEFAULT CHARSET=utf8mb4 COLLATE=utf8mb4_unicode_ci;

--
-- Dumping data for table `sub_categories`
--

INSERT INTO `sub_categories` VALUES (1,9,'AC Installation and Setup','Explore step-by-step guides and tips for correctly installing and setting up air conditioning units in various environments, ensuring optimal cooling performance.',1,1,NULL,'2023-09-04 13:08:30','2023-09-04 13:16:02'),(2,9,'AC Maintenance and Cleaning','Learn essential techniques for regular maintenance, cleaning, and upkeep of air conditioning systems to improve efficiency, extend lifespan, and maintain air quality.',1,0,NULL,'2023-09-04 13:09:08','2023-09-04 13:09:08'),(3,21,'Maintenance and Servicing','Keep your vehicle in optimal condition. 🚛🚙',1,1,NULL,'2023-09-04 13:12:12','2023-09-04 13:16:02'),(4,21,'Repairs and Diagnostics','Swift solutions for vehicle issues. 🚒',1,0,NULL,'2023-09-04 13:13:52','2023-09-04 13:13:52'),(5,26,'Furniture Carpentry','Learn the art of crafting functional and aesthetically pleasing furniture pieces through woodworking techniques . 🪚 🔨',1,1,NULL,'2023-09-04 13:15:27','2023-09-04 13:16:06'),(6,26,'Structural Carpentry','Dive into the construction side of carpentry, focusing on building frameworks, roofs, and structural elements for various projects. 🔨',1,0,NULL,'2023-09-04 13:15:57','2023-09-04 13:15:57'),(7,24,'House & Office Cleaning','Comprehensive cleaning solutions for both residential spaces and professional workplaces, ensuring cleanliness and comfort.  🧽🧹🧻',1,1,NULL,'2023-09-04 13:17:55','2023-10-06 11:41:29'),(8,24,'Interior Surface Refresh','Experience thorough cleaning and revitalization with our comprehensive Carpet, Curtain, Ceiling & Upholstery Cleaning services. 🧽🪣🧼',1,1,NULL,'2023-09-04 13:20:37','2023-09-04 13:20:42'),(9,22,'Home Style Cuisine Services','Experience the warmth of home-cooked meals with our Home-style Cuisine Services, offering daily meals and family-style dinners crafted with care. 🍲🫕',1,0,NULL,'2023-09-04 13:24:24','2023-09-04 13:24:24'),(10,22,'International Culinary Specialists','Experience a global gastronomic journey with our International Culinary Specialists, bringing the world\'s flavors to your plate. 🥙🥗🫔🍕🥘',1,0,NULL,'2023-09-04 13:25:04','2023-09-04 13:25:04'),(11,25,'Wiring and Installation','Expert wiring solutions for safety and functionality. 🪛🛠️',1,1,NULL,'2023-09-06 13:32:07','2023-09-06 13:39:44'),(12,25,'Lighting Fixtures','Illuminate your space with our lighting solutions. 🔩🔧',1,0,NULL,'2023-09-06 13:32:57','2023-09-06 13:32:57'),(13,20,'Garden Maintenance','Transform your outdoor space with creative landscape designs. 🌲🪴🥀🌻🌴🌾',1,1,NULL,'2023-09-06 13:35:23','2023-09-11 10:46:11'),(14,20,'Lawn Care','Maintain a lush and healthy lawn with expert care. ⛏️🪴🥀',1,0,NULL,'2023-09-06 13:36:15','2023-09-08 08:10:19'),(15,18,'Interior Painting','Transform your indoor spaces with expert interior painting. 🖌️',1,1,NULL,'2023-09-06 13:38:23','2023-09-06 13:39:41'),(16,18,'Exterior Painting','Renew your property\'s exterior with professional painting. 🖌️',1,0,NULL,'2023-09-06 13:39:34','2023-09-06 13:39:34'),(17,17,'Vedic Rituals','Traditional Vedic rituals for auspicious occasions. 🔥',1,0,NULL,'2023-09-06 13:41:22','2023-09-06 13:41:22'),(18,17,'Astrology Consultation','Insights from experienced astrologers to guide your life\'s journey. 🔯',1,0,NULL,'2023-09-06 13:42:25','2023-09-06 13:43:04'),(19,16,'Biological Control','Embrace environmentally friendly solutions with our biological pest control services. We harness nature\'s predators to combat pests and maintain a balanced ecosystem.🧴',1,0,NULL,'2023-09-08 05:45:04','2023-09-08 05:45:04'),(20,16,'Mechanical Pest Control','Our mechanical pest control solutions provide effective and environmentally friendly methods to keep unwanted pests at bay. We focus on non-chemical techniques to ensure your space remains pest-free.🚿',1,0,NULL,'2023-09-08 05:46:04','2023-09-08 05:46:04'),(21,15,'Portrait Photography','Capture your essence in stunning portraits. 📸',1,1,NULL,'2023-09-08 05:51:45','2023-09-08 05:52:56'),(22,15,'Event Photography','Capture the moments that matter most during your events.📷',1,0,NULL,'2023-09-08 05:52:06','2023-09-08 05:52:06'),(23,23,'Plumbing Repairs','Swift solutions for plumbing issues. 🔧🪛🛠️',1,1,NULL,'2023-09-08 05:59:54','2023-09-08 06:11:39'),(24,23,'Installation and Upgrades','Expert installation and upgrades for plumbing systems. 🪛🛠️',1,0,NULL,'2023-09-08 06:00:39','2023-09-08 06:00:39'),(25,14,'Hair Styling','Transform your look with expert hair styling. ✂️💇🏻',1,1,NULL,'2023-09-08 06:09:51','2023-09-08 06:11:40'),(26,14,'Skin Care and Facials','Rejuvenate your skin with tailored treatments. 🧖‍♀️',1,0,NULL,'2023-09-08 06:10:22','2023-09-08 06:10:22'),(27,13,'Residential Sanitization','Comprehensive sanitization for a hygienic home environment. 🧴',1,1,NULL,'2023-09-08 06:14:35','2023-09-08 06:15:42'),(28,13,'Commercial Sanitization','Professional sanitization for a hygienic workplace. 🚿',1,0,NULL,'2023-09-08 06:15:35','2023-09-08 06:15:35'),(29,12,'Personal Protection','Ensure personal safety with professional security solutions. 👮🏻',1,0,NULL,'2023-09-08 06:24:18','2023-09-08 06:24:18'),(30,12,'Property Security','Safeguard properties with effective security measures. 👮🏻‍♀️',1,0,NULL,'2023-09-08 06:25:09','2023-09-08 06:25:09'),(31,11,'Home Automation','Transform your home with advanced automation. 📱',1,1,NULL,'2023-09-08 07:55:09','2023-09-08 08:24:33'),(32,11,'Entertainment and Media','Elevate your home entertainment experience. 🎥',1,0,NULL,'2023-09-08 07:57:27','2023-09-08 07:57:27'),(33,10,'Clothing Alterations','Perfect fits with expert alterations. 👗👕👖',1,0,NULL,'2023-09-08 07:59:02','2023-09-08 07:59:02'),(34,10,'Custom Clothing','Unique designs tailored just for you. 👘👚🥻',1,0,NULL,'2023-09-08 08:02:37','2023-09-08 08:02:37'),(35,13,'Specialized Sanitization','Tailored sanitization solutions for specific needs. 🧴',1,0,NULL,'2023-09-08 08:03:37','2023-09-08 08:03:37'),(36,18,'Specialty Finishes','Elevate spaces with unique and artistic finishes. 🎨🖌️',1,0,NULL,'2023-09-08 08:06:32','2023-09-08 08:06:32'),(37,19,'Special Garment Care','Tailored care for unique items.  👘👚🥻',1,0,NULL,'2023-09-08 08:07:35','2023-09-08 08:07:35'),(38,19,'Dry Cleaning','Restore elegance and quality to your wardrobe.  👗👔👖',1,0,NULL,'2023-09-08 08:08:41','2023-09-08 08:08:41'),(40,21,'Detailing and Appearance','Enhance your vehicle\'s aesthetics. 🚗',1,0,NULL,'2023-09-08 08:11:19','2023-09-08 08:11:19'),(41,10,'Repairs and Restorations','Extend the life of your favorite garments. 👗👔👖',1,1,NULL,'2023-09-08 08:12:10','2023-09-08 08:19:39'),(42,11,'Security and Surveillance','Enhance your home\'s security with cutting-edge technology. 📹',1,0,NULL,'2023-09-08 08:14:50','2023-09-08 08:14:50'),(43,14,'Nail Care','Enhance your nails with professional care. 💅🏼',1,1,NULL,'2023-09-08 08:15:18','2023-09-08 08:19:40'),(44,23,'Drainage Solutions','Effective solutions for drainage problems. 🛠️🪠',1,0,NULL,'2023-09-08 08:16:19','2023-09-08 08:16:19'),(45,22,'Baking and Pastry','Explore the artistry of flavors and textures with our Baking and Pastry creations, where sweet delights come to life. 🎂🧁',1,1,NULL,'2023-09-08 08:17:07','2023-09-08 08:19:41'),(46,25,'Electrical Troubleshooting','Swift diagnosis and resolution of electrical issues. 🪛🛠️',1,1,NULL,'2023-09-08 08:18:27','2023-09-08 08:19:44'),(47,24,'Deep Cleaning','Revitalize your space with our thorough deep cleaning service. Our expert cleaners target hidden dirt and grime, leaving your surroundings refreshed and rejuvenated. 🧽🧹🧻 🪣🧼',1,0,NULL,'2023-09-08 08:19:27','2023-09-08 08:19:27'),(48,26,'Finish Carpentry','Explore the intricate details of carpentry, including molding, trim work, and fine finishes that add the perfect touch to any woodworking project. 🪚 🔨',1,0,NULL,'2023-09-08 08:21:16','2023-09-08 08:21:16'),(49,9,'AC Troubleshooting and Repairs','Discover troubleshooting methods and solutions to common AC issues, along with guidance on minor repairs, helping you save costs and keep your air conditioner in top working condition. 🪛🛠️',1,1,NULL,'2023-09-08 08:22:02','2023-09-08 08:24:06'),(50,19,'Wash and Fold','Convenience and freshness in every load. 👖👕👗',1,0,NULL,'2023-09-09 07:11:40','2023-09-09 07:11:40');

--
-- Table structure for table `subscription_transactions`
--

CREATE TABLE `subscription_transactions` (
  `id` bigint unsigned NOT NULL AUTO_INCREMENT,
  `subscription_plan_id` bigint unsigned DEFAULT NULL,
  `user_id` bigint DEFAULT NULL,
  `amount` double DEFAULT NULL,
  `payment_type` varchar(100) COLLATE utf8mb4_unicode_ci NOT NULL,
  `txn_id` varchar(100) COLLATE utf8mb4_unicode_ci DEFAULT NULL,
  `payment_status` varchar(20) COLLATE utf8mb4_unicode_ci DEFAULT NULL COMMENT 'pending, paid , failed',
  `other_transaction_detail` text COLLATE utf8mb4_unicode_ci,
  `created_at` timestamp NULL DEFAULT NULL,
  `updated_at` timestamp NULL DEFAULT NULL,
  PRIMARY KEY (`id`),
  KEY `subscription_transactions_subscription_plan_id_foreign` (`subscription_plan_id`),
  CONSTRAINT `subscription_transactions_subscription_plan_id_foreign` FOREIGN KEY (`subscription_plan_id`) REFERENCES `provider_subscriptions` (`id`) ON DELETE CASCADE
) ENGINE=InnoDB DEFAULT CHARSET=utf8mb4 COLLATE=utf8mb4_unicode_ci;

--
-- Dumping data for table `subscription_transactions`
--


--
-- Table structure for table `taxes`
--

CREATE TABLE `taxes` (
  `id` bigint unsigned NOT NULL AUTO_INCREMENT,
  `title` varchar(100) COLLATE utf8mb4_unicode_ci DEFAULT NULL,
  `type` varchar(100) COLLATE utf8mb4_unicode_ci DEFAULT '1' COMMENT 'fixed , percent',
  `value` double DEFAULT NULL,
  `status` tinyint DEFAULT '1' COMMENT '1- Active , 0- InActive',
  `created_at` timestamp NULL DEFAULT NULL,
  `updated_at` timestamp NULL DEFAULT NULL,
  PRIMARY KEY (`id`)
) ENGINE=InnoDB AUTO_INCREMENT=3 DEFAULT CHARSET=utf8mb4 COLLATE=utf8mb4_unicode_ci;

--
-- Dumping data for table `taxes`
--

INSERT INTO `taxes` VALUES (1,'Service Tax','percent',5,1,'2023-09-01 10:06:25','2023-09-01 10:06:25'),(2,'Booking Fee','fixed',4,0,'2023-09-01 10:07:36','2024-10-25 12:29:37');

--
-- Table structure for table `user_favourite_providers`
--

CREATE TABLE `user_favourite_providers` (
  `id` bigint unsigned NOT NULL AUTO_INCREMENT,
  `provider_id` bigint unsigned NOT NULL,
  `user_id` bigint unsigned NOT NULL,
  `created_at` timestamp NULL DEFAULT NULL,
  `updated_at` timestamp NULL DEFAULT NULL,
  PRIMARY KEY (`id`),
  KEY `user_favourite_providers_provider_id_foreign` (`provider_id`),
  KEY `user_favourite_providers_user_id_foreign` (`user_id`),
  CONSTRAINT `user_favourite_providers_provider_id_foreign` FOREIGN KEY (`provider_id`) REFERENCES `users` (`id`) ON DELETE CASCADE,
  CONSTRAINT `user_favourite_providers_user_id_foreign` FOREIGN KEY (`user_id`) REFERENCES `users` (`id`) ON DELETE CASCADE
) ENGINE=InnoDB AUTO_INCREMENT=8 DEFAULT CHARSET=utf8mb4 COLLATE=utf8mb4_unicode_ci;

--
-- Dumping data for table `user_favourite_providers`
--

INSERT INTO `user_favourite_providers` VALUES (1,17,3,'2024-02-05 05:38:49','2024-02-05 05:38:49'),(2,16,3,'2024-02-05 05:39:02','2024-02-05 05:39:02'),(3,14,3,'2024-02-05 05:39:58','2024-02-05 05:39:58'),(4,13,3,'2024-02-05 05:41:27','2024-02-05 05:41:27'),(5,12,3,'2024-02-05 05:42:04','2024-02-05 05:42:04'),(6,4,37,'2024-02-05 05:43:13','2024-02-05 05:43:13'),(7,7,37,'2024-02-05 05:43:42','2024-02-05 05:43:42');

--
-- Table structure for table `user_favourite_services`
--

CREATE TABLE `user_favourite_services` (
  `id` bigint unsigned NOT NULL AUTO_INCREMENT,
  `service_id` bigint unsigned NOT NULL,
  `user_id` bigint unsigned NOT NULL,
  `deleted_at` timestamp NULL DEFAULT NULL,
  `created_at` timestamp NULL DEFAULT NULL,
  `updated_at` timestamp NULL DEFAULT NULL,
  PRIMARY KEY (`id`),
  KEY `user_favourite_services_service_id_foreign` (`service_id`),
  KEY `user_favourite_services_user_id_foreign` (`user_id`),
  CONSTRAINT `user_favourite_services_service_id_foreign` FOREIGN KEY (`service_id`) REFERENCES `services` (`id`) ON DELETE CASCADE,
  CONSTRAINT `user_favourite_services_user_id_foreign` FOREIGN KEY (`user_id`) REFERENCES `users` (`id`) ON DELETE CASCADE
) ENGINE=InnoDB AUTO_INCREMENT=10 DEFAULT CHARSET=utf8mb4 COLLATE=utf8mb4_unicode_ci;

--
-- Dumping data for table `user_favourite_services`
--

INSERT INTO `user_favourite_services` VALUES (1,87,3,NULL,'2024-02-05 04:10:14','2024-02-05 04:10:14'),(2,79,3,NULL,'2024-02-05 04:12:50','2024-02-05 04:12:50'),(3,105,3,NULL,'2024-02-05 04:13:28','2024-02-05 04:13:28'),(4,110,3,NULL,'2024-02-05 04:13:36','2024-02-05 04:13:36'),(5,99,3,NULL,'2024-02-05 04:13:48','2024-02-05 04:13:48'),(6,77,37,NULL,'2024-02-05 04:15:10','2024-02-05 04:15:10'),(7,83,37,NULL,'2024-02-05 04:15:31','2024-02-05 04:15:31'),(8,57,42,NULL,'2024-02-05 04:16:43','2024-02-05 04:16:43'),(9,61,42,NULL,'2024-02-05 04:16:58','2024-02-05 04:16:58');

--
-- Table structure for table `users`
--

CREATE TABLE `users` (
  `id` bigint unsigned NOT NULL AUTO_INCREMENT,
  `username` varchar(255) COLLATE utf8mb4_unicode_ci NOT NULL,
  `first_name` varchar(255) COLLATE utf8mb4_unicode_ci NOT NULL,
  `last_name` varchar(255) COLLATE utf8mb4_unicode_ci NOT NULL,
  `email` varchar(255) COLLATE utf8mb4_unicode_ci NOT NULL,
  `password` varchar(255) COLLATE utf8mb4_unicode_ci NOT NULL,
  `user_type` varchar(255) COLLATE utf8mb4_unicode_ci DEFAULT NULL,
  `contact_number` varchar(255) COLLATE utf8mb4_unicode_ci DEFAULT NULL,
  `country_id` bigint unsigned DEFAULT NULL,
  `state_id` bigint unsigned DEFAULT NULL,
  `city_id` bigint unsigned DEFAULT NULL,
  `provider_id` bigint unsigned DEFAULT NULL,
  `address` text COLLATE utf8mb4_unicode_ci,
  `player_id` varchar(255) COLLATE utf8mb4_unicode_ci DEFAULT NULL,
  `status` tinyint DEFAULT '1',
  `display_name` varchar(255) COLLATE utf8mb4_unicode_ci DEFAULT NULL,
  `providertype_id` bigint unsigned DEFAULT NULL,
  `is_featured` tinyint DEFAULT '0',
  `time_zone` varchar(255) COLLATE utf8mb4_unicode_ci NOT NULL DEFAULT 'UTC',
  `last_notification_seen` timestamp NULL DEFAULT NULL,
  `email_verified_at` timestamp NULL DEFAULT NULL,
  `remember_token` varchar(100) COLLATE utf8mb4_unicode_ci DEFAULT NULL,
  `deleted_at` timestamp NULL DEFAULT NULL,
  `created_at` timestamp NULL DEFAULT NULL,
  `updated_at` timestamp NULL DEFAULT NULL,
  `login_type` varchar(255) COLLATE utf8mb4_unicode_ci DEFAULT NULL,
  `service_address_id` bigint unsigned DEFAULT NULL,
  `uid` varchar(255) COLLATE utf8mb4_unicode_ci DEFAULT NULL,
  `handymantype_id` bigint unsigned DEFAULT NULL,
  `is_subscribe` tinyint DEFAULT '0' COMMENT '1- true , 0- false',
  `social_image` text COLLATE utf8mb4_unicode_ci,
  `is_available` tinyint DEFAULT '0' COMMENT '1- true , 0- false',
  `designation` varchar(255) COLLATE utf8mb4_unicode_ci DEFAULT NULL,
  `last_online_time` time DEFAULT NULL,
  `slots_for_all_services` tinyint DEFAULT '0',
  `known_languages` longtext COLLATE utf8mb4_unicode_ci,
  `skills` longtext COLLATE utf8mb4_unicode_ci,
  `description` longtext COLLATE utf8mb4_unicode_ci,
  `why_choose_me` longtext COLLATE utf8mb4_unicode_ci,
  `is_email_verified` tinyint DEFAULT '0',
  `language_option` varchar(255) COLLATE utf8mb4_unicode_ci NOT NULL DEFAULT 'en',
  PRIMARY KEY (`id`),
  UNIQUE KEY `users_username_unique` (`username`),
  UNIQUE KEY `users_email_unique` (`email`),
  KEY `users_service_address_id_foreign` (`service_address_id`),
  CONSTRAINT `users_service_address_id_foreign` FOREIGN KEY (`service_address_id`) REFERENCES `provider_address_mappings` (`id`) ON DELETE CASCADE
) ENGINE=InnoDB AUTO_INCREMENT=66 DEFAULT CHARSET=utf8mb4 COLLATE=utf8mb4_unicode_ci;

--
-- Dumping data for table `users`
--

INSERT INTO `users` VALUES (1,'admin','Super','Admin','admin@admin.com','$2y$10$MdP2eZLmPFO1MpHK8ci7DeQwHdbMcOKPH9nA2PLV6OTcosezUjHvG','admin','9876543210',38,674,10839,NULL,'Melville, SK, Canada',NULL,1,'Admin Admin',NULL,0,'UTC','2024-10-28 08:03:28',NULL,NULL,NULL,'2021-05-28 15:59:15','2024-10-28 08:03:28',NULL,NULL,NULL,NULL,0,NULL,0,NULL,NULL,0,NULL,NULL,NULL,NULL,1,'en'),(2,'demo_admin','Demo','Admin','demo@admin.com','$2y$10$1Pz/sagMppTX8w3t2vZbgOy1m8dUU4ehg6bpMEMtWChVDDU.e7CI.','demo_admin','4564552664',231,3924,42865,NULL,NULL,NULL,1,'Demo Admin',NULL,0,'UTC',NULL,NULL,NULL,NULL,'2021-05-29 05:40:38',NULL,NULL,NULL,NULL,NULL,0,NULL,0,NULL,NULL,0,NULL,NULL,NULL,NULL,1,'en'),(3,'pedro_norris','Pedro','Norris','demo@user.com','$2y$10$sfHZWSu/9F0ROxuxX4oEPu3ZddK9UURvQSLEC8t.45F0lPXiVR7Vq','user','1-56781289',38,674,10843,NULL,'North Battleford, SK, Canada','02e37223-24ec-45c3-831b-f550af48c816',1,'Pedro Norris',NULL,0,'UTC',NULL,NULL,NULL,NULL,'2021-05-28 12:36:58','2024-11-20 16:02:22',NULL,NULL,'hY0H24apNAMP9iPfcz64J2ft4h93',NULL,0,NULL,0,NULL,NULL,0,NULL,NULL,NULL,'{\"why_choose_me_title\":null,\"why_choose_me_reason\":null}',1,'en'),(4,'felix_harris','Felix','Harris','demo@provider.com','$2y$10$YUekFT1wN7Afqnr6G6CRw.YRx.vJMArD9BgoN8Hd8.NxqdoFzJuBW','provider','1-81289567',38,674,10843,NULL,'North Battleford, SK, Canada','2890cc77-2f48-4f98-b9e0-f867e488d6b0',1,'Felix Harris',1,1,'UTC','2024-10-29 06:54:47',NULL,NULL,NULL,'2021-05-29 05:43:47','2024-11-20 09:10:04',NULL,NULL,'Qd6aFQZk1dSArFrU6WoB09cyyj82',NULL,1,NULL,0,'Manager',NULL,0,'[\"English\",\"Spanish\",\"French\"]','[]','My work is not just a job, but a lifelong passion. With years of experience, I\'ve refined my skills and honed my craft to provide top-quality service to my clients. 😍','{\"why_choose_me_title\":null,\"why_choose_me_reason\":null}',1,'en'),(6,'andrew_rhodes','Andrew','Rhodes','andrew@gmail.com','$2y$10$tua/gsUKOUZ7vCGSlKsw5OZSzwDlkQN/XgjyF9s6hek/0ITIGtDnu','provider','1-8783783872',231,3938,44580,NULL,'Covington, KY, USA','2890cc77-2f48-4f98-b9e0-f867e488d6b0',1,'Andrew Rhodes',1,0,'UTC',NULL,NULL,NULL,NULL,'2023-09-01 13:21:24','2023-10-06 05:52:20',NULL,NULL,NULL,NULL,0,NULL,0,NULL,NULL,0,NULL,NULL,NULL,NULL,0,'en'),(7,'jennifer_perez','Jennifer','Davis','jennifer@gmail.com','$2y$10$aBB6cg/RuOiwJ11T2f4ae.TnqCLu3OcBaVeI4CkUlgmuYEpftxCom','provider','44-5874968574',230,3810,41414,NULL,'Belfast, UK','2890cc77-2f48-4f98-b9e0-f867e488d6b0',1,'Jennifer Davis',2,0,'UTC',NULL,NULL,NULL,NULL,'2023-09-01 13:24:13','2023-09-29 05:49:13',NULL,NULL,NULL,NULL,0,NULL,0,NULL,NULL,0,NULL,NULL,NULL,NULL,0,'en'),(8,'danny_mark','Danny','Mark','danny@gmail.com','$2y$10$ILX0mVs1BJEzlAa5dsmLSOZ/Crh1DRv.g8tFhZAbASDsvNGK4Ia.m','provider','1-66755245',231,3942,44771,NULL,'Cambridge, MD, USA','2890cc77-2f48-4f98-b9e0-f867e488d6b0',1,'Danny Mark',1,0,'UTC',NULL,NULL,NULL,NULL,'2023-09-04 05:29:53','2023-09-30 07:11:39',NULL,NULL,NULL,NULL,0,NULL,0,'Manager',NULL,0,NULL,NULL,NULL,NULL,0,'en'),(9,'kahlil_graham','Kahlil','Graham','kahil@gmail.com','$2y$10$v.lOeLvV18uqk/6CxBa0L.K0vqsg1JRStZz/QnjePzYgMM.l1LhWi','provider','1-5896547896',231,3941,44709,NULL,'Augusta, ME, USA',NULL,1,'Kahlil Graham',1,0,'UTC',NULL,NULL,NULL,NULL,'2023-09-04 05:33:47','2023-09-04 06:28:41',NULL,NULL,NULL,NULL,0,NULL,0,'Manager',NULL,0,NULL,NULL,NULL,NULL,0,'en'),(10,'beverly_mendiz','Beverly','Mendiz','beverly@gmail.com','$2y$10$LAzgmbZORqZR703IUbR8gOs.iKEAcJq19iIAkoykdtwKd2jp0WMGm','provider','1-5285967485',231,3941,44708,NULL,'Auburn, MD, USA',NULL,1,'Beverly Mendiz',1,0,'UTC',NULL,NULL,NULL,NULL,'2023-09-04 05:36:49','2023-09-04 06:31:15',NULL,NULL,NULL,NULL,0,NULL,0,'Manager',NULL,0,NULL,NULL,NULL,NULL,0,'en'),(12,'erik_simon','Erik','Simon','erik@gmail.com','$2y$10$H.5pwyDhf2/dK16.MxHbeujsrxE6fbI8jLuw7ddd8OEm2DevBjUh.','provider','1-6674859612',38,671,10269,NULL,'Ontario, Barrie, Canada','2890cc77-2f48-4f98-b9e0-f867e488d6b0',1,'Erik Simon',1,0,'UTC',NULL,NULL,NULL,NULL,'2023-09-04 05:49:50','2023-09-29 09:35:05',NULL,NULL,NULL,NULL,0,NULL,0,'Manager',NULL,0,NULL,NULL,NULL,NULL,0,'en'),(13,'ricahard_gross','Ricahard','Gross','richard@gmail.com','$2y$10$pFsYVWYVUy4xgInSR0W.AeUPrZxxAXKmmZ9YFezZ5TcDJgCCBLj/.','provider','1-6678454698',38,674,10859,NULL,'Warman, SK, Canada','2890cc77-2f48-4f98-b9e0-f867e488d6b0',1,'Ricahard Gross',2,0,'UTC',NULL,NULL,NULL,NULL,'2023-09-04 05:55:16','2023-09-29 07:59:44',NULL,NULL,NULL,NULL,0,NULL,0,'Manager',NULL,0,NULL,NULL,NULL,NULL,0,'en'),(14,'venesa_shaw','Venesa','Shaw','venesa@gmail.com','$2y$10$I80VYZ3JvoZVnPsOIknFneWQwMd3cgJr4LPTwWMhlsWQoIfTF3R9G','provider','61-85749687',13,265,6571,NULL,'Melbourne, Australia','2890cc77-2f48-4f98-b9e0-f867e488d6b0',1,'Venesa Shaw',1,0,'UTC',NULL,NULL,NULL,NULL,'2023-09-04 05:58:02','2023-09-29 08:32:19',NULL,NULL,NULL,NULL,0,NULL,0,'Manager',NULL,0,NULL,NULL,NULL,NULL,0,'en'),(15,'jorge_perez','Jorge','Perez','jorge@gmail.com','$2y$10$7Rr5Ng9ByqrANjcHEnqjb.wXtsRQNtDYANcXtH9VC//gLUQulEdUm','provider','1-857485745',231,3943,44996,NULL,'New Bedford, MA, USA','2890cc77-2f48-4f98-b9e0-f867e488d6b0',1,'Jorge Perez',1,0,'UTC',NULL,NULL,NULL,NULL,'2023-09-04 06:00:05','2023-09-19 06:43:11',NULL,NULL,NULL,NULL,0,NULL,0,'Manager',NULL,0,NULL,NULL,NULL,NULL,0,'en'),(16,'daniel_wiliams','Daniel','Wiliams','daniel@gmail.com','$2y$10$kww1lz7YUsLcO7POjAQS2ODJAbHrnOlPrN83eSlJhCeJ9/fLbgsPi','provider','63-98512454',13,273,6745,NULL,'Frankston, Victoria, Australia','2890cc77-2f48-4f98-b9e0-f867e488d6b0',1,'Daniel Wiliams',1,0,'UTC',NULL,NULL,NULL,NULL,'2023-09-04 06:05:25','2023-09-29 09:08:06',NULL,NULL,NULL,NULL,0,NULL,0,'Manager',NULL,0,NULL,NULL,NULL,NULL,0,'en'),(17,'katie_brown','Katie','Brown','katie@gmail.com','$2y$10$P0pp.EMJxyoSLSWAFO/cYeP5vCcNdbqNrKLlneXvkx5EQLZ6KrEJm','provider','44-85748545',230,3889,42382,NULL,'Edinburgh, Scotland, UK','2890cc77-2f48-4f98-b9e0-f867e488d6b0',1,'Katie Brown',1,0,'UTC',NULL,NULL,NULL,NULL,'2023-09-04 06:10:38','2023-09-27 11:52:11',NULL,NULL,NULL,NULL,0,NULL,0,'Manager',NULL,0,NULL,NULL,NULL,NULL,0,'en'),(18,'koech_bena','Koech','Bena','koech@gmail.com','$2y$10$RlpnUdNKonSbsKRhXBIl5eeQCIPwUQP5/RAPppn32QrtxwqLCyeKC','handyman','1-66748598',38,665,10206,13,'Manitoba, Carberry, Canada','2890cc77-2f48-4f98-b9e0-f867e488d6b0',1,'Koech Bena',NULL,0,'UTC',NULL,NULL,NULL,NULL,'2023-09-04 07:05:57','2023-10-02 15:11:03',NULL,22,NULL,1,0,NULL,1,NULL,'15:11:03',0,NULL,NULL,NULL,NULL,0,'en'),(19,'hayden_norman','Hayden','Norman','hayden@gmail.com','$2y$10$DC2bhIks0Rcf1.Utb0yACOWqcPwBnxRxDhrOfnr.Jzj7vYwozjZVO','handyman','61-85725623',13,245,6555,14,'Melbourne, Australia','2890cc77-2f48-4f98-b9e0-f867e488d6b0',1,'Hayden Norman',NULL,0,'UTC',NULL,NULL,NULL,NULL,'2023-09-04 10:42:50','2023-10-06 14:58:29',NULL,23,NULL,1,0,NULL,1,NULL,'14:58:29',0,NULL,NULL,NULL,NULL,0,'en'),(20,'robert_martin','Robert','Martin','robertmartin@gmail.com','$2y$10$3fT/QZR3BT1t3Z2kZsU9eO//nMsMZHUexJt3A6XXClNstUKnbggwi','handyman','1-56235263',231,3943,44996,15,'New Bedford, MA, USA','2890cc77-2f48-4f98-b9e0-f867e488d6b0',1,'Robert Martin',NULL,0,'UTC',NULL,NULL,NULL,NULL,'2023-09-04 10:50:17','2023-10-02 18:34:45',NULL,25,NULL,2,0,NULL,1,NULL,'18:34:45',0,NULL,NULL,NULL,NULL,0,'en'),(21,'liam_long','Liam','Long','liam@gmail.com','$2y$10$nLwt4U2rjM5425JldvfokOmPDPEAQwJ/QbeXPK.hzEzsbnTbSNL5O','handyman','1-47859652',231,3942,44819,15,'Greenbelt, MD, USA','2890cc77-2f48-4f98-b9e0-f867e488d6b0',1,'Liam Long',NULL,0,'UTC',NULL,NULL,NULL,NULL,'2023-09-04 10:52:38','2023-10-06 15:31:14',NULL,26,NULL,1,0,NULL,1,NULL,'15:31:14',0,NULL,NULL,NULL,NULL,0,'en'),(22,'bentley_howard','Bentley','Howard','bentley@gmail.com','$2y$10$T0pHosP81MlLVEL1n9YP7uItoqUy.cvVI0e1urvKUYbl0EuidcHTq','handyman','63-41522536',13,273,6745,16,'Frankston, Victoria, Australia','2890cc77-2f48-4f98-b9e0-f867e488d6b0',1,'Bentley Howard',NULL,0,'UTC',NULL,NULL,NULL,NULL,'2023-09-04 10:55:54','2023-10-02 17:04:55',NULL,28,NULL,2,0,NULL,1,NULL,'17:04:55',0,NULL,NULL,NULL,NULL,0,'en'),(23,'gilbert_adams','Gilbert','Adams','gilbert@gmail.com','$2y$10$TByW2/RVr6HWr3noBGgVnu4bvvnIWQZ75HXbd6/4om7a39Szo0gIu','handyman','63-85885698',13,273,6745,16,'Frankston, Victoria, Australia','2890cc77-2f48-4f98-b9e0-f867e488d6b0',1,'Gilbert Adams',NULL,0,'UTC',NULL,NULL,NULL,NULL,'2023-09-04 10:59:03','2023-10-02 17:12:42',NULL,28,NULL,1,0,NULL,1,NULL,'17:12:42',0,NULL,NULL,NULL,NULL,0,'en'),(24,'erica_thomas','Erica','Thomas','ericathomas@gmail.com','$2y$10$Xj.uYyaWha2Jnp0WkJafu.9aXGLhJMwh0iSD/m63XQb5mcdGJSz.e','handyman','44-77885877',230,3889,42382,17,'Edinburgh, Scotland, UK','2890cc77-2f48-4f98-b9e0-f867e488d6b0',1,'Erica Thomas',NULL,0,'UTC','2023-09-12 05:58:50',NULL,NULL,NULL,'2023-09-04 11:02:15','2023-09-30 19:25:25',NULL,29,NULL,1,0,NULL,1,NULL,'19:25:25',0,NULL,NULL,NULL,NULL,0,'en'),(25,'harry_victoria','Harry','Victoria','harry@gmail.com','$2y$10$RRq4Wuz5LmZNmkGJZXj8Gu.Sn7u0DwP2pH6ekCNDJMIgWOoBJwxPy','handyman','1-85748574',38,671,10269,12,'Ontario, Barrie, Canada','2890cc77-2f48-4f98-b9e0-f867e488d6b0',1,'Harry Victoria',NULL,0,'UTC',NULL,NULL,NULL,NULL,'2023-09-04 11:06:16','2023-10-02 18:50:11',NULL,21,NULL,1,0,NULL,1,NULL,'18:50:11',0,NULL,NULL,NULL,NULL,0,'en'),(26,'marry_kom','Marry','Kom','marry@gmail.com','$2y$10$VsPBHTE22IU0TiI0nInxSuVX4Lj1KJmu0JH5w3AsaQY8mTXrGDXD2','handyman','1-44523652',231,3942,44771,8,'Cambridge, MD, USA','2890cc77-2f48-4f98-b9e0-f867e488d6b0',1,'Marry Kom',NULL,0,'UTC',NULL,NULL,NULL,NULL,'2023-09-04 11:09:24','2023-10-02 11:39:39',NULL,14,NULL,1,0,NULL,1,NULL,'11:39:39',0,NULL,NULL,NULL,NULL,0,'en'),(27,'stephen_richey','Stephen','Richey','stephen@gmail.com','$2y$10$pliwuQwr3CcjWhUIjBvKneCER4csPG9rPAAJtFR/3HAr9ZbZokBDq','handyman','44-75586251',230,3810,41414,7,'Belfast, UK','2890cc77-2f48-4f98-b9e0-f867e488d6b0',1,'Stephen Richey',NULL,0,'UTC',NULL,NULL,NULL,NULL,'2023-09-04 11:12:07','2023-10-02 17:29:15',NULL,13,NULL,1,0,NULL,1,NULL,'17:29:15',0,NULL,NULL,NULL,NULL,0,'en'),(28,'robert_benedict','Robert','Benedict','robertbenedict@gmail.com','$2y$10$dDMumAWt8zeI4vZN4ZuBse4bsqurXgEQIMF.siYvdel0MIAkdxnLu','handyman','1-25526232',230,3842,41928,4,'Southampton, England, UK','2890cc77-2f48-4f98-b9e0-f867e488d6b0',1,'Robert Benedict',NULL,0,'UTC','2023-10-02 06:02:20',NULL,NULL,NULL,'2023-09-04 11:15:09','2023-10-02 11:33:48',NULL,1,NULL,1,0,NULL,1,NULL,'11:33:48',0,NULL,NULL,NULL,NULL,0,'en'),(29,'leo_newton','Leo','Newton','leo@gmail.com','$2y$10$st5a0NQsBQ3mLgpUE58iiulcp9sS45sA8i7l7.jw7EIplYejE3k4i','handyman','1-32326522',38,674,10839,4,'Melville, SK, Canada','2890cc77-2f48-4f98-b9e0-f867e488d6b0',1,'Leo Newton',NULL,0,'UTC',NULL,NULL,NULL,NULL,'2023-09-04 11:17:01','2023-10-02 10:59:09',NULL,2,NULL,1,0,NULL,1,NULL,'10:59:09',0,NULL,NULL,NULL,NULL,0,'en'),(30,'dan_gordon','Dan','Gordon','dan@gmail.com','$2y$10$v/v/JbBQLTMAFbWV5uqmzed/1MCVV4.g/1xRlgmY2U2J/mA.xodRS','handyman','61-85956523',13,273,6771,4,'Melbourne, Victoria, Australia',NULL,1,'Dan Gordon',NULL,0,'UTC',NULL,NULL,NULL,NULL,'2023-09-04 11:19:49','2023-09-04 11:19:49',NULL,5,NULL,1,0,NULL,0,NULL,NULL,0,NULL,NULL,NULL,NULL,0,'en'),(31,'brian_shaw','Brian','Shaw','brian@gmail.com','$2y$10$s54CFI7IItNWNaTCQ1CxoufGjcFQjiFFDNIs4iyhPWQsKfeMUoMbi','handyman','61-53623325',13,269,6600,4,'Brisbane, Queensland, Australia','2890cc77-2f48-4f98-b9e0-f867e488d6b0',1,'Brian Shaw',NULL,0,'UTC',NULL,NULL,NULL,NULL,'2023-09-04 11:22:15','2023-09-30 11:22:04',NULL,6,NULL,1,0,NULL,1,NULL,'11:22:04',0,NULL,NULL,NULL,NULL,0,'en'),(32,'ebenzer_tipox','Ebenzer','Tipox','ebenzer@gmail.com','$2y$10$JZu3pcQykjMo70HfnvyhCOZqFaGaQheYkzUhZIVH4lYeJMyy9iDA6','handyman','1-44748566',231,3938,44574,4,'Ashland, KY, USA','2890cc77-2f48-4f98-b9e0-f867e488d6b0',1,'Ebenzer Tipox',NULL,0,'UTC',NULL,NULL,NULL,NULL,'2023-09-04 11:56:09','2023-10-02 15:02:11',NULL,3,NULL,1,0,NULL,1,NULL,'15:02:11',0,NULL,NULL,NULL,NULL,0,'en'),(33,'parsa_evana','Parsa','Evana','parsa@gmail.com','$2y$10$uiSKfXbBm2r.Vb040jNNouzYGiw8LRWWkVtIGtkxAj84dWCAiU.ne','handyman','61-66589547',13,273,6771,4,'Melbourne, Australia','2890cc77-2f48-4f98-b9e0-f867e488d6b0',1,'Parsa Evana',NULL,0,'UTC','2023-09-30 06:15:16',NULL,NULL,NULL,'2023-09-04 11:59:59','2023-10-02 11:27:28',NULL,5,NULL,1,0,NULL,1,NULL,'11:27:28',0,NULL,NULL,NULL,NULL,0,'en'),(34,'erica_mendiz','Erica','Mendiz','ericamendiz@gmail.com','$2y$10$weieC9DteOFA5wGBOO.PkOq/Jymi0DchZn4f4Q5B7i72xY3bg9UWK','handyman','61-33253256',13,269,6600,4,'Brisbane, Queensland, Australia','2890cc77-2f48-4f98-b9e0-f867e488d6b0',1,'Erica Mendiz',NULL,0,'UTC',NULL,NULL,NULL,NULL,'2023-09-04 12:04:08','2023-10-02 15:05:07',NULL,6,NULL,1,0,NULL,1,NULL,'15:05:07',0,NULL,NULL,NULL,NULL,0,'en'),(35,'jacky_sam','Jacky','Sam','jacky@gmail.com','$2y$10$i16cGCdYcEzuBwJt9/S7y.MzdJpGGAY9lo1zI0G4sn3hrWhK11OOK','handyman','1-632266589',38,674,10865,4,'Yorkton, SK, Canada','2890cc77-2f48-4f98-b9e0-f867e488d6b0',1,'Jacky Sam',NULL,0,'UTC',NULL,NULL,NULL,NULL,'2023-09-04 12:06:23','2023-10-02 15:22:27',NULL,7,NULL,1,0,NULL,1,NULL,'15:22:27',0,NULL,NULL,NULL,NULL,0,'en'),(36,'chrysta_ellis','Chrysta','Ellis','chrysta@gmail.com','$2y$10$J/eN27HU92yrmW.Jqn1GJuvdqFh8FdFcvrkJSRfcmyldLbP6uSz8e','handyman','1-32525263',38,674,10843,4,'North Battleford, SK, Canada','2890cc77-2f48-4f98-b9e0-f867e488d6b0',1,'Chrysta Ellis',NULL,0,'UTC','2023-09-30 05:48:47',NULL,NULL,NULL,'2023-09-04 12:15:46','2023-10-03 17:53:21',NULL,1,NULL,1,0,NULL,1,NULL,'17:53:21',0,NULL,NULL,NULL,NULL,0,'en'),(37,'david_thomas','David','Thomas','david@gmail.com','$2y$10$RHjTWMV2gZ4c1NDnCdlXtON3d9PzAzw.KcXGWmrXm6uTrTnJ396bW','user','1-45887837',231,3938,44580,NULL,'Covington, KY, USA','02e37223-24ec-45c3-831b-f550af48c816',1,'David Thomas',NULL,0,'UTC',NULL,NULL,NULL,NULL,'2023-09-05 06:11:12','2023-10-05 06:44:16',NULL,NULL,NULL,NULL,0,NULL,0,NULL,NULL,0,NULL,NULL,NULL,NULL,0,'en'),(38,'alexa_ellis','Alexa','Ellis','alexa@gmail.com','$2y$10$Ndln9u.uAqMRKQ1xiDyJOuBNGru5crvnX7KuhkN8YxxDpZ0qary/K','user','61-49687857',13,265,6571,NULL,'Melbourne, Australia','02e37223-24ec-45c3-831b-f550af48c816',1,'Alexa Ellis',NULL,0,'UTC',NULL,NULL,NULL,NULL,'2023-09-05 06:32:23','2023-10-03 11:54:07',NULL,NULL,NULL,NULL,0,NULL,0,NULL,NULL,0,NULL,NULL,NULL,NULL,0,'en'),(39,'justin_worn','Justin','Worn','justin@gmail.com','$2y$10$syRqI.clWmeogXHiBkIM/OIOaHN/b6y/hfPguNIbND.NE7X8kGiAu','user','1-66766455',231,3942,44771,NULL,'Cambridge, MD, USA','02e37223-24ec-45c3-831b-f550af48c816',1,'Justin Worn',NULL,0,'UTC',NULL,NULL,NULL,NULL,'2023-09-05 06:48:55','2023-10-05 06:11:15',NULL,NULL,NULL,NULL,0,NULL,0,NULL,NULL,0,NULL,NULL,NULL,NULL,0,'en'),(40,'joseph_harris','Joseph','Harris','joseph@gmail.com','$2y$10$Z9gjR9zt3QMaq.4pj/AuOuLjMi5sFbX7qo76bKTad6ooup251SYl.','user','1-25526232',38,674,10843,NULL,'North Battleford, SK, Canada','02e37223-24ec-45c3-831b-f550af48c816',1,'Joseph Harris',NULL,0,'UTC',NULL,NULL,NULL,NULL,'2023-09-05 06:57:40','2023-10-03 11:52:07',NULL,NULL,NULL,NULL,0,NULL,0,NULL,NULL,0,NULL,NULL,NULL,NULL,0,'en'),(41,'sunny_francis','Sunny','Francis','sunny@gmail.com','$2y$10$3wwZlvtkze.r1Uy/ZqYb9eD75QE3.yQJz4ClfatC5LqJ3nhqCwPXa','user','63-65223232',13,273,6745,NULL,'Frnakston, Victoria, Australia','02e37223-24ec-45c3-831b-f550af48c816',1,'Sunny Francis',NULL,0,'UTC',NULL,NULL,NULL,NULL,'2023-09-05 07:11:20','2023-10-03 11:55:16',NULL,NULL,NULL,NULL,0,NULL,0,NULL,NULL,0,NULL,NULL,NULL,NULL,0,'en'),(42,'tracy_jones','Tracy','Jones','tracy@gmail.com','$2y$10$nODIM8qsP1PACLO/29KqXuAlieq59rbgzua9olgaLtNU8RN61S9Iy','user','1-44748566',231,3938,44574,NULL,'Ashland, KY, USA','02e37223-24ec-45c3-831b-f550af48c816',1,'Tracy Jones',NULL,0,'UTC',NULL,NULL,NULL,NULL,'2023-09-05 07:21:59','2023-10-03 11:56:18',NULL,NULL,NULL,NULL,0,NULL,0,NULL,NULL,0,NULL,NULL,NULL,NULL,0,'en'),(43,'brenda_moody','Brenda','Moody','brenda@gmail.com','$2y$10$1IZkdwUmxtL8jBN1Hztn3eAmdOTRRatYkF30pEDf8MPhM4JtCoRaa','user','1-632266589',38,674,10865,NULL,'Yorkton, SK, Canada','02e37223-24ec-45c3-831b-f550af48c816',1,'Brenda Moody',NULL,0,'UTC',NULL,NULL,NULL,NULL,'2023-09-05 10:41:22','2023-10-05 08:15:42',NULL,NULL,NULL,NULL,0,NULL,0,NULL,NULL,0,NULL,NULL,NULL,NULL,0,'en'),(44,'stella_green','Stella','Green','stella@gmail.com','$2y$10$oS836ituj.4G7LiHDYJaFuTZHJ77q7dJbRjJmLZyTDvM.k5pUWWSG','user','1-52625232',38,674,10843,NULL,'North Battleford, SK, Canada','02e37223-24ec-45c3-831b-f550af48c816',1,'Stella Green',NULL,0,'UTC',NULL,NULL,NULL,NULL,'2023-09-05 10:56:37','2023-10-05 10:02:25',NULL,NULL,NULL,NULL,0,NULL,0,NULL,NULL,0,NULL,NULL,NULL,NULL,0,'en'),(45,'pedra_daniel','Pedra','Daniel','pedra@gmail.com','$2y$10$nQA2Y8WobJv7jBi5fSAtwOMQA/BhjGjc7rHJPKiohjcTDQsj5mELm','user','1-74885574',38,671,10269,NULL,'Ontario, Barrie, Canada','02e37223-24ec-45c3-831b-f550af48c816',1,'Pedra Daniel',NULL,0,'UTC',NULL,NULL,NULL,NULL,'2023-09-05 11:49:41','2023-10-05 09:57:10',NULL,NULL,NULL,NULL,0,NULL,0,NULL,NULL,0,NULL,NULL,NULL,NULL,0,'en'),(46,'milar_green','Milar','Green','milar@gmail.com','$2y$10$BZT6JKSThCCUyUZpKxorhev92U/wGicMAQFVNT8NbnbMPNTPMdjJq','user','1-85966748',38,665,10206,NULL,'Manitoba, Carberry, Canada','02e37223-24ec-45c3-831b-f550af48c816',1,'Milar Green',NULL,0,'UTC',NULL,NULL,NULL,NULL,'2023-09-05 12:07:39','2023-10-03 13:13:05',NULL,NULL,NULL,NULL,0,NULL,0,NULL,NULL,0,NULL,NULL,NULL,NULL,0,'en'),(47,'lisa_doe','Lisa','Doe','lisa@gmail.com','$2y$10$dQT4U3C4/sEMNxsU8VrexeMsP3a3wRfXTsiA94nLwLGYXCpP2M9FK','user','44-58777887',230,3889,42382,NULL,'Edinburgh, Scotland, UK','02e37223-24ec-45c3-831b-f550af48c816',1,'Lisa Doe',NULL,0,'UTC',NULL,NULL,NULL,NULL,'2023-09-05 12:38:49','2023-10-03 13:09:06',NULL,NULL,NULL,NULL,0,NULL,0,NULL,NULL,0,NULL,NULL,NULL,NULL,0,'en'),(48,'joy_hanry','Joy','Hanry','joy@gmail.com','$2y$10$WywIP0aPRFvWhcD2/hJiQ.fNgPiniBSubY0FwUFnzf8ibu/k6QUK6','user','1-55226253',38,671,10269,NULL,'Ontario, Barrie, Canada','02e37223-24ec-45c3-831b-f550af48c816',1,'Joy Hanry',NULL,0,'UTC',NULL,NULL,NULL,NULL,'2023-09-05 12:42:51','2023-10-03 12:37:11',NULL,NULL,NULL,NULL,0,NULL,0,NULL,NULL,0,NULL,NULL,NULL,NULL,0,'en'),(49,'diana_norris','Diana','Norris','diana@gmail.com','$2y$10$8iNF2o62F2xuVuWdUwxubOY2BUuDGqGwe60.GeD9sDSKSOp2Lf7ha','user','1-63256255',38,674,10843,NULL,'North Battleford, SK, Canada','02e37223-24ec-45c3-831b-f550af48c816',1,'Diana Norris',NULL,0,'UTC',NULL,NULL,NULL,NULL,'2023-09-05 12:56:34','2023-10-02 13:46:45',NULL,NULL,NULL,NULL,0,NULL,0,NULL,NULL,0,NULL,NULL,NULL,NULL,0,'en'),(50,'andy_potter','Andy','Potter','andy@gmail.com','$2y$10$Ew5Zkf26LeI/WEkXoAaLp.wNRlG65rMTLBiAxvdilpeejfpCZch4G','user','1-44785478',38,674,10839,NULL,'Melville, SK, Canada','02e37223-24ec-45c3-831b-f550af48c816',1,'Andy Potter',NULL,0,'UTC',NULL,NULL,NULL,NULL,'2023-09-05 13:08:57','2023-10-03 12:13:42',NULL,NULL,NULL,NULL,0,NULL,0,NULL,NULL,0,NULL,NULL,NULL,NULL,0,'en'),(51,'john_doe','John','Doe','demo@handyman.com','$2y$10$jdMg/U3V6wm2xOOz2Cq/GuTx022mKwcgpmnxeLOVPZ63c5ell7mIa','handyman','1-98574658',38,674,10843,4,'North Battleford, SK, Canada','2890cc77-2f48-4f98-b9e0-f867e488d6b0',1,'John Doe',NULL,0,'UTC','2023-10-06 09:58:28',NULL,NULL,NULL,'2023-09-09 08:07:23','2024-10-29 06:55:39',NULL,1,'sb2Wu7vw2jWeTly9xHIVizbfen33',1,0,NULL,1,NULL,'06:55:37',0,NULL,NULL,'I take immense pride in my work as a handyman, and my experience speaks to the love I have for what I do. Each task is an opportunity to showcase my skills and dedication. 😍','{\"why_choose_me_title\":null,\"why_choose_me_reason\":null}',0,'en'),(53,'antonio_griffin','Antonio','Griffin','antonio@gmail.com','$2y$10$JD6HSZpATP545bm0AHyYW.EHc9tgM7rEkEHq3BtD/kJtcl/C9ZGuy','provider','1-63521452',38,674,10843,NULL,'North Battleford, SK, Canada',NULL,0,'Antonio Griffin',1,0,'UTC',NULL,NULL,NULL,NULL,'2023-09-25 07:49:34','2023-09-25 08:02:08',NULL,NULL,NULL,NULL,0,NULL,0,NULL,NULL,0,NULL,NULL,NULL,NULL,0,'en'),(54,'adam_parry','Adam','Parry','adam@gmail.com','$2y$10$DRQgUdYfjltlHW2GH2GC4uro87DegkuVN6zNbDUIyX.JHazmMLBQi','handyman','1-36251842',NULL,NULL,NULL,NULL,NULL,NULL,0,'Adam Parry',NULL,0,'UTC',NULL,NULL,NULL,NULL,'2023-10-04 09:38:17','2023-10-04 09:38:17',NULL,NULL,NULL,1,0,NULL,0,NULL,NULL,0,NULL,NULL,NULL,NULL,0,'en'),(55,'richard_miller','Richard','Miller','richardmiller@gmail.com','$2y$10$5YeojrCORF6RKwAEQz9W3.peaeU7sipzFU4q6zkzUhsjL.3xY49SO','handyman','61-52142536',NULL,NULL,NULL,NULL,NULL,NULL,0,'Richard Miller',NULL,0,'UTC',NULL,NULL,NULL,NULL,'2023-10-04 09:39:11','2023-10-04 09:39:11',NULL,NULL,NULL,2,0,NULL,0,NULL,NULL,0,NULL,NULL,NULL,NULL,0,'en'),(56,'tina_francis','Tina','Francis','tina@gmail.com','$2y$10$ATRzPMB2mVeDVP1RE2BtU.3OrKO5H/6nI09UJ63OTTBU6doK.Lay.','handyman','44-52632235',NULL,NULL,NULL,NULL,NULL,NULL,0,'Tina Francis',NULL,0,'UTC',NULL,NULL,NULL,NULL,'2023-10-04 09:40:02','2023-10-04 09:40:02',NULL,NULL,NULL,1,0,NULL,0,NULL,NULL,0,NULL,NULL,NULL,NULL,0,'en'),(57,'ralph_stanley','Ralph','Stanley','ralph@gmail.com','$2y$10$XEYpxuZSQ2VBdmTM58.0XufyVSmu.q2JwShOmXghj1X.2QjdceS0m','handyman','1-52552356',NULL,NULL,NULL,NULL,NULL,NULL,0,'Ralph Stanley',NULL,0,'UTC',NULL,NULL,NULL,NULL,'2023-10-04 09:40:49','2023-10-04 09:40:49',NULL,NULL,NULL,2,0,NULL,0,NULL,NULL,0,NULL,NULL,NULL,NULL,0,'en'),(58,'julion_foster','Julion','Foster','julion@gmail.com','$2y$10$zXdZhSbTUVK/7Pb9UDa1cuJ5clT/BWy6ZoE5GKfNtCaMa3rnao5Ye','provider','1-75545214',38,671,10269,NULL,'Ontario, Barrie, Canada',NULL,0,'Julion Foster',1,0,'UTC',NULL,NULL,NULL,NULL,'2023-10-13 05:41:24','2023-10-13 05:47:40',NULL,NULL,NULL,NULL,0,NULL,0,NULL,NULL,0,NULL,NULL,NULL,NULL,0,'en'),(59,'cynthia_gross','Cynthia','Gross','cynthia@gmail.com','$2y$10$tnJ8Ij6BioNFUXk1swRAnucRjhQFme0XB/6te1kglsph9Xid5qTcO','provider','1-52235478',38,674,10859,NULL,'Warman, SK, Canada',NULL,0,'Cynthia Gross',2,0,'UTC',NULL,NULL,NULL,NULL,'2023-10-13 05:44:51','2023-10-13 05:48:11',NULL,NULL,NULL,NULL,0,NULL,0,NULL,NULL,0,NULL,NULL,NULL,NULL,0,'en'),(60,'ruth_fletcher','Ruth','Fletcher','ruth@gmail.com','$2y$10$lImTYfppudBQO4j9LkNn1OVbfjX.WLCMJVim8XnwLBKPvSmtOBNiW','provider','1-24478563',231,3943,44996,NULL,'New Bedford, MA, USA',NULL,0,'Ruth Fletcher',1,0,'UTC',NULL,NULL,NULL,NULL,'2023-10-13 05:50:37','2023-10-13 05:51:29',NULL,NULL,NULL,NULL,0,NULL,0,NULL,NULL,0,NULL,NULL,NULL,NULL,0,'en'),(61,'help1','help1','help1Last','help1@helpster.com','$2y$10$FVPfGOsh8ELqZx4451M5O.GXlZWqt7OLCuEwWA7BWYz0CxTzyyOli','provider','0421778373',101,1,1,NULL,NULL,NULL,1,'help1 help1Last',2,0,'UTC','2024-11-20 05:23:38',NULL,'zQQ4FhdTqGHaTwvGHKC3cjjHk0szM31dfn5lLD5Covzz5aArJWtVo7fdEO2Z',NULL,'2024-10-31 23:23:35','2024-11-21 08:03:54',NULL,NULL,'grmVEHZ1Cxg107wNt9HhuJiAwpD3',NULL,0,NULL,0,NULL,NULL,0,NULL,NULL,NULL,'{\"why_choose_me_title\":null,\"why_choose_me_reason\":null}',0,'en'),(62,'brendonrice','Brendon','Brendon','brendon.rice@gmail.com','$2y$10$X85EADehWQHoHAGg4OGJkOKKdiQNaHErVa8VeQSwelwHugsgoY3Uq','user',NULL,NULL,NULL,NULL,NULL,NULL,NULL,1,'Brendon Brendon',NULL,0,'UTC',NULL,NULL,NULL,NULL,'2024-11-03 00:21:57','2024-11-03 00:22:00','google',NULL,'Gw6eNgsUBRfefFcUvUhwyssoAMo1',NULL,0,'https://lh3.googleusercontent.com/a/ACg8ocIWEwDYf_mz5H45uXbWqCAxpbBWWKLKj-IQbM44mN5tw72cS9E=s96-c',0,NULL,NULL,0,NULL,NULL,NULL,'{\"why_choose_me_title\":null,\"why_choose_me_reason\":null}',0,'en'),(63,'help','Help2','Help','help2@helpster.com','$2y$10$FVPfGOsh8ELqZx4451M5O.GXlZWqt7OLCuEwWA7BWYz0CxTzyyOli','user','91-0421778373',NULL,NULL,NULL,NULL,NULL,NULL,1,'Help2 Help',NULL,0,'UTC',NULL,'2024-11-04 04:15:22',NULL,NULL,'2024-11-04 04:14:15','2024-11-21 06:29:44','user',NULL,'SMKG2q6gblXUxJYRB93t5dCxn0u2',NULL,0,NULL,0,NULL,NULL,0,NULL,NULL,NULL,'{\"why_choose_me_title\":null,\"why_choose_me_reason\":null}',1,'en'),(64,'ndjdjd','Help3','Help','help3@helpster.com','$2y$10$KrKtLklJ/ogzZ7GiIxcq6uW6Tpfq6HJ3R5ufqq7jPF.UD9TRbCtiq','user','91-045757664',NULL,NULL,NULL,NULL,NULL,NULL,1,'Help3 Help',NULL,0,'UTC',NULL,'2024-11-04 04:27:21',NULL,NULL,'2024-11-04 04:26:16','2024-11-04 04:28:12','user',NULL,'k1yhT0qzyBbCswLm2S0cbE3A51x1',NULL,0,NULL,0,NULL,NULL,0,NULL,NULL,NULL,'{\"why_choose_me_title\":null,\"why_choose_me_reason\":null}',1,'en'),(65,'0421778373','Brendo','Help','brendonrice@gmail.com','0421778373','mobile','61-0421778373',0,0,0,NULL,'40 Gum Street, Warner QLD, Australia',NULL,1,'Brendo Help',NULL,0,'UTC','2024-11-20 05:21:58','2024-11-18 10:13:47',NULL,NULL,'2024-11-18 10:09:13','2024-11-20 05:21:58','mobile',NULL,'cHY2Ksa4hSSpouvYukJmiSL3NsT2',NULL,0,NULL,0,NULL,NULL,0,NULL,NULL,NULL,'{\"why_choose_me_title\":null,\"why_choose_me_reason\":null}',1,'en');

--
-- Table structure for table `wallet_histories`
--

CREATE TABLE `wallet_histories` (
  `id` bigint unsigned NOT NULL AUTO_INCREMENT,
  `user_id` bigint DEFAULT NULL,
  `datetime` timestamp NULL DEFAULT NULL,
  `activity_type` varchar(255) COLLATE utf8mb4_unicode_ci DEFAULT NULL,
  `activity_message` text COLLATE utf8mb4_unicode_ci,
  `activity_data` text COLLATE utf8mb4_unicode_ci,
  `created_at` timestamp NULL DEFAULT NULL,
  `updated_at` timestamp NULL DEFAULT NULL,
  PRIMARY KEY (`id`)
) ENGINE=InnoDB AUTO_INCREMENT=46 DEFAULT CHARSET=utf8mb4 COLLATE=utf8mb4_unicode_ci;

--
-- Dumping data for table `wallet_histories`
--

INSERT INTO `wallet_histories` VALUES (1,39,'2023-09-05 06:50:51','update_wallet','Wallet top-up with $1000.00','{\"title\":\"Justin Worn\",\"user_id\":39,\"provider_name\":\"\",\"amount\":1000}','2023-09-05 06:50:51','2023-09-05 06:50:51'),(2,38,'2023-09-05 06:51:21','update_wallet','Wallet top-up with $900.00','{\"title\":\"Alexa Ellis\",\"user_id\":38,\"provider_name\":\"\",\"amount\":900}','2023-09-05 06:51:21','2023-09-05 06:51:21'),(3,37,'2023-09-05 06:51:37','update_wallet','Wallet top-up with $1000.00','{\"title\":\"David Thomas\",\"user_id\":37,\"provider_name\":\"\",\"amount\":1000}','2023-09-05 06:51:37','2023-09-05 06:51:37'),(4,3,'2023-09-05 06:54:24','add_wallet','Wallet added with amount $1000.00','{\"title\":\"Pedro Norris\",\"user_id\":3,\"provider_name\":\"\",\"amount\":1000}','2023-09-05 06:54:24','2023-09-05 06:54:24'),(5,40,'2023-09-05 07:03:23','update_wallet','Wallet top-up with $901.00','{\"title\":\"Joseph Harris User Wallet\",\"user_id\":40,\"provider_name\":\"\",\"amount\":901}','2023-09-05 07:03:23','2023-09-05 07:03:23'),(6,40,'2023-09-05 07:03:30','update_wallet','Wallet top-up with $900.00','{\"title\":\"Joseph Harris User Wallet\",\"user_id\":40,\"provider_name\":\"\",\"amount\":900}','2023-09-05 07:03:30','2023-09-05 07:03:30'),(7,3,'2023-09-05 07:03:39','update_wallet','Wallet top-up with $1000.00','{\"title\":\"Pedro Norris User Wallet\",\"user_id\":3,\"provider_name\":\"\",\"amount\":1000}','2023-09-05 07:03:39','2023-09-05 07:03:39'),(8,39,'2023-09-05 07:03:46','update_wallet','Wallet top-up with $1000.00','{\"title\":\"Justin Worn User Wallet\",\"user_id\":39,\"provider_name\":\"\",\"amount\":1000}','2023-09-05 07:03:46','2023-09-05 07:03:46'),(9,38,'2023-09-05 07:03:53','update_wallet','Wallet top-up with $900.00','{\"title\":\"Alexa Ellis User Wallet\",\"user_id\":38,\"provider_name\":\"\",\"amount\":900}','2023-09-05 07:03:53','2023-09-05 07:03:53'),(10,37,'2023-09-05 07:03:59','update_wallet','Wallet top-up with $1000.00','{\"title\":\"David Thomas User Wallet\",\"user_id\":37,\"provider_name\":\"\",\"amount\":1000}','2023-09-05 07:03:59','2023-09-05 07:03:59'),(11,41,'2023-09-05 07:17:26','update_wallet','Wallet top-up with $1000.00','{\"title\":\"Sunny Francis User Wallet\",\"user_id\":41,\"provider_name\":\"\",\"amount\":1000}','2023-09-05 07:17:26','2023-09-05 07:17:26'),(12,16,'2023-09-05 07:17:45','update_wallet','Wallet top-up with $900.00','{\"title\":\"Daniel Wiliams Provider Wallet\",\"user_id\":16,\"provider_name\":\"\",\"amount\":900}','2023-09-05 07:17:45','2023-09-05 07:17:45'),(13,4,'2023-09-05 07:17:54','update_wallet','Wallet top-up with $2000.00','{\"title\":\"Felix Harris Provider Wallet\",\"user_id\":4,\"provider_name\":\"\",\"amount\":2000}','2023-09-05 07:17:54','2023-09-05 07:17:54'),(14,4,'2023-09-05 07:18:27','update_wallet','Wallet top-up with $1000.00','{\"title\":\"Felix Harris Provider Wallet\",\"user_id\":4,\"provider_name\":\"\",\"amount\":1000}','2023-09-05 07:18:27','2023-09-05 07:18:27'),(15,37,'2023-09-05 07:18:40','update_wallet','Wallet top-up with $1000.00','{\"title\":\"David Thomas User Wallet\",\"user_id\":37,\"provider_name\":\"\",\"amount\":1000}','2023-09-05 07:18:40','2023-09-05 07:18:40'),(16,4,'2023-09-05 07:19:24','update_wallet','Wallet top-up with $5000.00','{\"title\":\"Felix Harris Provider Wallet\",\"user_id\":4,\"provider_name\":\"\",\"amount\":5000}','2023-09-05 07:19:24','2023-09-05 07:19:24'),(17,37,'2023-09-05 07:19:32','update_wallet','Wallet top-up with $12000.00','{\"title\":\"David Thomas User Wallet\",\"user_id\":37,\"provider_name\":\"\",\"amount\":12000}','2023-09-05 07:19:32','2023-09-05 07:19:32'),(18,41,'2023-09-05 07:22:18','update_wallet','Wallet top-up with $2000.00','{\"title\":\"Sunny Francis User Wallet\",\"user_id\":41,\"provider_name\":\"\",\"amount\":2000}','2023-09-05 07:22:18','2023-09-05 07:22:18'),(19,42,'2023-09-05 07:28:56','update_wallet','Wallet top-up with $500.00','{\"title\":\"Tracy Jones User Wallet\",\"user_id\":42,\"provider_name\":\"\",\"amount\":500}','2023-09-05 07:28:56','2023-09-05 07:28:56'),(20,43,'2023-09-05 03:08:25','update_wallet','Wallet top-up with $1000.00','{\"title\":\"Brenda Moody User Wallet\",\"user_id\":43,\"provider_name\":\"\",\"amount\":1000}','2023-09-05 03:08:25','2023-09-05 03:08:25'),(21,15,'2023-09-05 03:09:28','update_wallet','Wallet top-up with $500.00','{\"title\":\"Jorge Perez Provider Wallet\",\"user_id\":15,\"provider_name\":\"\",\"amount\":500}','2023-09-05 03:09:28','2023-09-05 03:09:28'),(22,37,'2023-09-05 03:09:51','update_wallet','Wallet top-up with $1200.00','{\"title\":\"David Thomas User Wallet\",\"user_id\":37,\"provider_name\":\"\",\"amount\":1200}','2023-09-05 03:09:51','2023-09-05 03:09:51'),(23,4,'2023-09-05 03:10:20','update_wallet','Wallet top-up with $20.00','{\"title\":\"Felix Harris Provider Wallet\",\"user_id\":4,\"provider_name\":\"\",\"amount\":20}','2023-09-05 03:10:20','2023-09-05 03:10:20'),(24,37,'2023-09-05 03:11:45','add_wallet','Wallet added with amount $1000.00','{\"title\":\"David Thomas User Wallet\",\"user_id\":37,\"provider_name\":\"\",\"amount\":1000}','2023-09-05 03:11:45','2023-09-05 03:11:45'),(25,44,'2023-09-05 03:42:24','update_wallet','Wallet top-up with $800.00','{\"title\":\"Stella Green\",\"user_id\":44,\"provider_name\":\"\",\"amount\":800}','2023-09-05 03:42:24','2023-09-05 03:42:24'),(26,17,'2023-09-05 03:42:36','update_wallet','Wallet top-up with $1000.00','{\"title\":\"Katie Brown\",\"user_id\":17,\"provider_name\":\"\",\"amount\":1000}','2023-09-05 03:42:36','2023-09-05 03:42:36'),(27,17,'2023-09-05 03:45:44','update_wallet','Wallet top-up with $1000.00','{\"title\":\"Katie Brown Provider Wallet\",\"user_id\":17,\"provider_name\":\"\",\"amount\":1000}','2023-09-05 03:45:44','2023-09-05 03:45:44'),(28,4,'2023-09-05 03:47:13','add_wallet','Wallet added with amount $1000.00','{\"title\":\"Felix Harris Provider Wallet\",\"user_id\":4,\"provider_name\":\"\",\"amount\":1000}','2023-09-05 03:47:13','2023-09-05 03:47:13'),(29,45,'2023-09-05 03:59:19','update_wallet','Wallet top-up with $1000.00','{\"title\":\"Pedra Danlel User Wallet\",\"user_id\":45,\"provider_name\":\"\",\"amount\":1000}','2023-09-05 03:59:19','2023-09-05 03:59:19'),(30,46,'2023-09-05 04:34:48','update_wallet','Wallet top-up with $800.00','{\"title\":\"Milar Green User Wallet\",\"user_id\":46,\"provider_name\":\"\",\"amount\":800}','2023-09-05 04:34:48','2023-09-05 04:34:48'),(31,48,'2023-09-05 05:15:26','update_wallet','Wallet top-up with $500.00','{\"title\":\"Joy Hanry User Wallet\",\"user_id\":48,\"provider_name\":\"\",\"amount\":500}','2023-09-05 05:15:26','2023-09-05 05:15:26'),(32,47,'2023-09-05 05:15:37','update_wallet','Wallet top-up with $700.00','{\"title\":\"Lisa Deo User Wallet\",\"user_id\":47,\"provider_name\":\"\",\"amount\":700}','2023-09-05 05:15:37','2023-09-05 05:15:37'),(33,49,'2023-09-05 05:15:50','update_wallet','Wallet top-up with $900.00','{\"title\":\"Diana Norris User Wallet\",\"user_id\":49,\"provider_name\":\"\",\"amount\":900}','2023-09-05 05:15:50','2023-09-05 05:15:50'),(34,50,'2023-09-05 05:16:02','update_wallet','Wallet top-up with $1000.00','{\"title\":\"Andy Potter User Wallet\",\"user_id\":50,\"provider_name\":\"\",\"amount\":1000}','2023-09-05 05:16:02','2023-09-05 05:16:02'),(35,12,'2023-09-10 21:24:11','update_wallet','Wallet top-up with $1000.00','{\"title\":\"Erik Simon Provider Wallet\",\"user_id\":12,\"provider_name\":\"\",\"amount\":1000}','2023-09-10 21:24:11','2023-09-10 21:24:11'),(36,3,'2023-09-29 15:07:20','update_wallet','Wallet top-up with $1000.00','{\"title\":\"Pedro Norris User Wallet\",\"user_id\":3,\"provider_name\":\"\",\"amount\":1000}','2023-09-29 15:07:20','2023-09-29 15:07:20'),(37,15,'2023-09-29 15:12:01','update_wallet','Wallet top-up with $100.00','{\"title\":\"Jorge Perez Provider Wallet\",\"user_id\":15,\"provider_name\":\"\",\"amount\":100}','2023-09-29 15:12:01','2023-09-29 15:12:01'),(38,3,'2023-10-02 19:37:12','wallet_top_up','Wallet top-up with $2246.43','{\"title\":\"Pedro Norris User Wallet\",\"user_id\":3,\"provider_name\":\"\",\"amount\":2246.4285,\"transaction_id\":null,\"transaction_type\":null}','2023-10-02 19:37:12','2023-10-02 19:37:12'),(39,12,'2023-10-06 11:26:05','wallet_payout_transfer','Wallet Payout :value','{\"title\":\"Erik Simon Provider Wallet\",\"user_id\":12,\"provider_name\":\"\",\"amount\":935}','2023-10-06 11:26:05','2023-10-06 11:26:05'),(40,3,'2024-10-28 09:32:51','paid_for_booking','Paid For Booking #235','{\"title\":\"Pedro Norris User Wallet\",\"user_id\":3,\"amount\":1973.6284999999998,\"credit_debit_amount\":226.61,\"transaction_type\":\"Debit\"}','2024-10-28 09:32:51','2024-10-28 09:32:51'),(41,3,'2024-10-28 09:33:27','wallet_refund','Refund From Booking #235','{\"title\":\"Pedro Norris User Wallet\",\"user_id\":3,\"amount\":2200.2385,\"credit_debit_amount\":226.61,\"transaction_type\":\"Credit\"}','2024-10-28 09:33:27','2024-10-28 09:33:27'),(42,3,'2024-10-28 10:35:57','paid_for_booking','Paid For Booking #237','{\"title\":\"Pedro Norris User Wallet\",\"user_id\":3,\"amount\":1973.6284999999998,\"credit_debit_amount\":226.61,\"transaction_type\":\"Debit\"}','2024-10-28 10:35:57','2024-10-28 10:35:57'),(43,3,'2024-10-28 10:37:35','paid_for_booking','Paid For Booking #236','{\"title\":\"Pedro Norris User Wallet\",\"user_id\":3,\"amount\":1747.0185000000001,\"credit_debit_amount\":226.61,\"transaction_type\":\"Debit\"}','2024-10-28 10:37:35','2024-10-28 10:37:35'),(44,3,'2024-10-28 10:45:52','paid_for_booking','Paid For Booking #236','{\"title\":\"Pedro Norris User Wallet\",\"user_id\":3,\"amount\":1747.0185,\"credit_debit_amount\":0,\"transaction_type\":\"Debit\"}','2024-10-28 10:45:52','2024-10-28 10:45:52'),(45,3,'2024-10-28 12:58:31','paid_for_booking','Paid For Booking #239','{\"title\":\"Pedro Norris User Wallet\",\"user_id\":3,\"amount\":1520.4085,\"credit_debit_amount\":226.61,\"transaction_type\":\"Debit\"}','2024-10-28 12:58:31','2024-10-28 12:58:31');

--
-- Table structure for table `wallets`
--

CREATE TABLE `wallets` (
  `id` bigint unsigned NOT NULL AUTO_INCREMENT,
  `title` text COLLATE utf8mb4_unicode_ci,
  `user_id` bigint unsigned DEFAULT NULL,
  `amount` double DEFAULT NULL,
  `status` tinyint DEFAULT '1' COMMENT '1- Active , 0- InActive',
  `created_at` timestamp NULL DEFAULT NULL,
  `updated_at` timestamp NULL DEFAULT NULL,
  PRIMARY KEY (`id`),
  KEY `wallets_user_id_foreign` (`user_id`),
  CONSTRAINT `wallets_user_id_foreign` FOREIGN KEY (`user_id`) REFERENCES `users` (`id`) ON DELETE CASCADE
) ENGINE=InnoDB AUTO_INCREMENT=33 DEFAULT CHARSET=utf8mb4 COLLATE=utf8mb4_unicode_ci;

--
-- Dumping data for table `wallets`
--

INSERT INTO `wallets` VALUES (4,'Alexa Ellis User Wallet',38,1732.15,1,'2023-09-05 06:36:30','2023-10-05 06:36:59'),(5,'Justin Worn User Wallet',39,1951.9,1,'2023-09-05 06:49:20','2023-10-05 06:14:54'),(6,'Pedro Norris User Wallet',3,1520.4085,1,'2023-09-05 06:54:24','2024-10-28 07:28:31'),(7,'Joseph Harris User Wallet',40,1761.3,1,'2023-09-05 06:58:14','2023-10-05 06:09:07'),(8,'Sunny Francis User Wallet',41,3002.367,1,'2023-09-05 07:11:34','2023-09-05 10:38:33'),(9,'Daniel Wiliams Provider Wallet',16,900,1,'2023-09-05 07:13:43','2023-09-05 07:17:45'),(10,'Tracy Jones User Wallet',42,462.4,1,'2023-09-05 07:22:48','2023-10-05 10:16:08'),(11,'Jorge Perez Provider Wallet',15,600,1,'2023-09-05 07:44:51','2023-09-29 09:42:01'),(12,'Brenda Moody User Wallet',43,961.9,1,'2023-09-05 10:41:35','2023-10-05 08:18:49'),(13,'Katie Brown Provider Wallet',17,2000,1,'2023-09-05 10:44:12','2023-09-05 11:45:44'),(14,'Stella Green User Wallet',44,761.01,1,'2023-09-05 10:56:53','2023-10-05 10:07:14'),(15,'David Thomas User Wallet',37,965.55,1,'2023-09-05 11:11:45','2023-10-05 06:50:32'),(16,'Felix Harris Provider Wallet',4,1000,1,'2023-09-05 11:47:13','2023-09-05 11:47:13'),(17,'Pedra Danlel User Wallet',45,983.4,1,'2023-09-05 11:49:49','2023-10-05 10:12:15'),(18,'Milar Green User Wallet',46,734.8,1,'2023-09-05 12:08:04','2023-10-05 09:20:38'),(19,'Joy Hanry User Wallet',48,482.711,1,'2023-09-05 12:42:58','2023-10-03 13:04:34'),(20,'Lisa Deo User Wallet',47,663.87,1,'2023-09-05 12:49:25','2023-10-05 08:12:09'),(21,'Diana Norris User Wallet',49,900,1,'2023-09-05 12:56:45','2023-09-05 13:15:50'),(22,'Andy Potter User Wallet',50,948.75,1,'2023-09-05 13:09:46','2023-10-03 12:16:33'),(23,'Erik Simon Provider Wallet',12,935,1,'2023-09-06 05:06:20','2023-10-06 05:56:05'),(24,'Antonio Griffin',53,1050,1,'2023-09-25 07:49:35','2023-09-25 07:49:35'),(25,'Jennifer Davis',7,725,1,'2023-09-29 05:49:06','2023-09-29 05:49:06'),(26,'Ricahard Gross',13,851,1,'2023-09-29 07:59:37','2023-09-29 07:59:37'),(27,'Venesa Shaw',14,965,1,'2023-09-29 08:32:13','2023-09-29 08:32:13'),(28,'Danny Mark',8,880,1,'2023-09-30 07:11:34','2023-09-30 07:11:34'),(29,'Andrew Rhodes',6,960,1,'2023-10-06 05:52:15','2023-10-06 05:52:15'),(30,'help1 help1Last',61,0,1,'2024-10-31 23:31:48','2024-10-31 23:31:48'),(31,'Help2 Help',63,0,1,'2024-11-04 04:15:57','2024-11-04 04:15:57'),(32,'Help3 Help',64,0,1,'2024-11-04 04:28:09','2024-11-04 04:28:09');


